{"id":533,"date":"2020-03-15T15:09:13","date_gmt":"2020-03-15T15:09:13","guid":{"rendered":"http:\/\/www.ogrodnick.pl\/word\/?page_id=533"},"modified":"2020-03-20T13:37:11","modified_gmt":"2020-03-20T13:37:11","slug":"klokoczka-poludniowa-staphylea-pinnata","status":"publish","type":"page","link":"https:\/\/www.ogrodnick.pl\/word\/klokoczka-poludniowa-staphylea-pinnata\/","title":{"rendered":"K\u0142okoczka po\u0142udniowa (Staphylea pinnata)"},"content":{"rendered":"\n<div class=\"wp-block-group alignfull\"><div class=\"wp-block-group__inner-container is-layout-flow wp-block-group-is-layout-flow\">\n<p>K\u0142okoczka po\u0142udniowa&nbsp;(<em>Staphylea pinnata)<\/em> jest nasza, polska!! Na naturalnych stanowiskach najliczniej wyst\u0119puje w okolicy Przemy\u015bla, podlega&nbsp;\u015bcis\u0142ej ochronie.<br>Poza tym, mo\u017cna j\u0105 spotka\u0107 na po\u0142udniu Europy i w Azji Mniejszej.<\/p>\n<\/div><\/div>\n\n\n\n<div class=\"wp-block-columns alignfull is-layout-flex wp-container-core-columns-is-layout-9d6595d7 wp-block-columns-is-layout-flex\">\n<div class=\"wp-block-column is-layout-flow wp-block-column-is-layout-flow\">\n<p><strong>OPIS:<br><\/strong>&nbsp;&nbsp;&nbsp;Krzew do 3-4 metr\u00f3w wysoko\u015bci o wyprostowanych p\u0119dach pokrytych jasn\u0105 kor\u0105. Mn\u00f3stwo bia\u0142ych, lekko zar\u00f3\u017cowionych kwiatk\u00f3w zebranych w grona d\u0142ugo\u015bci do 12 cm ukazuje si\u0119 w maju. (Podobne do konwalii, dlatego k\u0142okoczka czasem bywa nazywana &#8222;drzewiast\u0105 konwali\u0105&#8221;)&nbsp;<br>&nbsp;&nbsp;&nbsp;Owocami k\u0142okoczki s\u0105 4-centymetrowe, jasnozielone torebki z jasnobr\u0105zowymi 8 mm \u015brednicy nasionami. Bardzo dekoracyjne, opadaj\u0105 troch\u0119 po opadni\u0119ciu li\u015bci<br>Na stronie &nbsp;<a href=\"http:\/\/www.atlas-roslin.pl\/gatunki\/Staphylea_pinnata.htm\">www.atlas-roslin.pl\/gatunki\/Staphylea_pinnata.htm<\/a>&nbsp;mog\u0105 Pa\u0144stwo zobaczy\u0107 wi\u0119cej zdj\u0119\u0107.<br>&nbsp;&nbsp;&nbsp;Dawniej k\u0142okoczka by\u0142a uwa\u017cana za ro\u015blin\u0119 magiczn\u0105, otaczana na wsi kultem. W niekt\u00f3rych rejonach by\u0142a przy domu obowi\u0105zkowa &#8211; chroni\u0142a przed ogniem, urokiem, zaraz\u0105 i gradobiciem. U\u017cywano jej w obrz\u0119dach religijnych, z nasion (b\u0142yszcz\u0105ce i bardzo twarde, przez wiele lat nie zmieniaj\u0105 koloru) wyrabiano r\u00f3\u017ca\u0144ce.&nbsp;<br>&nbsp;&nbsp;&nbsp;Pra\u017cone nasiona s\u0105 jadalne i smaczne &#8211; smakuj\u0105 jak pistacje. W Niemczech mo\u017cna kupi\u0107 k\u0142okoczkowe nalewki i likiery.<\/p>\n<\/div>\n\n\n\n<div class=\"wp-block-column is-layout-flow wp-block-column-is-layout-flow\">\n<div class=\"wp-block-image\"><figure class=\"aligncenter size-large\"><img loading=\"lazy\" decoding=\"async\" width=\"500\" height=\"357\" src=\"https:\/\/www.ogrodnick.pl\/word\/wp-content\/uploads\/2020\/03\/staphylea_pinnata_jesien.jpg\" alt=\"\" class=\"wp-image-966\" srcset=\"https:\/\/www.ogrodnick.pl\/word\/wp-content\/uploads\/2020\/03\/staphylea_pinnata_jesien.jpg 500w, https:\/\/www.ogrodnick.pl\/word\/wp-content\/uploads\/2020\/03\/staphylea_pinnata_jesien-300x214.jpg 300w\" sizes=\"auto, (max-width: 500px) 100vw, 500px\" \/><\/figure><\/div>\n<\/div>\n<\/div>\n\n\n\n<div class=\"wp-block-columns alignfull is-layout-flex wp-container-core-columns-is-layout-9d6595d7 wp-block-columns-is-layout-flex\">\n<div class=\"wp-block-column is-layout-flow wp-block-column-is-layout-flow\">\n<p><strong>UPRAWA:<\/strong><br>&nbsp;&nbsp;&nbsp;Odporna na susz\u0119, mo\u017ce rosn\u0105\u0107 na stanowiskach s\u0142onecznych lub w cieniu. Dobrze ro\u015bnie r\u00f3wnie\u017c na glebach p\u0142ytkich, skalistych. Nie choruje, szkodniki jej zjadaj\u0105.<\/p>\n<\/div>\n\n\n\n<div class=\"wp-block-column is-layout-flow wp-block-column-is-layout-flow\">\n<div class=\"wp-block-image\"><figure class=\"aligncenter size-large\"><img loading=\"lazy\" decoding=\"async\" width=\"500\" height=\"342\" src=\"https:\/\/www.ogrodnick.pl\/word\/wp-content\/uploads\/2020\/03\/staphylea_pinnata_kwiatki.jpg\" alt=\"\" class=\"wp-image-967\" srcset=\"https:\/\/www.ogrodnick.pl\/word\/wp-content\/uploads\/2020\/03\/staphylea_pinnata_kwiatki.jpg 500w, https:\/\/www.ogrodnick.pl\/word\/wp-content\/uploads\/2020\/03\/staphylea_pinnata_kwiatki-300x205.jpg 300w\" sizes=\"auto, (max-width: 500px) 100vw, 500px\" \/><\/figure><\/div>\n<\/div>\n<\/div>\n\n\n\n<div class=\"wp-block-image\"><figure class=\"aligncenter size-large\"><img loading=\"lazy\" decoding=\"async\" width=\"500\" height=\"391\" src=\"https:\/\/www.ogrodnick.pl\/word\/wp-content\/uploads\/2020\/03\/staphylea_pinnata_owoce.jpg\" alt=\"\" class=\"wp-image-968\" srcset=\"https:\/\/www.ogrodnick.pl\/word\/wp-content\/uploads\/2020\/03\/staphylea_pinnata_owoce.jpg 500w, https:\/\/www.ogrodnick.pl\/word\/wp-content\/uploads\/2020\/03\/staphylea_pinnata_owoce-300x235.jpg 300w\" sizes=\"auto, (max-width: 500px) 100vw, 500px\" \/><\/figure><\/div>\n","protected":false},"excerpt":{"rendered":"<p>K\u0142okoczka po\u0142udniowa&nbsp;(Staphylea pinnata) jest nasza, polska!! Na naturalnych stanowiskach najliczniej wyst\u0119puje w okolicy Przemy\u015bla, podlega&nbsp;\u015bcis\u0142ej ochronie.Poza tym, mo\u017cna j\u0105 spotka\u0107 na po\u0142udniu Europy i w Azji Mniejszej. OPIS:&nbsp;&nbsp;&nbsp;Krzew do 3-4 metr\u00f3w wysoko\u015bci o wyprostowanych p\u0119dach pokrytych jasn\u0105 kor\u0105. Mn\u00f3stwo bia\u0142ych, lekko zar\u00f3\u017cowionych kwiatk\u00f3w zebranych w grona d\u0142ugo\u015bci do 12 cm ukazuje si\u0119 w maju. (Podobne [&hellip;]<\/p>\n","protected":false},"author":1,"featured_media":0,"parent":0,"menu_order":0,"comment_status":"closed","ping_status":"closed","template":"","meta":{"footnotes":""},"class_list":["post-533","page","type-page","status-publish","hentry"],"_links":{"self":[{"href":"https:\/\/www.ogrodnick.pl\/word\/wp-json\/wp\/v2\/pages\/533","targetHints":{"allow":["GET"]}}],"collection":[{"href":"https:\/\/www.ogrodnick.pl\/word\/wp-json\/wp\/v2\/pages"}],"about":[{"href":"https:\/\/www.ogrodnick.pl\/word\/wp-json\/wp\/v2\/types\/page"}],"author":[{"embeddable":true,"href":"https:\/\/www.ogrodnick.pl\/word\/wp-json\/wp\/v2\/users\/1"}],"replies":[{"embeddable":true,"href":"https:\/\/www.ogrodnick.pl\/word\/wp-json\/wp\/v2\/comments?post=533"}],"version-history":[{"count":2,"href":"https:\/\/www.ogrodnick.pl\/word\/wp-json\/wp\/v2\/pages\/533\/revisions"}],"predecessor-version":[{"id":1052,"href":"https:\/\/www.ogrodnick.pl\/word\/wp-json\/wp\/v2\/pages\/533\/revisions\/1052"}],"wp:attachment":[{"href":"https:\/\/www.ogrodnick.pl\/word\/wp-json\/wp\/v2\/media?parent=533"}],"curies":[{"name":"wp","href":"https:\/\/api.w.org\/{rel}","templated":true}]}}

Kłokoczka południowa (Staphylea pinnata)

<div class="wp-block-group alignfull"><div class="wp-block-group__inner-container is-layout-flow wp-block-group-is-layout-flow">
<p>Kłokoczka południowa&nbsp;(<em>Staphylea pinnata)</em> jest nasza, polska!! Na naturalnych stanowiskach najliczniej występuje w okolicy Przemyśla, podlega&nbsp;ścisłej ochronie.<br>Poza tym, można ją spotkać na południu Europy i w Azji Mniejszej.</p>
</div></div>



<div class="wp-block-columns alignfull is-layout-flex wp-container-core-columns-is-layout-9d6595d7 wp-block-columns-is-layout-flex">
<div class="wp-block-column is-layout-flow wp-block-column-is-layout-flow">
<p><strong>OPIS:<br></strong>&nbsp;&nbsp;&nbsp;Krzew do 3-4 metrów wysokości o wyprostowanych pędach pokrytych jasną korą. Mnóstwo białych, lekko zaróżowionych kwiatków zebranych w grona długości do 12 cm ukazuje się w maju. (Podobne do konwalii, dlatego kłokoczka czasem bywa nazywana &#8222;drzewiastą konwalią&#8221;)&nbsp;<br>&nbsp;&nbsp;&nbsp;Owocami kłokoczki są 4-centymetrowe, jasnozielone torebki z jasnobrązowymi 8 mm średnicy nasionami. Bardzo dekoracyjne, opadają trochę po opadnięciu liści<br>Na stronie &nbsp;<a href="http://www.atlas-roslin.pl/gatunki/Staphylea_pinnata.htm">www.atlas-roslin.pl/gatunki/Staphylea_pinnata.htm</a>&nbsp;mogą Państwo zobaczyć więcej zdjęć.<br>&nbsp;&nbsp;&nbsp;Dawniej kłokoczka była uważana za roślinę magiczną, otaczana na wsi kultem. W niektórych rejonach była przy domu obowiązkowa &#8211; chroniła przed ogniem, urokiem, zarazą i gradobiciem. Używano jej w obrzędach religijnych, z nasion (błyszczące i bardzo twarde, przez wiele lat nie zmieniają koloru) wyrabiano różańce.&nbsp;<br>&nbsp;&nbsp;&nbsp;Prażone nasiona są jadalne i smaczne &#8211; smakują jak pistacje. W Niemczech można kupić kłokoczkowe nalewki i likiery.</p>
</div>



<div class="wp-block-column is-layout-flow wp-block-column-is-layout-flow">
<div class="wp-block-image"><figure class="aligncenter size-large"><img loading="lazy" decoding="async" width="500" height="357" src="https://www.ogrodnick.pl/word/wp-content/uploads/2020/03/staphylea_pinnata_jesien.jpg" alt="" class="wp-image-966" srcset="https://www.ogrodnick.pl/word/wp-content/uploads/2020/03/staphylea_pinnata_jesien.jpg 500w, https://www.ogrodnick.pl/word/wp-content/uploads/2020/03/staphylea_pinnata_jesien-300x214.jpg 300w" sizes="auto, (max-width: 500px) 100vw, 500px" /></figure></div>
</div>
</div>



<div class="wp-block-columns alignfull is-layout-flex wp-container-core-columns-is-layout-9d6595d7 wp-block-columns-is-layout-flex">
<div class="wp-block-column is-layout-flow wp-block-column-is-layout-flow">
<p><strong>UPRAWA:</strong><br>&nbsp;&nbsp;&nbsp;Odporna na suszę, może rosnąć na stanowiskach słonecznych lub w cieniu. Dobrze rośnie również na glebach płytkich, skalistych. Nie choruje, szkodniki jej zjadają.</p>
</div>



<div class="wp-block-column is-layout-flow wp-block-column-is-layout-flow">
<div class="wp-block-image"><figure class="aligncenter size-large"><img loading="lazy" decoding="async" width="500" height="342" src="https://www.ogrodnick.pl/word/wp-content/uploads/2020/03/staphylea_pinnata_kwiatki.jpg" alt="" class="wp-image-967" srcset="https://www.ogrodnick.pl/word/wp-content/uploads/2020/03/staphylea_pinnata_kwiatki.jpg 500w, https://www.ogrodnick.pl/word/wp-content/uploads/2020/03/staphylea_pinnata_kwiatki-300x205.jpg 300w" sizes="auto, (max-width: 500px) 100vw, 500px" /></figure></div>
</div>
</div>



<div class="wp-block-image"><figure class="aligncenter size-large"><img loading="lazy" decoding="async" width="500" height="391" src="https://www.ogrodnick.pl/word/wp-content/uploads/2020/03/staphylea_pinnata_owoce.jpg" alt="" class="wp-image-968" srcset="https://www.ogrodnick.pl/word/wp-content/uploads/2020/03/staphylea_pinnata_owoce.jpg 500w, https://www.ogrodnick.pl/word/wp-content/uploads/2020/03/staphylea_pinnata_owoce-300x235.jpg 300w" sizes="auto, (max-width: 500px) 100vw, 500px" /></figure></div>

<p>Kłokoczka południowa&nbsp;(Staphylea pinnata) jest nasza, polska!! Na naturalnych stanowiskach najliczniej występuje w okolicy Przemyśla, podlega&nbsp;ścisłej ochronie.Poza tym, można ją spotkać na południu Europy i w Azji Mniejszej. OPIS:&nbsp;&nbsp;&nbsp;Krzew do 3-4 metrów wysokości o wyprostowanych pędach pokrytych jasną korą. Mnóstwo białych, lekko zaróżowionych kwiatków zebranych w grona długości do 12 cm ukazuje się w maju. (Podobne [&hellip;]</p>
