{"id":532,"date":"2020-03-15T15:12:06","date_gmt":"2020-03-15T15:12:06","guid":{"rendered":"http:\/\/www.ogrodnick.pl\/word\/?page_id=532"},"modified":"2020-03-23T10:33:05","modified_gmt":"2020-03-23T10:33:05","slug":"stewarcja-koreanska-stewartia-koreana-albo-stewartia-pseudocamellia-var-koreana","status":"publish","type":"page","link":"https:\/\/www.ogrodnick.pl\/word\/stewarcja-koreanska-stewartia-koreana-albo-stewartia-pseudocamellia-var-koreana\/","title":{"rendered":"Stewarcja korea\u0144ska (Stewartia koreana albo Stewartia pseudocamellia var. koreana)"},"content":{"rendered":"\n<div class=\"wp-block-group alignfull\"><div class=\"wp-block-group__inner-container is-layout-flow wp-block-group-is-layout-flow\">\n<p>Stewarcja korea\u0144ska (<em>Stewartia koreana<\/em>&nbsp;albo&nbsp;<em>Stewartia pseudocamellia var. koreana<\/em>, czasem r\u00f3wnie\u017c&nbsp;<em>Stewartia pseudocamellia&nbsp;<\/em>&#8217;Korean Splendor&#8217;)&nbsp;ro\u015bnie wy\u0142\u0105cznie na P\u00f3\u0142wyspie Korea\u0144skim.<\/p>\n<\/div><\/div>\n\n\n\n<div class=\"wp-block-columns alignfull is-layout-flex wp-container-core-columns-is-layout-9d6595d7 wp-block-columns-is-layout-flex\">\n<div class=\"wp-block-column is-layout-flow wp-block-column-is-layout-flow\">\n<p><strong>OPIS:<\/strong><br>&nbsp;&nbsp;&nbsp;Stewarcja korea\u0144ska jest podobna do typowej stewarcji kameliowatej (<em>Stewartia pseudocamellia<\/em>), ale jest pod kilkoma wzgl\u0119dami &#8222;bardziej&#8221;:&nbsp;<br>&#8211; ma wi\u0119ksze li\u015bcie, do 10 cm d\u0142ugo\u015bci&nbsp;<br>&#8211; jej kwiaty maj\u0105 nawet 7,5 centymetr\u00f3w \u015brednicy (typowa do 6 cm)&nbsp;<br>&#8211; szybciej ro\u015bnie, w \u0142agodniejszym klimacie mo\u017ce by\u0107 nawet 17-metrowym drzewem.&nbsp;<br>Cechy wsp\u00f3lne to bardzo d\u0142ugi czas kwitnienia (lipiec-wrzesie\u0144), pi\u0119kne barwy li\u015bci jesieni\u0105, efektownie \u0142uszcz\u0105ca si\u0119 kora.<\/p>\n<\/div>\n\n\n\n<div class=\"wp-block-column is-layout-flow wp-block-column-is-layout-flow\">\n<div class=\"wp-block-image\"><figure class=\"aligncenter size-large\"><img loading=\"lazy\" decoding=\"async\" width=\"500\" height=\"714\" src=\"https:\/\/www.ogrodnick.pl\/word\/wp-content\/uploads\/2020\/03\/stewartia_koreana_jesien.jpg\" alt=\"\" class=\"wp-image-969\" srcset=\"https:\/\/www.ogrodnick.pl\/word\/wp-content\/uploads\/2020\/03\/stewartia_koreana_jesien.jpg 500w, https:\/\/www.ogrodnick.pl\/word\/wp-content\/uploads\/2020\/03\/stewartia_koreana_jesien-210x300.jpg 210w\" sizes=\"auto, (max-width: 500px) 100vw, 500px\" \/><\/figure><\/div>\n<\/div>\n<\/div>\n\n\n\n<div class=\"wp-block-columns alignfull is-layout-flex wp-container-core-columns-is-layout-9d6595d7 wp-block-columns-is-layout-flex\">\n<div class=\"wp-block-column is-layout-flow wp-block-column-is-layout-flow\">\n<p><strong>UPRAWA:<\/strong>&nbsp;<br>&nbsp;&nbsp;&nbsp;Wymagania ma jak stewarcja kameliowata. Gleba powinna by\u0107 lekko kwa\u015bna i wilgotna &#8211; chocia\u017c gdy si\u0119 ukorzeni jest w znacznym stopniu odporna na susz\u0119. Stewarcje nie lubi\u0105 gor\u0105ca i suchego powietrza, zw\u0142aszcza w m\u0142odo\u015bci. Nie nale\u017cy ich sadzi\u0107 w pe\u0142nym s\u0142o\u0144cu np. przy po\u0142udniowych lub zachodnich \u015bcianach. W takich warunkach rosn\u0105 s\u0142abo, niezdrowo zaczerwienione li\u015bcie li\u015bcie drobniej\u0105. W godzinach popo\u0142udniowych, kiedy jest najgor\u0119cej, powinny mie\u0107 zapewniony cie\u0144.<br>&nbsp;&nbsp;&nbsp;W rejonie naturalnego wyst\u0119powania stewarcji korea\u0144skiej najni\u017csze notowane temperatury to -27 C, zapewne takie mrozy doros\u0142e krzewy mog\u0105 bez uszkodze\u0144 wytrzyma\u0107 r\u00f3wnie\u017c w Polsce. (R\u00f3\u017cne ameryka\u0144skie \u017ar\u00f3d\u0142a podaj\u0105, \u017ce mo\u017cna je uprawia\u0107 w 5 lub 6 strefie klimatycznej USDA).<\/p>\n<\/div>\n\n\n\n<div class=\"wp-block-column is-layout-flow wp-block-column-is-layout-flow\">\n<div class=\"wp-block-image\"><figure class=\"aligncenter size-large\"><img loading=\"lazy\" decoding=\"async\" width=\"500\" height=\"375\" src=\"https:\/\/www.ogrodnick.pl\/word\/wp-content\/uploads\/2020\/03\/Stewartia_koreana_kwiat.jpg\" alt=\"\" class=\"wp-image-971\" srcset=\"https:\/\/www.ogrodnick.pl\/word\/wp-content\/uploads\/2020\/03\/Stewartia_koreana_kwiat.jpg 500w, https:\/\/www.ogrodnick.pl\/word\/wp-content\/uploads\/2020\/03\/Stewartia_koreana_kwiat-300x225.jpg 300w\" sizes=\"auto, (max-width: 500px) 100vw, 500px\" \/><\/figure><\/div>\n<\/div>\n<\/div>\n\n\n\n<div class=\"wp-block-image\"><figure class=\"aligncenter size-large\"><img loading=\"lazy\" decoding=\"async\" width=\"500\" height=\"375\" src=\"https:\/\/www.ogrodnick.pl\/word\/wp-content\/uploads\/2020\/03\/stewartia_koreana_kora.jpg\" alt=\"\" class=\"wp-image-970\" srcset=\"https:\/\/www.ogrodnick.pl\/word\/wp-content\/uploads\/2020\/03\/stewartia_koreana_kora.jpg 500w, https:\/\/www.ogrodnick.pl\/word\/wp-content\/uploads\/2020\/03\/stewartia_koreana_kora-300x225.jpg 300w\" sizes=\"auto, (max-width: 500px) 100vw, 500px\" \/><\/figure><\/div>\n","protected":false},"excerpt":{"rendered":"<p>Stewarcja korea\u0144ska (Stewartia koreana&nbsp;albo&nbsp;Stewartia pseudocamellia var. koreana, czasem r\u00f3wnie\u017c&nbsp;Stewartia pseudocamellia&nbsp;&#8217;Korean Splendor&#8217;)&nbsp;ro\u015bnie wy\u0142\u0105cznie na P\u00f3\u0142wyspie Korea\u0144skim. OPIS:&nbsp;&nbsp;&nbsp;Stewarcja korea\u0144ska jest podobna do typowej stewarcji kameliowatej (Stewartia pseudocamellia), ale jest pod kilkoma wzgl\u0119dami &#8222;bardziej&#8221;:&nbsp;&#8211; ma wi\u0119ksze li\u015bcie, do 10 cm d\u0142ugo\u015bci&nbsp;&#8211; jej kwiaty maj\u0105 nawet 7,5 centymetr\u00f3w \u015brednicy (typowa do 6 cm)&nbsp;&#8211; szybciej ro\u015bnie, w \u0142agodniejszym klimacie mo\u017ce [&hellip;]<\/p>\n","protected":false},"author":1,"featured_media":0,"parent":0,"menu_order":0,"comment_status":"closed","ping_status":"closed","template":"","meta":{"footnotes":""},"class_list":["post-532","page","type-page","status-publish","hentry"],"_links":{"self":[{"href":"https:\/\/www.ogrodnick.pl\/word\/wp-json\/wp\/v2\/pages\/532","targetHints":{"allow":["GET"]}}],"collection":[{"href":"https:\/\/www.ogrodnick.pl\/word\/wp-json\/wp\/v2\/pages"}],"about":[{"href":"https:\/\/www.ogrodnick.pl\/word\/wp-json\/wp\/v2\/types\/page"}],"author":[{"embeddable":true,"href":"https:\/\/www.ogrodnick.pl\/word\/wp-json\/wp\/v2\/users\/1"}],"replies":[{"embeddable":true,"href":"https:\/\/www.ogrodnick.pl\/word\/wp-json\/wp\/v2\/comments?post=532"}],"version-history":[{"count":2,"href":"https:\/\/www.ogrodnick.pl\/word\/wp-json\/wp\/v2\/pages\/532\/revisions"}],"predecessor-version":[{"id":1099,"href":"https:\/\/www.ogrodnick.pl\/word\/wp-json\/wp\/v2\/pages\/532\/revisions\/1099"}],"wp:attachment":[{"href":"https:\/\/www.ogrodnick.pl\/word\/wp-json\/wp\/v2\/media?parent=532"}],"curies":[{"name":"wp","href":"https:\/\/api.w.org\/{rel}","templated":true}]}}

Stewarcja koreańska (Stewartia koreana albo Stewartia pseudocamellia var. koreana)

<div class="wp-block-group alignfull"><div class="wp-block-group__inner-container is-layout-flow wp-block-group-is-layout-flow">
<p>Stewarcja koreańska (<em>Stewartia koreana</em>&nbsp;albo&nbsp;<em>Stewartia pseudocamellia var. koreana</em>, czasem również&nbsp;<em>Stewartia pseudocamellia&nbsp;</em>&#8217;Korean Splendor&#8217;)&nbsp;rośnie wyłącznie na Półwyspie Koreańskim.</p>
</div></div>



<div class="wp-block-columns alignfull is-layout-flex wp-container-core-columns-is-layout-9d6595d7 wp-block-columns-is-layout-flex">
<div class="wp-block-column is-layout-flow wp-block-column-is-layout-flow">
<p><strong>OPIS:</strong><br>&nbsp;&nbsp;&nbsp;Stewarcja koreańska jest podobna do typowej stewarcji kameliowatej (<em>Stewartia pseudocamellia</em>), ale jest pod kilkoma względami &#8222;bardziej&#8221;:&nbsp;<br>&#8211; ma większe liście, do 10 cm długości&nbsp;<br>&#8211; jej kwiaty mają nawet 7,5 centymetrów średnicy (typowa do 6 cm)&nbsp;<br>&#8211; szybciej rośnie, w łagodniejszym klimacie może być nawet 17-metrowym drzewem.&nbsp;<br>Cechy wspólne to bardzo długi czas kwitnienia (lipiec-wrzesień), piękne barwy liści jesienią, efektownie łuszcząca się kora.</p>
</div>



<div class="wp-block-column is-layout-flow wp-block-column-is-layout-flow">
<div class="wp-block-image"><figure class="aligncenter size-large"><img loading="lazy" decoding="async" width="500" height="714" src="https://www.ogrodnick.pl/word/wp-content/uploads/2020/03/stewartia_koreana_jesien.jpg" alt="" class="wp-image-969" srcset="https://www.ogrodnick.pl/word/wp-content/uploads/2020/03/stewartia_koreana_jesien.jpg 500w, https://www.ogrodnick.pl/word/wp-content/uploads/2020/03/stewartia_koreana_jesien-210x300.jpg 210w" sizes="auto, (max-width: 500px) 100vw, 500px" /></figure></div>
</div>
</div>



<div class="wp-block-columns alignfull is-layout-flex wp-container-core-columns-is-layout-9d6595d7 wp-block-columns-is-layout-flex">
<div class="wp-block-column is-layout-flow wp-block-column-is-layout-flow">
<p><strong>UPRAWA:</strong>&nbsp;<br>&nbsp;&nbsp;&nbsp;Wymagania ma jak stewarcja kameliowata. Gleba powinna być lekko kwaśna i wilgotna &#8211; chociaż gdy się ukorzeni jest w znacznym stopniu odporna na suszę. Stewarcje nie lubią gorąca i suchego powietrza, zwłaszcza w młodości. Nie należy ich sadzić w pełnym słońcu np. przy południowych lub zachodnich ścianach. W takich warunkach rosną słabo, niezdrowo zaczerwienione liście liście drobnieją. W godzinach popołudniowych, kiedy jest najgoręcej, powinny mieć zapewniony cień.<br>&nbsp;&nbsp;&nbsp;W rejonie naturalnego występowania stewarcji koreańskiej najniższe notowane temperatury to -27 C, zapewne takie mrozy dorosłe krzewy mogą bez uszkodzeń wytrzymać również w Polsce. (Różne amerykańskie źródła podają, że można je uprawiać w 5 lub 6 strefie klimatycznej USDA).</p>
</div>



<div class="wp-block-column is-layout-flow wp-block-column-is-layout-flow">
<div class="wp-block-image"><figure class="aligncenter size-large"><img loading="lazy" decoding="async" width="500" height="375" src="https://www.ogrodnick.pl/word/wp-content/uploads/2020/03/Stewartia_koreana_kwiat.jpg" alt="" class="wp-image-971" srcset="https://www.ogrodnick.pl/word/wp-content/uploads/2020/03/Stewartia_koreana_kwiat.jpg 500w, https://www.ogrodnick.pl/word/wp-content/uploads/2020/03/Stewartia_koreana_kwiat-300x225.jpg 300w" sizes="auto, (max-width: 500px) 100vw, 500px" /></figure></div>
</div>
</div>



<div class="wp-block-image"><figure class="aligncenter size-large"><img loading="lazy" decoding="async" width="500" height="375" src="https://www.ogrodnick.pl/word/wp-content/uploads/2020/03/stewartia_koreana_kora.jpg" alt="" class="wp-image-970" srcset="https://www.ogrodnick.pl/word/wp-content/uploads/2020/03/stewartia_koreana_kora.jpg 500w, https://www.ogrodnick.pl/word/wp-content/uploads/2020/03/stewartia_koreana_kora-300x225.jpg 300w" sizes="auto, (max-width: 500px) 100vw, 500px" /></figure></div>

<p>Stewarcja koreańska (Stewartia koreana&nbsp;albo&nbsp;Stewartia pseudocamellia var. koreana, czasem również&nbsp;Stewartia pseudocamellia&nbsp;&#8217;Korean Splendor&#8217;)&nbsp;rośnie wyłącznie na Półwyspie Koreańskim. OPIS:&nbsp;&nbsp;&nbsp;Stewarcja koreańska jest podobna do typowej stewarcji kameliowatej (Stewartia pseudocamellia), ale jest pod kilkoma względami &#8222;bardziej&#8221;:&nbsp;&#8211; ma większe liście, do 10 cm długości&nbsp;&#8211; jej kwiaty mają nawet 7,5 centymetrów średnicy (typowa do 6 cm)&nbsp;&#8211; szybciej rośnie, w łagodniejszym klimacie może [&hellip;]</p>
