{"id":527,"date":"2020-03-15T15:19:06","date_gmt":"2020-03-15T15:19:06","guid":{"rendered":"http:\/\/www.ogrodnick.pl\/word\/?page_id=527"},"modified":"2020-03-21T11:52:16","modified_gmt":"2020-03-21T11:52:16","slug":"ksantoceras-xanthoceras-sorbifolia","status":"publish","type":"page","link":"https:\/\/www.ogrodnick.pl\/word\/ksantoceras-xanthoceras-sorbifolia\/","title":{"rendered":"Ksantoceras (Xanthoceras sorbifolia)"},"content":{"rendered":"\n<div class=\"wp-block-group alignfull\"><div class=\"wp-block-group__inner-container is-layout-flow wp-block-group-is-layout-flow\">\n<p>Ksantoceras&nbsp;<em>(Xanthoceras sorbifolia)<\/em>&nbsp; jeszcze nie ma porz\u0105dnej polskiej nazwy. Dziko ro\u015bnie i jest uprawiany na 50 tysi\u0105cach hektar\u00f3w w p\u00f3\u0142nocnych Chinach.<\/p>\n<\/div><\/div>\n\n\n\n<div class=\"wp-block-columns alignfull is-layout-flex wp-container-core-columns-is-layout-9d6595d7 wp-block-columns-is-layout-flex\">\n<div class=\"wp-block-column is-layout-flow wp-block-column-is-layout-flow\">\n<p><strong>OPIS:<br><\/strong>&nbsp;&nbsp;&nbsp;&#8222;Wspania\u0142y&#8221; , &#8222;pi\u0119kny&#8221;, &#8222;niezwyk\u0142y&#8221; &#8211; od takich s\u0142\u00f3w zaczyna si\u0119 wiele opis\u00f3w tego krzewu lub ma\u0142ego drzewka.<br>&nbsp;&nbsp;&nbsp; W ojczy\u017anie&nbsp;<em>Xanthoceras<\/em>&nbsp;osi\u0105ga 8 metr\u00f3w wysoko\u015bci, w Europie zwykle ro\u015bnie krzewiasto, najwi\u0119ksze maj\u0105 5 metr\u00f3w.&nbsp;<br>&nbsp;&nbsp;&nbsp;Krzew rewelacyjnie wygl\u0105da podczas kwitnienia w maju\/czerwcu: na ko\u0144cu ka\u017cdego p\u0119du znajduje si\u0119 20-centymetrowy kwiatostan z\u0142o\u017cony z trzycentymetrowej \u015brednicy kwiatk\u00f3w ze \u015brodkiem \u017c\u00f3\u0142tym w momencie rozwijania. Po zapyleniu kwiatki zmieniaj\u0105 kolor &#8211; ich \u015brodki ciemniej\u0105 i wkr\u00f3tce staj\u0105 si\u0119 purpurowe. (Podobne zjawisko obserwujemy u spokrewnionego z&nbsp;<em>Xanthoceras<\/em>&nbsp;mydle\u0144ca&nbsp;<em>Koelreuteria paniculata<\/em>). Kwitn\u0105\u0107 mog\u0105 ju\u017c malutkie, dwuletnie ro\u015bliny!&nbsp;<br>&nbsp;&nbsp;&nbsp; Delikatne, pierzaste li\u015bcie maj\u0105 do 30 cm. d\u0142ugo\u015bci. Pi\u0119ciocentymetrowe, podobne do &#8222;kasztan\u00f3w&#8221; owoce zawieraj\u0105 liczne 12-milimetrowej \u015brednicy nasiona. Nasiona s\u0105 smaczne, s\u0142odkie, zawieraj\u0105 maj\u0105ce znaczenie w medycynie kwasy t\u0142uszczowe.&nbsp;<br>&nbsp;&nbsp;&nbsp;Nie tylko walory spo\u017cywcze i medyczne sprawiaj\u0105, \u017ce Xanthoceras jest na szerok\u0105 skal\u0119 uprawiany. Z krzewu pozyskuje si\u0119 substancje niezb\u0119dne do produkcji ciek\u0142ych kryszta\u0142\u00f3w stosowanych w wszelkiego rodzaju wy\u015bwietlaczach. (Pa\u0144stwo te\u017c zapewne maj\u0105 troch\u0119 Xanthocerasa na biurku \ud83d\ude42 )<\/p>\n<\/div>\n\n\n\n<div class=\"wp-block-column is-layout-flow wp-block-column-is-layout-flow\">\n<div class=\"wp-block-image\"><figure class=\"aligncenter size-large\"><img loading=\"lazy\" decoding=\"async\" width=\"500\" height=\"365\" src=\"https:\/\/www.ogrodnick.pl\/word\/wp-content\/uploads\/2020\/03\/xanthoceras_sorbifolia_drzewko.jpg\" alt=\"\" class=\"wp-image-988\" srcset=\"https:\/\/www.ogrodnick.pl\/word\/wp-content\/uploads\/2020\/03\/xanthoceras_sorbifolia_drzewko.jpg 500w, https:\/\/www.ogrodnick.pl\/word\/wp-content\/uploads\/2020\/03\/xanthoceras_sorbifolia_drzewko-300x219.jpg 300w\" sizes=\"auto, (max-width: 500px) 100vw, 500px\" \/><\/figure><\/div>\n<\/div>\n<\/div>\n\n\n\n<div class=\"wp-block-columns alignfull is-layout-flex wp-container-core-columns-is-layout-9d6595d7 wp-block-columns-is-layout-flex\">\n<div class=\"wp-block-column is-layout-flow wp-block-column-is-layout-flow\">\n<p><strong>UPRAWA:<\/strong><br>&nbsp;&nbsp;&nbsp;Du\u017co odporniejszy od cz\u0119\u015bciej spotykanego mydle\u0144ca. Wg ameryka\u0144skich danych mo\u017ce rosn\u0105\u0107 w 4 strefie klimatycznej USDA, a wi\u0119c tam, gdzie zim\u0105 zwykle temperatury spadaj\u0105 do -34 C. \u017beby tak dobrze znosi\u0107 zimowe ch\u0142ody, powinien rosn\u0105\u0107 na stanowisku suchym i s\u0142onecznym, latem mie\u0107 gor\u0105co. Ocieniony, na glebach nadmiernie wilgotnych ksantoceras gorzej ro\u015bnie i kwitnie.<\/p>\n<\/div>\n\n\n\n<div class=\"wp-block-column is-layout-flow wp-block-column-is-layout-flow\">\n<div class=\"wp-block-image\"><figure class=\"aligncenter size-large\"><img loading=\"lazy\" decoding=\"async\" width=\"500\" height=\"391\" src=\"https:\/\/www.ogrodnick.pl\/word\/wp-content\/uploads\/2020\/03\/xanthoceras_sorbifolia_kwiatostany.jpg\" alt=\"\" class=\"wp-image-989\" srcset=\"https:\/\/www.ogrodnick.pl\/word\/wp-content\/uploads\/2020\/03\/xanthoceras_sorbifolia_kwiatostany.jpg 500w, https:\/\/www.ogrodnick.pl\/word\/wp-content\/uploads\/2020\/03\/xanthoceras_sorbifolia_kwiatostany-300x235.jpg 300w\" sizes=\"auto, (max-width: 500px) 100vw, 500px\" \/><\/figure><\/div>\n<\/div>\n<\/div>\n\n\n\n<div class=\"wp-block-image\"><figure class=\"aligncenter size-large\"><img loading=\"lazy\" decoding=\"async\" width=\"500\" height=\"340\" src=\"https:\/\/www.ogrodnick.pl\/word\/wp-content\/uploads\/2020\/03\/xanthoceras_sorbifolia_owoc.jpg\" alt=\"\" class=\"wp-image-991\" srcset=\"https:\/\/www.ogrodnick.pl\/word\/wp-content\/uploads\/2020\/03\/xanthoceras_sorbifolia_owoc.jpg 500w, https:\/\/www.ogrodnick.pl\/word\/wp-content\/uploads\/2020\/03\/xanthoceras_sorbifolia_owoc-300x204.jpg 300w\" sizes=\"auto, (max-width: 500px) 100vw, 500px\" \/><\/figure><\/div>\n","protected":false},"excerpt":{"rendered":"<p>Ksantoceras&nbsp;(Xanthoceras sorbifolia)&nbsp; jeszcze nie ma porz\u0105dnej polskiej nazwy. Dziko ro\u015bnie i jest uprawiany na 50 tysi\u0105cach hektar\u00f3w w p\u00f3\u0142nocnych Chinach. OPIS:&nbsp;&nbsp;&nbsp;&#8222;Wspania\u0142y&#8221; , &#8222;pi\u0119kny&#8221;, &#8222;niezwyk\u0142y&#8221; &#8211; od takich s\u0142\u00f3w zaczyna si\u0119 wiele opis\u00f3w tego krzewu lub ma\u0142ego drzewka.&nbsp;&nbsp;&nbsp; W ojczy\u017anie&nbsp;Xanthoceras&nbsp;osi\u0105ga 8 metr\u00f3w wysoko\u015bci, w Europie zwykle ro\u015bnie krzewiasto, najwi\u0119ksze maj\u0105 5 metr\u00f3w.&nbsp;&nbsp;&nbsp;&nbsp;Krzew rewelacyjnie wygl\u0105da podczas kwitnienia [&hellip;]<\/p>\n","protected":false},"author":1,"featured_media":0,"parent":0,"menu_order":0,"comment_status":"closed","ping_status":"closed","template":"","meta":{"footnotes":""},"class_list":["post-527","page","type-page","status-publish","hentry"],"_links":{"self":[{"href":"https:\/\/www.ogrodnick.pl\/word\/wp-json\/wp\/v2\/pages\/527","targetHints":{"allow":["GET"]}}],"collection":[{"href":"https:\/\/www.ogrodnick.pl\/word\/wp-json\/wp\/v2\/pages"}],"about":[{"href":"https:\/\/www.ogrodnick.pl\/word\/wp-json\/wp\/v2\/types\/page"}],"author":[{"embeddable":true,"href":"https:\/\/www.ogrodnick.pl\/word\/wp-json\/wp\/v2\/users\/1"}],"replies":[{"embeddable":true,"href":"https:\/\/www.ogrodnick.pl\/word\/wp-json\/wp\/v2\/comments?post=527"}],"version-history":[{"count":3,"href":"https:\/\/www.ogrodnick.pl\/word\/wp-json\/wp\/v2\/pages\/527\/revisions"}],"predecessor-version":[{"id":1061,"href":"https:\/\/www.ogrodnick.pl\/word\/wp-json\/wp\/v2\/pages\/527\/revisions\/1061"}],"wp:attachment":[{"href":"https:\/\/www.ogrodnick.pl\/word\/wp-json\/wp\/v2\/media?parent=527"}],"curies":[{"name":"wp","href":"https:\/\/api.w.org\/{rel}","templated":true}]}}

<div class="wp-block-group alignfull"><div class="wp-block-group__inner-container is-layout-flow wp-block-group-is-layout-flow">
<p>Ksantoceras&nbsp;<em>(Xanthoceras sorbifolia)</em>&nbsp; jeszcze nie ma porządnej polskiej nazwy. Dziko rośnie i jest uprawiany na 50 tysiącach hektarów w północnych Chinach.</p>
</div></div>



<div class="wp-block-columns alignfull is-layout-flex wp-container-core-columns-is-layout-9d6595d7 wp-block-columns-is-layout-flex">
<div class="wp-block-column is-layout-flow wp-block-column-is-layout-flow">
<p><strong>OPIS:<br></strong>&nbsp;&nbsp;&nbsp;&#8222;Wspaniały&#8221; , &#8222;piękny&#8221;, &#8222;niezwykły&#8221; &#8211; od takich słów zaczyna się wiele opisów tego krzewu lub małego drzewka.<br>&nbsp;&nbsp;&nbsp; W ojczyźnie&nbsp;<em>Xanthoceras</em>&nbsp;osiąga 8 metrów wysokości, w Europie zwykle rośnie krzewiasto, największe mają 5 metrów.&nbsp;<br>&nbsp;&nbsp;&nbsp;Krzew rewelacyjnie wygląda podczas kwitnienia w maju/czerwcu: na końcu każdego pędu znajduje się 20-centymetrowy kwiatostan złożony z trzycentymetrowej średnicy kwiatków ze środkiem żółtym w momencie rozwijania. Po zapyleniu kwiatki zmieniają kolor &#8211; ich środki ciemnieją i wkrótce stają się purpurowe. (Podobne zjawisko obserwujemy u spokrewnionego z&nbsp;<em>Xanthoceras</em>&nbsp;mydleńca&nbsp;<em>Koelreuteria paniculata</em>). Kwitnąć mogą już malutkie, dwuletnie rośliny!&nbsp;<br>&nbsp;&nbsp;&nbsp; Delikatne, pierzaste liście mają do 30 cm. długości. Pięciocentymetrowe, podobne do &#8222;kasztanów&#8221; owoce zawierają liczne 12-milimetrowej średnicy nasiona. Nasiona są smaczne, słodkie, zawierają mające znaczenie w medycynie kwasy tłuszczowe.&nbsp;<br>&nbsp;&nbsp;&nbsp;Nie tylko walory spożywcze i medyczne sprawiają, że Xanthoceras jest na szeroką skalę uprawiany. Z krzewu pozyskuje się substancje niezbędne do produkcji ciekłych kryształów stosowanych w wszelkiego rodzaju wyświetlaczach. (Państwo też zapewne mają trochę Xanthocerasa na biurku 🙂 )</p>
</div>



<div class="wp-block-column is-layout-flow wp-block-column-is-layout-flow">
<div class="wp-block-image"><figure class="aligncenter size-large"><img loading="lazy" decoding="async" width="500" height="365" src="https://www.ogrodnick.pl/word/wp-content/uploads/2020/03/xanthoceras_sorbifolia_drzewko.jpg" alt="" class="wp-image-988" srcset="https://www.ogrodnick.pl/word/wp-content/uploads/2020/03/xanthoceras_sorbifolia_drzewko.jpg 500w, https://www.ogrodnick.pl/word/wp-content/uploads/2020/03/xanthoceras_sorbifolia_drzewko-300x219.jpg 300w" sizes="auto, (max-width: 500px) 100vw, 500px" /></figure></div>
</div>
</div>



<div class="wp-block-columns alignfull is-layout-flex wp-container-core-columns-is-layout-9d6595d7 wp-block-columns-is-layout-flex">
<div class="wp-block-column is-layout-flow wp-block-column-is-layout-flow">
<p><strong>UPRAWA:</strong><br>&nbsp;&nbsp;&nbsp;Dużo odporniejszy od częściej spotykanego mydleńca. Wg amerykańskich danych może rosnąć w 4 strefie klimatycznej USDA, a więc tam, gdzie zimą zwykle temperatury spadają do -34 C. Żeby tak dobrze znosić zimowe chłody, powinien rosnąć na stanowisku suchym i słonecznym, latem mieć gorąco. Ocieniony, na glebach nadmiernie wilgotnych ksantoceras gorzej rośnie i kwitnie.</p>
</div>



<div class="wp-block-column is-layout-flow wp-block-column-is-layout-flow">
<div class="wp-block-image"><figure class="aligncenter size-large"><img loading="lazy" decoding="async" width="500" height="391" src="https://www.ogrodnick.pl/word/wp-content/uploads/2020/03/xanthoceras_sorbifolia_kwiatostany.jpg" alt="" class="wp-image-989" srcset="https://www.ogrodnick.pl/word/wp-content/uploads/2020/03/xanthoceras_sorbifolia_kwiatostany.jpg 500w, https://www.ogrodnick.pl/word/wp-content/uploads/2020/03/xanthoceras_sorbifolia_kwiatostany-300x235.jpg 300w" sizes="auto, (max-width: 500px) 100vw, 500px" /></figure></div>
</div>
</div>



<div class="wp-block-image"><figure class="aligncenter size-large"><img loading="lazy" decoding="async" width="500" height="340" src="https://www.ogrodnick.pl/word/wp-content/uploads/2020/03/xanthoceras_sorbifolia_owoc.jpg" alt="" class="wp-image-991" srcset="https://www.ogrodnick.pl/word/wp-content/uploads/2020/03/xanthoceras_sorbifolia_owoc.jpg 500w, https://www.ogrodnick.pl/word/wp-content/uploads/2020/03/xanthoceras_sorbifolia_owoc-300x204.jpg 300w" sizes="auto, (max-width: 500px) 100vw, 500px" /></figure></div>

<p>Ksantoceras&nbsp;(Xanthoceras sorbifolia)&nbsp; jeszcze nie ma porządnej polskiej nazwy. Dziko rośnie i jest uprawiany na 50 tysiącach hektarów w północnych Chinach. OPIS:&nbsp;&nbsp;&nbsp;&#8222;Wspaniały&#8221; , &#8222;piękny&#8221;, &#8222;niezwykły&#8221; &#8211; od takich słów zaczyna się wiele opisów tego krzewu lub małego drzewka.&nbsp;&nbsp;&nbsp; W ojczyźnie&nbsp;Xanthoceras&nbsp;osiąga 8 metrów wysokości, w Europie zwykle rośnie krzewiasto, największe mają 5 metrów.&nbsp;&nbsp;&nbsp;&nbsp;Krzew rewelacyjnie wygląda podczas kwitnienia [&hellip;]</p>
