{"id":510,"date":"2020-03-15T14:33:08","date_gmt":"2020-03-15T14:33:08","guid":{"rendered":"http:\/\/www.ogrodnick.pl\/word\/?page_id=510"},"modified":"2020-03-19T12:36:36","modified_gmt":"2020-03-19T12:36:36","slug":"dab-burgundzki-d-fredzelkowy-quercus-ceris","status":"publish","type":"page","link":"https:\/\/www.ogrodnick.pl\/word\/dab-burgundzki-d-fredzelkowy-quercus-ceris\/","title":{"rendered":"D\u0105b burgundzki, D. fr\u0119dzelkowy (Quercus ceris)"},"content":{"rendered":"\n<div class=\"wp-block-group alignfull\"><div class=\"wp-block-group__inner-container is-layout-flow wp-block-group-is-layout-flow\">\n<p>D\u0105b burgundzki, D. fr\u0119dzelkowy&nbsp;(<em>Quercus ceris<\/em>)&nbsp;120 000 lat temu r\u00f3s\u0142 w ca\u0142ej europie. Gdy klimat si\u0119 ozi\u0119bi\u0142 i nadesz\u0142a epoka lodowcowa osta\u0142 si\u0119 tylko na jej po\u0142udniowych kra\u0144cach i w Azji mniejszej(w krajach angloj\u0119zycznych jest nazywany&nbsp;<em>Turkey oak<\/em>, d\u0105b turecki).<\/p>\n<\/div><\/div>\n\n\n\n<div class=\"wp-block-columns alignfull is-layout-flex wp-container-core-columns-is-layout-9d6595d7 wp-block-columns-is-layout-flex\">\n<div class=\"wp-block-column is-layout-flow wp-block-column-is-layout-flow\">\n<p><strong>OPIS:<br><\/strong>&nbsp;&nbsp;&nbsp;D\u0105b turecki wyrasta w du\u017ce drzewo z prostym pniem i szerok\u0105, owaln\u0105 koron\u0105, mo\u017ce osi\u0105gn\u0105\u0107 nawet ponad 30 metr\u00f3w wysoko\u015bci. Ro\u015bnie szybko (jak na d\u0119by), drewno ma jednak marnej jako\u015bci i dlatego nie jest wprowadzany z powrotem do p\u00f3\u0142nocno- i zachodnioeuropejskich las\u00f3w (chocia\u017c klimat ju\u017c mu ca\u0142kiem odpowiada), bywa sadzony jedynie jako drzewo ozdobne.&nbsp;<br>&nbsp;&nbsp;&nbsp;Ciemnozielone li\u015bcie z pofalowanymi klapami w jesieni staj\u0105 si\u0119 \u017c\u00f3\u0142te i \u017c\u00f3\u0142tobr\u0105zowe, efektownie wygl\u0105daj\u0105 wisz\u0105ce na drzewach przez 18 miesi\u0119cy (dojrzewaj\u0105 w drugim roku dopiero) 3-centymetrowej d\u0142ugo\u015bci \u017co\u0142\u0119dzie w kosmatych miseczkach (st\u0105d polska nazwa).<\/p>\n<\/div>\n\n\n\n<div class=\"wp-block-column is-layout-flow wp-block-column-is-layout-flow\">\n<div class=\"wp-block-image\"><figure class=\"aligncenter size-large\"><img loading=\"lazy\" decoding=\"async\" width=\"500\" height=\"660\" src=\"https:\/\/www.ogrodnick.pl\/word\/wp-content\/uploads\/2020\/03\/quercus_cerris_drzewo.jpg\" alt=\"\" class=\"wp-image-920\" srcset=\"https:\/\/www.ogrodnick.pl\/word\/wp-content\/uploads\/2020\/03\/quercus_cerris_drzewo.jpg 500w, https:\/\/www.ogrodnick.pl\/word\/wp-content\/uploads\/2020\/03\/quercus_cerris_drzewo-227x300.jpg 227w\" sizes=\"auto, (max-width: 500px) 100vw, 500px\" \/><\/figure><\/div>\n<\/div>\n<\/div>\n\n\n\n<div class=\"wp-block-columns alignfull is-layout-flex wp-container-core-columns-is-layout-9d6595d7 wp-block-columns-is-layout-flex\">\n<div class=\"wp-block-column is-layout-flow wp-block-column-is-layout-flow\">\n<p><strong>UPRAWA:<\/strong>&nbsp;<br>&nbsp;&nbsp;&nbsp;D\u0119by burgundzkie s\u0105 niewybredne co do gleby odporne na warunki miejskie i susz\u0119, nale\u017cy je sadzi\u0107 na stanowiskach s\u0142onecznych (tylko wtedy b\u0119d\u0105 mie\u0107 \u0142adn\u0105, regularn\u0105 koron\u0119). S\u0105 r\u00f3wnie\u017c odporne na mrozy, jednak w rejonach o ostrzejszym klimacie lepiej je sadzi\u0107 na glebach raczej suchych i przepuszczalnych &#8211; na glebach wilgotnych m\u0142ode, d\u0142ugo rosn\u0105ce mog\u0105 podmarza\u0107 podczas surowych zim.<\/p>\n<\/div>\n\n\n\n<div class=\"wp-block-column is-layout-flow wp-block-column-is-layout-flow\">\n<div class=\"wp-block-image\"><figure class=\"aligncenter size-large\"><img loading=\"lazy\" decoding=\"async\" width=\"500\" height=\"375\" src=\"https:\/\/www.ogrodnick.pl\/word\/wp-content\/uploads\/2020\/03\/quercus_cerris_owoczielony.jpg\" alt=\"\" class=\"wp-image-924\" srcset=\"https:\/\/www.ogrodnick.pl\/word\/wp-content\/uploads\/2020\/03\/quercus_cerris_owoczielony.jpg 500w, https:\/\/www.ogrodnick.pl\/word\/wp-content\/uploads\/2020\/03\/quercus_cerris_owoczielony-300x225.jpg 300w\" sizes=\"auto, (max-width: 500px) 100vw, 500px\" \/><\/figure><\/div>\n<\/div>\n<\/div>\n\n\n\n<div class=\"wp-block-columns alignfull is-layout-flex wp-container-core-columns-is-layout-9d6595d7 wp-block-columns-is-layout-flex\">\n<div class=\"wp-block-column is-layout-flow wp-block-column-is-layout-flow\">\n<div class=\"wp-block-image\"><figure class=\"aligncenter size-large\"><img loading=\"lazy\" decoding=\"async\" width=\"500\" height=\"421\" src=\"https:\/\/www.ogrodnick.pl\/word\/wp-content\/uploads\/2020\/03\/quercus_cerris_liscie.jpg\" alt=\"\" class=\"wp-image-922\" srcset=\"https:\/\/www.ogrodnick.pl\/word\/wp-content\/uploads\/2020\/03\/quercus_cerris_liscie.jpg 500w, https:\/\/www.ogrodnick.pl\/word\/wp-content\/uploads\/2020\/03\/quercus_cerris_liscie-300x253.jpg 300w\" sizes=\"auto, (max-width: 500px) 100vw, 500px\" \/><\/figure><\/div>\n<\/div>\n\n\n\n<div class=\"wp-block-column is-layout-flow wp-block-column-is-layout-flow\">\n<div class=\"wp-block-image\"><figure class=\"aligncenter size-large\"><img loading=\"lazy\" decoding=\"async\" width=\"500\" height=\"443\" src=\"https:\/\/www.ogrodnick.pl\/word\/wp-content\/uploads\/2020\/03\/quercus_cerris_kwiat.jpg\" alt=\"\" class=\"wp-image-921\" srcset=\"https:\/\/www.ogrodnick.pl\/word\/wp-content\/uploads\/2020\/03\/quercus_cerris_kwiat.jpg 500w, https:\/\/www.ogrodnick.pl\/word\/wp-content\/uploads\/2020\/03\/quercus_cerris_kwiat-300x266.jpg 300w\" sizes=\"auto, (max-width: 500px) 100vw, 500px\" \/><\/figure><\/div>\n<\/div>\n<\/div>\n\n\n\n<figure class=\"wp-block-image size-large\"><img loading=\"lazy\" decoding=\"async\" width=\"500\" height=\"517\" src=\"https:\/\/www.ogrodnick.pl\/word\/wp-content\/uploads\/2020\/03\/quercus_cerris_owoc.jpg\" alt=\"\" class=\"wp-image-923\" srcset=\"https:\/\/www.ogrodnick.pl\/word\/wp-content\/uploads\/2020\/03\/quercus_cerris_owoc.jpg 500w, https:\/\/www.ogrodnick.pl\/word\/wp-content\/uploads\/2020\/03\/quercus_cerris_owoc-290x300.jpg 290w\" sizes=\"auto, (max-width: 500px) 100vw, 500px\" \/><\/figure>\n\n\n\n<p><\/p>\n","protected":false},"excerpt":{"rendered":"<p>D\u0105b burgundzki, D. fr\u0119dzelkowy&nbsp;(Quercus ceris)&nbsp;120 000 lat temu r\u00f3s\u0142 w ca\u0142ej europie. Gdy klimat si\u0119 ozi\u0119bi\u0142 i nadesz\u0142a epoka lodowcowa osta\u0142 si\u0119 tylko na jej po\u0142udniowych kra\u0144cach i w Azji mniejszej(w krajach angloj\u0119zycznych jest nazywany&nbsp;Turkey oak, d\u0105b turecki). OPIS:&nbsp;&nbsp;&nbsp;D\u0105b turecki wyrasta w du\u017ce drzewo z prostym pniem i szerok\u0105, owaln\u0105 koron\u0105, mo\u017ce osi\u0105gn\u0105\u0107 nawet ponad [&hellip;]<\/p>\n","protected":false},"author":1,"featured_media":0,"parent":0,"menu_order":0,"comment_status":"closed","ping_status":"closed","template":"","meta":{"footnotes":""},"class_list":["post-510","page","type-page","status-publish","hentry"],"_links":{"self":[{"href":"https:\/\/www.ogrodnick.pl\/word\/wp-json\/wp\/v2\/pages\/510","targetHints":{"allow":["GET"]}}],"collection":[{"href":"https:\/\/www.ogrodnick.pl\/word\/wp-json\/wp\/v2\/pages"}],"about":[{"href":"https:\/\/www.ogrodnick.pl\/word\/wp-json\/wp\/v2\/types\/page"}],"author":[{"embeddable":true,"href":"https:\/\/www.ogrodnick.pl\/word\/wp-json\/wp\/v2\/users\/1"}],"replies":[{"embeddable":true,"href":"https:\/\/www.ogrodnick.pl\/word\/wp-json\/wp\/v2\/comments?post=510"}],"version-history":[{"count":3,"href":"https:\/\/www.ogrodnick.pl\/word\/wp-json\/wp\/v2\/pages\/510\/revisions"}],"predecessor-version":[{"id":1392,"href":"https:\/\/www.ogrodnick.pl\/word\/wp-json\/wp\/v2\/pages\/510\/revisions\/1392"}],"wp:attachment":[{"href":"https:\/\/www.ogrodnick.pl\/word\/wp-json\/wp\/v2\/media?parent=510"}],"curies":[{"name":"wp","href":"https:\/\/api.w.org\/{rel}","templated":true}]}}

Dąb burgundzki, D. frędzelkowy (Quercus ceris)

<div class="wp-block-group alignfull"><div class="wp-block-group__inner-container is-layout-flow wp-block-group-is-layout-flow">
<p>Dąb burgundzki, D. frędzelkowy&nbsp;(<em>Quercus ceris</em>)&nbsp;120 000 lat temu rósł w całej europie. Gdy klimat się oziębił i nadeszła epoka lodowcowa ostał się tylko na jej południowych krańcach i w Azji mniejszej(w krajach anglojęzycznych jest nazywany&nbsp;<em>Turkey oak</em>, dąb turecki).</p>
</div></div>



<div class="wp-block-columns alignfull is-layout-flex wp-container-core-columns-is-layout-9d6595d7 wp-block-columns-is-layout-flex">
<div class="wp-block-column is-layout-flow wp-block-column-is-layout-flow">
<p><strong>OPIS:<br></strong>&nbsp;&nbsp;&nbsp;Dąb turecki wyrasta w duże drzewo z prostym pniem i szeroką, owalną koroną, może osiągnąć nawet ponad 30 metrów wysokości. Rośnie szybko (jak na dęby), drewno ma jednak marnej jakości i dlatego nie jest wprowadzany z powrotem do północno- i zachodnioeuropejskich lasów (chociaż klimat już mu całkiem odpowiada), bywa sadzony jedynie jako drzewo ozdobne.&nbsp;<br>&nbsp;&nbsp;&nbsp;Ciemnozielone liście z pofalowanymi klapami w jesieni stają się żółte i żółtobrązowe, efektownie wyglądają wiszące na drzewach przez 18 miesięcy (dojrzewają w drugim roku dopiero) 3-centymetrowej długości żołędzie w kosmatych miseczkach (stąd polska nazwa).</p>
</div>



<div class="wp-block-column is-layout-flow wp-block-column-is-layout-flow">
<div class="wp-block-image"><figure class="aligncenter size-large"><img loading="lazy" decoding="async" width="500" height="660" src="https://www.ogrodnick.pl/word/wp-content/uploads/2020/03/quercus_cerris_drzewo.jpg" alt="" class="wp-image-920" srcset="https://www.ogrodnick.pl/word/wp-content/uploads/2020/03/quercus_cerris_drzewo.jpg 500w, https://www.ogrodnick.pl/word/wp-content/uploads/2020/03/quercus_cerris_drzewo-227x300.jpg 227w" sizes="auto, (max-width: 500px) 100vw, 500px" /></figure></div>
</div>
</div>



<div class="wp-block-columns alignfull is-layout-flex wp-container-core-columns-is-layout-9d6595d7 wp-block-columns-is-layout-flex">
<div class="wp-block-column is-layout-flow wp-block-column-is-layout-flow">
<p><strong>UPRAWA:</strong>&nbsp;<br>&nbsp;&nbsp;&nbsp;Dęby burgundzkie są niewybredne co do gleby odporne na warunki miejskie i suszę, należy je sadzić na stanowiskach słonecznych (tylko wtedy będą mieć ładną, regularną koronę). Są również odporne na mrozy, jednak w rejonach o ostrzejszym klimacie lepiej je sadzić na glebach raczej suchych i przepuszczalnych &#8211; na glebach wilgotnych młode, długo rosnące mogą podmarzać podczas surowych zim.</p>
</div>



<div class="wp-block-column is-layout-flow wp-block-column-is-layout-flow">
<div class="wp-block-image"><figure class="aligncenter size-large"><img loading="lazy" decoding="async" width="500" height="375" src="https://www.ogrodnick.pl/word/wp-content/uploads/2020/03/quercus_cerris_owoczielony.jpg" alt="" class="wp-image-924" srcset="https://www.ogrodnick.pl/word/wp-content/uploads/2020/03/quercus_cerris_owoczielony.jpg 500w, https://www.ogrodnick.pl/word/wp-content/uploads/2020/03/quercus_cerris_owoczielony-300x225.jpg 300w" sizes="auto, (max-width: 500px) 100vw, 500px" /></figure></div>
</div>
</div>



<div class="wp-block-columns alignfull is-layout-flex wp-container-core-columns-is-layout-9d6595d7 wp-block-columns-is-layout-flex">
<div class="wp-block-column is-layout-flow wp-block-column-is-layout-flow">
<div class="wp-block-image"><figure class="aligncenter size-large"><img loading="lazy" decoding="async" width="500" height="421" src="https://www.ogrodnick.pl/word/wp-content/uploads/2020/03/quercus_cerris_liscie.jpg" alt="" class="wp-image-922" srcset="https://www.ogrodnick.pl/word/wp-content/uploads/2020/03/quercus_cerris_liscie.jpg 500w, https://www.ogrodnick.pl/word/wp-content/uploads/2020/03/quercus_cerris_liscie-300x253.jpg 300w" sizes="auto, (max-width: 500px) 100vw, 500px" /></figure></div>
</div>



<div class="wp-block-column is-layout-flow wp-block-column-is-layout-flow">
<div class="wp-block-image"><figure class="aligncenter size-large"><img loading="lazy" decoding="async" width="500" height="443" src="https://www.ogrodnick.pl/word/wp-content/uploads/2020/03/quercus_cerris_kwiat.jpg" alt="" class="wp-image-921" srcset="https://www.ogrodnick.pl/word/wp-content/uploads/2020/03/quercus_cerris_kwiat.jpg 500w, https://www.ogrodnick.pl/word/wp-content/uploads/2020/03/quercus_cerris_kwiat-300x266.jpg 300w" sizes="auto, (max-width: 500px) 100vw, 500px" /></figure></div>
</div>
</div>



<figure class="wp-block-image size-large"><img loading="lazy" decoding="async" width="500" height="517" src="https://www.ogrodnick.pl/word/wp-content/uploads/2020/03/quercus_cerris_owoc.jpg" alt="" class="wp-image-923" srcset="https://www.ogrodnick.pl/word/wp-content/uploads/2020/03/quercus_cerris_owoc.jpg 500w, https://www.ogrodnick.pl/word/wp-content/uploads/2020/03/quercus_cerris_owoc-290x300.jpg 290w" sizes="auto, (max-width: 500px) 100vw, 500px" /></figure>



<p></p>

<p>Dąb burgundzki, D. frędzelkowy&nbsp;(Quercus ceris)&nbsp;120 000 lat temu rósł w całej europie. Gdy klimat się oziębił i nadeszła epoka lodowcowa ostał się tylko na jej południowych krańcach i w Azji mniejszej(w krajach anglojęzycznych jest nazywany&nbsp;Turkey oak, dąb turecki). OPIS:&nbsp;&nbsp;&nbsp;Dąb turecki wyrasta w duże drzewo z prostym pniem i szeroką, owalną koroną, może osiągnąć nawet ponad [&hellip;]</p>
