{"id":509,"date":"2020-03-15T14:34:33","date_gmt":"2020-03-15T14:34:33","guid":{"rendered":"http:\/\/www.ogrodnick.pl\/word\/?page_id=509"},"modified":"2020-03-19T12:49:42","modified_gmt":"2020-03-19T12:49:42","slug":"dab-ostrolistny-quercus-ilex","status":"publish","type":"page","link":"https:\/\/www.ogrodnick.pl\/word\/dab-ostrolistny-quercus-ilex\/","title":{"rendered":"D\u0105b ostrolistny (Quercus ilex)"},"content":{"rendered":"\n<div class=\"wp-block-group alignfull\"><div class=\"wp-block-group__inner-container is-layout-flow wp-block-group-is-layout-flow\">\n<p>D\u0105b ostrolistny&nbsp;<em>(Quercus ilex)<\/em> wyst\u0119puje w rejonie morza \u015ar\u00f3dziemnego: w p\u00f3\u0142nocnej Afryce oraz po\u0142udniowej Europie, od Grecji po Portugali\u0119.&nbsp;<em>Ilex<\/em>&nbsp;to stara \u0142aci\u0144ska nazwa tego d\u0119bu &#8211; ostrokrzewom nadano nazw\u0119 gatunkow\u0105 &#8222;Ilex&#8221; gdy\u017c ich li\u015bcie s\u0105 podobne do li\u015bci m\u0142odych d\u0119b\u00f3w ostrolistnych, nie odwrotnie.<\/p>\n<\/div><\/div>\n\n\n\n<div class=\"wp-block-columns alignfull is-layout-flex wp-container-core-columns-is-layout-9d6595d7 wp-block-columns-is-layout-flex\">\n<div class=\"wp-block-column is-layout-flow wp-block-column-is-layout-flow\">\n<p><strong>OPIS:<br><\/strong>&nbsp;&nbsp;&nbsp;D\u0105b ostrolistny w suchym i gor\u0105cym klimacie pozostaje zwykle drzewem kilkunastometrowym z szerok\u0105, sp\u0142aszczon\u0105 koron\u0105, w bardziej sprzyjaj\u0105cych warunkach mo\u017ce osi\u0105gn\u0105\u0107 nawet 25 metr\u00f3w. Bardzo dobrze czuje si\u0119 w Zachodniej Europie, gdzie cz\u0119sto jest uprawiany jako drzewo ozdobne, w Wielkiej Brytanii np. uznano go za gatunek inwazyjny.&nbsp;<br>&nbsp;&nbsp;&nbsp;D\u0105b ostrolistny jest zimozielony &#8211; sztywne, sk\u00f3rzaste, ciemnozielone z wierzchu a szare od spodu li\u015bcie pozostaj\u0105 na drzewach przez dwa sezony. Nazwa &#8222;ostrolistny&#8221; dobrze opisuje li\u015bcie na m\u0142odych drzewach i dolnych ga\u0142\u0119ziach drzew doros\u0142ych: 5-10 cm d\u0142ugie, maj\u0105 na brzegach liczne z\u0105bki czasem zako\u0144czone kolcami. W wy\u017cszych partiach korony, poza zasi\u0119giem pysk\u00f3w saren, koni, \u015bwi\u0144 i innych zwierzak\u00f3w, kt\u00f3re mia\u0142y by ochot\u0119 je zje\u015b\u0107, li\u015bcie d\u0119bu ostrolistnego maj\u0105 brzegi g\u0142adkie.&nbsp;<br>&nbsp;&nbsp;&nbsp;Wyr\u00f3\u017cniane s\u0105 dwa podgatunki:&nbsp;<br>&#8211; typowy&nbsp;<em>(Quercus ilex)&nbsp;<\/em>subsp. ilex ro\u015bnie na p\u00f3\u0142nocy Portugalii i Hiszpanii, we Francji i na wybrze\u017cu Morza \u015ar\u00f3dziemnego a\u017c po Grecj\u0119. Li\u015bcie na doros\u0142ych drzewach wyra\u017anie wyd\u0142u\u017cone, lancetowate o rozmiarach do 3&#215;8 cm. \u017bo\u0142\u0119dzie maj\u0105 oko\u0142o 2 cm d\u0142ugo\u015bci.<br>&#8211; Quercus ilex subsp. rotundifolia wyst\u0119puje w p\u00f3\u0142nocnej Afryce i na po\u0142udniu p\u00f3\u0142wyspu Iberyjskiego. Li\u015bcie u tej odmiany s\u0105 szersze, a s\u0142odkie, pozbawione goryczki \u017co\u0142\u0119dzie s\u0105 wi\u0119ksze, maj\u0105 d\u0142ugo\u015b\u0107 oko\u0142o 2.5 cm. \u017bo\u0142\u0119dzie tej odmiany nadaj\u0105 si\u0119 do jedzenia pra\u017cone jak kasztany, bywaj\u0105 mielone i z m\u0105ki wypiekany jest chleb,&nbsp;<br>&nbsp;&nbsp;&nbsp;Opr\u00f3cz dekoracyjnych, d\u0119by ostrolistne posiadaj\u0105 liczne walory u\u017cytkowe. Ich drewno, ci\u0119\u017ckie i twarde, od wiek\u00f3w u\u017cywane by\u0142o do wyrobu mebli i narz\u0119dzi. D\u0105b ostrolistny to jeden z najwa\u017cniejszych gatunk\u00f3w w sadach truflowych &#8211; z nim wsp\u00f3\u0142\u017cyje najbardziej ceniona trufle bia\u0142e&nbsp;<em>Tuber magnatum<\/em>&nbsp;i czarne&nbsp;<em>Tuber melanosporum<\/em>. Najwi\u0119ksze znaczenie maj\u0105 te d\u0119by dla gospodarki po\u0142udniowych region\u00f3w Hiszpanii. S\u0142ynna szynka&nbsp;<em>Jam\u00f3n ib\u00e9rico<\/em>, pochodzi z czarnych \u015bwi\u0144 \u017cyj\u0105cych w Hiszpanii, najcenniejsza z niemal przez ca\u0142e \u017cycie w pas\u0105cych si\u0119 lasach d\u0119bowych, \u017cywi\u0105cych si\u0119 wy\u0142\u0105cznie zio\u0142ami i \u017co\u0142\u0119dziami. Najlepsze, suszone co najmniej 3 lata&nbsp;<em>jam\u00f3n ib\u00e9rico de bellota&nbsp;<\/em>(&#8217;hiszpa\u0144ska szynka \u017co\u0142\u0119dziowa&#8217;) kosztuj\u0105 w USA nawet 90$ za funt (ponad 200$\/kg).<\/p>\n<\/div>\n\n\n\n<div class=\"wp-block-column is-layout-flow wp-block-column-is-layout-flow\">\n<div class=\"wp-block-image\"><figure class=\"aligncenter size-large\"><img loading=\"lazy\" decoding=\"async\" width=\"500\" height=\"375\" src=\"https:\/\/www.ogrodnick.pl\/word\/wp-content\/uploads\/2020\/03\/quercus_ilex_drzewo3.jpg\" alt=\"\" class=\"wp-image-925\" srcset=\"https:\/\/www.ogrodnick.pl\/word\/wp-content\/uploads\/2020\/03\/quercus_ilex_drzewo3.jpg 500w, https:\/\/www.ogrodnick.pl\/word\/wp-content\/uploads\/2020\/03\/quercus_ilex_drzewo3-300x225.jpg 300w\" sizes=\"auto, (max-width: 500px) 100vw, 500px\" \/><\/figure><\/div>\n<\/div>\n<\/div>\n\n\n\n<div class=\"wp-block-columns alignfull is-layout-flex wp-container-core-columns-is-layout-9d6595d7 wp-block-columns-is-layout-flex\">\n<div class=\"wp-block-column is-layout-flow wp-block-column-is-layout-flow\">\n<p><strong>UPRAWA:<\/strong>&nbsp;<br>&nbsp;&nbsp;&nbsp;D\u0119by ostrolistne wytrzymuj\u0105 mrozy do -17 stopni &#8211; w Polsce nadaj\u0105 si\u0119 do uprawy pojemnikowej lub jako &#8222;ro\u015bliny specjalnej troski&#8221; w najcieplejszych rejonach kraju. Podczas &#8222;zim stulecia&#8221; -20C bywa nawet we Wroc\u0142awiu i Szczecinie&#8230;&nbsp;<br>&nbsp;&nbsp;&nbsp;D\u0105b ostrolistne mo\u017ce rosn\u0105\u0107 na praktycznie ka\u017cdej glebie nie wy\u0142\u0105czaj\u0105c wapiennych.&nbsp;<br>W m\u0142odo\u015bci znosi ocienienie, najlepiej ro\u015bnie w pe\u0142nym s\u0142o\u0144cu Jak wi\u0119kszo\u015b\u0107 d\u0119b\u00f3w, d\u0105b ostrolistny \u017ale znosi przesadzanie.<\/p>\n<\/div>\n\n\n\n<div class=\"wp-block-column is-layout-flow wp-block-column-is-layout-flow\">\n<figure class=\"wp-block-image size-large\"><img loading=\"lazy\" decoding=\"async\" width=\"500\" height=\"439\" src=\"https:\/\/www.ogrodnick.pl\/word\/wp-content\/uploads\/2020\/03\/quercus_ilex_lisciemlody.jpg\" alt=\"\" class=\"wp-image-926\" srcset=\"https:\/\/www.ogrodnick.pl\/word\/wp-content\/uploads\/2020\/03\/quercus_ilex_lisciemlody.jpg 500w, https:\/\/www.ogrodnick.pl\/word\/wp-content\/uploads\/2020\/03\/quercus_ilex_lisciemlody-300x263.jpg 300w\" sizes=\"auto, (max-width: 500px) 100vw, 500px\" \/><\/figure>\n<\/div>\n<\/div>\n\n\n\n<div class=\"wp-block-image\"><figure class=\"aligncenter size-large\"><img loading=\"lazy\" decoding=\"async\" width=\"500\" height=\"401\" src=\"https:\/\/www.ogrodnick.pl\/word\/wp-content\/uploads\/2020\/03\/quercus_ilex_owoc.jpg\" alt=\"\" class=\"wp-image-927\" srcset=\"https:\/\/www.ogrodnick.pl\/word\/wp-content\/uploads\/2020\/03\/quercus_ilex_owoc.jpg 500w, https:\/\/www.ogrodnick.pl\/word\/wp-content\/uploads\/2020\/03\/quercus_ilex_owoc-300x241.jpg 300w\" sizes=\"auto, (max-width: 500px) 100vw, 500px\" \/><\/figure><\/div>\n","protected":false},"excerpt":{"rendered":"<p>D\u0105b ostrolistny&nbsp;(Quercus ilex) wyst\u0119puje w rejonie morza \u015ar\u00f3dziemnego: w p\u00f3\u0142nocnej Afryce oraz po\u0142udniowej Europie, od Grecji po Portugali\u0119.&nbsp;Ilex&nbsp;to stara \u0142aci\u0144ska nazwa tego d\u0119bu &#8211; ostrokrzewom nadano nazw\u0119 gatunkow\u0105 &#8222;Ilex&#8221; gdy\u017c ich li\u015bcie s\u0105 podobne do li\u015bci m\u0142odych d\u0119b\u00f3w ostrolistnych, nie odwrotnie. OPIS:&nbsp;&nbsp;&nbsp;D\u0105b ostrolistny w suchym i gor\u0105cym klimacie pozostaje zwykle drzewem kilkunastometrowym z szerok\u0105, sp\u0142aszczon\u0105 [&hellip;]<\/p>\n","protected":false},"author":1,"featured_media":0,"parent":0,"menu_order":0,"comment_status":"closed","ping_status":"closed","template":"","meta":{"footnotes":""},"class_list":["post-509","page","type-page","status-publish","hentry"],"_links":{"self":[{"href":"https:\/\/www.ogrodnick.pl\/word\/wp-json\/wp\/v2\/pages\/509","targetHints":{"allow":["GET"]}}],"collection":[{"href":"https:\/\/www.ogrodnick.pl\/word\/wp-json\/wp\/v2\/pages"}],"about":[{"href":"https:\/\/www.ogrodnick.pl\/word\/wp-json\/wp\/v2\/types\/page"}],"author":[{"embeddable":true,"href":"https:\/\/www.ogrodnick.pl\/word\/wp-json\/wp\/v2\/users\/1"}],"replies":[{"embeddable":true,"href":"https:\/\/www.ogrodnick.pl\/word\/wp-json\/wp\/v2\/comments?post=509"}],"version-history":[{"count":2,"href":"https:\/\/www.ogrodnick.pl\/word\/wp-json\/wp\/v2\/pages\/509\/revisions"}],"predecessor-version":[{"id":1028,"href":"https:\/\/www.ogrodnick.pl\/word\/wp-json\/wp\/v2\/pages\/509\/revisions\/1028"}],"wp:attachment":[{"href":"https:\/\/www.ogrodnick.pl\/word\/wp-json\/wp\/v2\/media?parent=509"}],"curies":[{"name":"wp","href":"https:\/\/api.w.org\/{rel}","templated":true}]}}

Dąb ostrolistny (Quercus ilex)

<div class="wp-block-group alignfull"><div class="wp-block-group__inner-container is-layout-flow wp-block-group-is-layout-flow">
<p>Dąb ostrolistny&nbsp;<em>(Quercus ilex)</em> występuje w rejonie morza Śródziemnego: w północnej Afryce oraz południowej Europie, od Grecji po Portugalię.&nbsp;<em>Ilex</em>&nbsp;to stara łacińska nazwa tego dębu &#8211; ostrokrzewom nadano nazwę gatunkową &#8222;Ilex&#8221; gdyż ich liście są podobne do liści młodych dębów ostrolistnych, nie odwrotnie.</p>
</div></div>



<div class="wp-block-columns alignfull is-layout-flex wp-container-core-columns-is-layout-9d6595d7 wp-block-columns-is-layout-flex">
<div class="wp-block-column is-layout-flow wp-block-column-is-layout-flow">
<p><strong>OPIS:<br></strong>&nbsp;&nbsp;&nbsp;Dąb ostrolistny w suchym i gorącym klimacie pozostaje zwykle drzewem kilkunastometrowym z szeroką, spłaszczoną koroną, w bardziej sprzyjających warunkach może osiągnąć nawet 25 metrów. Bardzo dobrze czuje się w Zachodniej Europie, gdzie często jest uprawiany jako drzewo ozdobne, w Wielkiej Brytanii np. uznano go za gatunek inwazyjny.&nbsp;<br>&nbsp;&nbsp;&nbsp;Dąb ostrolistny jest zimozielony &#8211; sztywne, skórzaste, ciemnozielone z wierzchu a szare od spodu liście pozostają na drzewach przez dwa sezony. Nazwa &#8222;ostrolistny&#8221; dobrze opisuje liście na młodych drzewach i dolnych gałęziach drzew dorosłych: 5-10 cm długie, mają na brzegach liczne ząbki czasem zakończone kolcami. W wyższych partiach korony, poza zasięgiem pysków saren, koni, świń i innych zwierzaków, które miały by ochotę je zjeść, liście dębu ostrolistnego mają brzegi gładkie.&nbsp;<br>&nbsp;&nbsp;&nbsp;Wyróżniane są dwa podgatunki:&nbsp;<br>&#8211; typowy&nbsp;<em>(Quercus ilex)&nbsp;</em>subsp. ilex rośnie na północy Portugalii i Hiszpanii, we Francji i na wybrzeżu Morza Śródziemnego aż po Grecję. Liście na dorosłych drzewach wyraźnie wydłużone, lancetowate o rozmiarach do 3&#215;8 cm. Żołędzie mają około 2 cm długości.<br>&#8211; Quercus ilex subsp. rotundifolia występuje w północnej Afryce i na południu półwyspu Iberyjskiego. Liście u tej odmiany są szersze, a słodkie, pozbawione goryczki żołędzie są większe, mają długość około 2.5 cm. Żołędzie tej odmiany nadają się do jedzenia prażone jak kasztany, bywają mielone i z mąki wypiekany jest chleb,&nbsp;<br>&nbsp;&nbsp;&nbsp;Oprócz dekoracyjnych, dęby ostrolistne posiadają liczne walory użytkowe. Ich drewno, ciężkie i twarde, od wieków używane było do wyrobu mebli i narzędzi. Dąb ostrolistny to jeden z najważniejszych gatunków w sadach truflowych &#8211; z nim współżyje najbardziej ceniona trufle białe&nbsp;<em>Tuber magnatum</em>&nbsp;i czarne&nbsp;<em>Tuber melanosporum</em>. Największe znaczenie mają te dęby dla gospodarki południowych regionów Hiszpanii. Słynna szynka&nbsp;<em>Jamón ibérico</em>, pochodzi z czarnych świń żyjących w Hiszpanii, najcenniejsza z niemal przez całe życie w pasących się lasach dębowych, żywiących się wyłącznie ziołami i żołędziami. Najlepsze, suszone co najmniej 3 lata&nbsp;<em>jamón ibérico de bellota&nbsp;</em>(&#8217;hiszpańska szynka żołędziowa&#8217;) kosztują w USA nawet 90$ za funt (ponad 200$/kg).</p>
</div>



<div class="wp-block-column is-layout-flow wp-block-column-is-layout-flow">
<div class="wp-block-image"><figure class="aligncenter size-large"><img loading="lazy" decoding="async" width="500" height="375" src="https://www.ogrodnick.pl/word/wp-content/uploads/2020/03/quercus_ilex_drzewo3.jpg" alt="" class="wp-image-925" srcset="https://www.ogrodnick.pl/word/wp-content/uploads/2020/03/quercus_ilex_drzewo3.jpg 500w, https://www.ogrodnick.pl/word/wp-content/uploads/2020/03/quercus_ilex_drzewo3-300x225.jpg 300w" sizes="auto, (max-width: 500px) 100vw, 500px" /></figure></div>
</div>
</div>



<div class="wp-block-columns alignfull is-layout-flex wp-container-core-columns-is-layout-9d6595d7 wp-block-columns-is-layout-flex">
<div class="wp-block-column is-layout-flow wp-block-column-is-layout-flow">
<p><strong>UPRAWA:</strong>&nbsp;<br>&nbsp;&nbsp;&nbsp;Dęby ostrolistne wytrzymują mrozy do -17 stopni &#8211; w Polsce nadają się do uprawy pojemnikowej lub jako &#8222;rośliny specjalnej troski&#8221; w najcieplejszych rejonach kraju. Podczas &#8222;zim stulecia&#8221; -20C bywa nawet we Wrocławiu i Szczecinie&#8230;&nbsp;<br>&nbsp;&nbsp;&nbsp;Dąb ostrolistne może rosnąć na praktycznie każdej glebie nie wyłączając wapiennych.&nbsp;<br>W młodości znosi ocienienie, najlepiej rośnie w pełnym słońcu Jak większość dębów, dąb ostrolistny źle znosi przesadzanie.</p>
</div>



<div class="wp-block-column is-layout-flow wp-block-column-is-layout-flow">
<figure class="wp-block-image size-large"><img loading="lazy" decoding="async" width="500" height="439" src="https://www.ogrodnick.pl/word/wp-content/uploads/2020/03/quercus_ilex_lisciemlody.jpg" alt="" class="wp-image-926" srcset="https://www.ogrodnick.pl/word/wp-content/uploads/2020/03/quercus_ilex_lisciemlody.jpg 500w, https://www.ogrodnick.pl/word/wp-content/uploads/2020/03/quercus_ilex_lisciemlody-300x263.jpg 300w" sizes="auto, (max-width: 500px) 100vw, 500px" /></figure>
</div>
</div>



<div class="wp-block-image"><figure class="aligncenter size-large"><img loading="lazy" decoding="async" width="500" height="401" src="https://www.ogrodnick.pl/word/wp-content/uploads/2020/03/quercus_ilex_owoc.jpg" alt="" class="wp-image-927" srcset="https://www.ogrodnick.pl/word/wp-content/uploads/2020/03/quercus_ilex_owoc.jpg 500w, https://www.ogrodnick.pl/word/wp-content/uploads/2020/03/quercus_ilex_owoc-300x241.jpg 300w" sizes="auto, (max-width: 500px) 100vw, 500px" /></figure></div>

<p>Dąb ostrolistny&nbsp;(Quercus ilex) występuje w rejonie morza Śródziemnego: w północnej Afryce oraz południowej Europie, od Grecji po Portugalię.&nbsp;Ilex&nbsp;to stara łacińska nazwa tego dębu &#8211; ostrokrzewom nadano nazwę gatunkową &#8222;Ilex&#8221; gdyż ich liście są podobne do liści młodych dębów ostrolistnych, nie odwrotnie. OPIS:&nbsp;&nbsp;&nbsp;Dąb ostrolistny w suchym i gorącym klimacie pozostaje zwykle drzewem kilkunastometrowym z szeroką, spłaszczoną [&hellip;]</p>
