{"id":508,"date":"2020-03-15T14:50:04","date_gmt":"2020-03-15T14:50:04","guid":{"rendered":"http:\/\/www.ogrodnick.pl\/word\/?page_id=508"},"modified":"2020-03-19T12:51:50","modified_gmt":"2020-03-19T12:51:50","slug":"dab-wielkoowocowy-quercus-macrocarpa","status":"publish","type":"page","link":"https:\/\/www.ogrodnick.pl\/word\/dab-wielkoowocowy-quercus-macrocarpa\/","title":{"rendered":"D\u0105b wielkoowocowy (Quercus macrocarpa)"},"content":{"rendered":"\n<div class=\"wp-block-group alignfull\"><div class=\"wp-block-group__inner-container is-layout-flow wp-block-group-is-layout-flow\">\n<p>D\u0105b wielkoowocowy&nbsp;(<em>Quercus macrocarpa<\/em>) w naturze wyst\u0119puje we wschodniej i \u015brodkowej cz\u0119\u015bci Ameryki P\u00f3\u0142nocnej (USA i po\u0142udnie Kanady).<\/p>\n<\/div><\/div>\n\n\n\n<div class=\"wp-block-columns alignfull is-layout-flex wp-container-core-columns-is-layout-9d6595d7 wp-block-columns-is-layout-flex\">\n<div class=\"wp-block-column is-layout-flow wp-block-column-is-layout-flow\">\n<p><strong>OPIS:<\/strong><br>&nbsp;&nbsp;&nbsp;D\u0105b wielkoowocowy potrafi znakomicie przystosowa\u0107 si\u0119 do r\u00f3\u017cnych warunk\u00f3w klimatycznych i glebowych, ma najwi\u0119kszy zasi\u0119g wyst\u0119powania ze wszystkich p\u00f3\u0142nocnoameryka\u0144skich d\u0119b\u00f3w. To d\u0142ugowieczne (przeci\u0119tnie \u017cyje 200-300 lat), powoli rosn\u0105ce drzewo na \u017cyznych nadrzecznych glebach w gor\u0105cym Teksasie mo\u017ce osi\u0105gn\u0105\u0107 nawet 50 metr\u00f3w wysoko\u015bci przy trzymetrowej \u015brednicy pnia. Te same d\u0119by rosn\u0105ce na suchych glebach u podn\u00f3\u017ca G\u00f3r Skalistych lub w Kanadzie gdzie zim\u0105 zwykle temperatury spadaj\u0105 do -40 C a suma rocznych opad\u00f3w wynosi zaledwie 350 milimetr\u00f3w pozostaj\u0105 5-metrowymi krzewami albo wyrastaj\u0105 w niewielkie drzewka.&nbsp;<\/p>\n\n\n\n<p>&nbsp;&nbsp;&nbsp;D\u0119by wielkoowocowe by\u0142y oko\u0142o roku 1900 najpospolitszymi drzewami na wielkich r\u00f3wninach w centrum Ameryki P\u00f3\u0142nocnej, lasy tworzone przez ten gatunek zajmowa\u0142y na \u015arodkowym Zachodzie ponad 13 000 000 hektar\u00f3w. Kiedy w pocz\u0105tku XX wieku ruszy\u0142a z Europy do Ameryki wielka fala emigracji, rejony w kt\u00f3rych ros\u0142y d\u0119by wielkoowocowe okaza\u0142y si\u0119 idealnym miejscem do osadnictwa &#8211; ich drewno by\u0142o doskona\u0142ym materia\u0142em budowlanym i opa\u0142owym. W\u0119druj\u0105cy na zach\u00f3d osadnicy obierali sobie miejsce na skraju lasu, wycinali drzewa aby pobudowa\u0107 domy, stodo\u0142y i p\u0142oty, gromadzili drewno na opa\u0142. Kiedy ju\u017c uznali, \u017ce wi\u0119cej drewna nie jest im potrzebne las podpalali &#8211; uzyskiwali tereny do wypasu byd\u0142a i uprawy roli, pozbywali si\u0119 konkurencji do zaw\u0142aszczonych obszar\u00f3w (nast\u0119pni przybysze musieli szuka\u0107 innego lasu gdzie\u015b dalej) Efekt by\u0142 taki, \u017ce w roku 1985 zosta\u0142o ledwie 2600 hektar\u00f3w las\u00f3w, w kt\u00f3rych dominuj\u0105cym gatunkiem by\u0142 d\u0105b wielkoowocowy.<\/p>\n\n\n\n<p>&nbsp;&nbsp;&nbsp;Swoj\u0105 nazw\u0119 ten d\u0105b zawdzi\u0119cza niezwyk\u0142ym owocom: na po\u0142udniu zasi\u0119gu obradza nawet 5-centymetrowej d\u0142ugo\u015bci \u017co\u0142\u0119dzie (st\u0105d &#8222;wielkoowocowy&#8221; i \u0142aci\u0144skie &#8222;macrocarpa&#8221;) w dw\u00f3ch trzecich okryte kosmatymi miseczkami (dlatego amerykanie nazywaj\u0105 go &#8222;bur oak&#8221; czyli d\u0105b nastroszony, kostropaty). Wielko\u015b\u0107 owoc\u00f3w bardzo zale\u017cy od warunk\u00f3w w jakich rosn\u0105 drzewa: o ile przeci\u0119tna masa \u017co\u0142\u0119dzi z Teksasu wynosi 7.5 gram\u00f3w, to te kanadyjskie maj\u0105 ledwie 0.9 grama. U nas podobnie &#8211; w Szczecinie i Wroc\u0142awiu b\u0119d\u0105 rosn\u0105\u0107 wi\u0119ksze \u017co\u0142\u0119dzie ni\u017c w Zakopanem czy na Mazurach.&nbsp;<\/p>\n\n\n\n<p>&nbsp;&nbsp;&nbsp;\u017bo\u0142\u0119dzie d\u0119bu wielkoowocowego (podobnie jak innych ameryka\u0144skich d\u0119b\u00f3w z li\u015b\u0107mi o zaokr\u0105glonych klapach) nie zawieraj\u0105 wcale lub zawieraj\u0105 niewielkie ilo\u015bci gorzkiej taniny i s\u0105 jadalne. Mo\u017cna je suszy\u0107 i mieli\u0107 na m\u0105k\u0119 (jak kiedy\u015b Indianie), mog\u0105 by\u0107 jedzone na surowo. Owoce z r\u00f3\u017cnych drzew r\u00f3\u017cni\u0105 si\u0119 smakiem, ich smak zale\u017cy r\u00f3wnie\u017c od przebiegu pogody &#8211; s\u0142odsze s\u0105 gdy lato by\u0142o mokre, bardziej gorzkie po lecie suchym i gor\u0105cym. Zbyt gorzkie mo\u017cna &#8222;usmaczni\u0107&#8221; &#8211; moczone kilka dni w zimnej, codziennie zmienianej wodzie zachowaj\u0105 aromat, strac\u0105 niewiele witamin.&nbsp;<\/p>\n\n\n\n<p>&nbsp;&nbsp;&nbsp;D\u0119by wielkoowocowe, wyt\u0119pione w naturze, s\u0105 bardzo powszechnie sadzone w USA i w Kanadzie jako drzewa ozdobne. Ciemnozielone li\u015bcie fantazyjnie powcinane i nieco pofa\u0142dowane na brzegach maj\u0105 do 30 cm d\u0142ugo\u015bci, jesieni\u0105 przebarwiaj\u0105 si\u0119 na kolor z\u0142ocistobr\u0105zowy. Drzewa pocz\u0105tkowo maj\u0105 koron\u0119 wrzecionowat\u0105 &#8211; ze wzgl\u0119du na powolny wzrost przez dziesi\u0105tki lat mog\u0105 s\u0142u\u017cy\u0107 jako drzewa uliczne. Starsze, z szerok\u0105 koron\u0105 spotka\u0107 mo\u017cna na parkingach i w parkach.<\/p>\n<\/div>\n\n\n\n<div class=\"wp-block-column is-layout-flow wp-block-column-is-layout-flow\">\n<div class=\"wp-block-image\"><figure class=\"aligncenter size-large\"><img loading=\"lazy\" decoding=\"async\" width=\"500\" height=\"692\" src=\"https:\/\/www.ogrodnick.pl\/word\/wp-content\/uploads\/2020\/03\/Quercus_macrocarpa_drzewo500.jpg\" alt=\"\" class=\"wp-image-928\" srcset=\"https:\/\/www.ogrodnick.pl\/word\/wp-content\/uploads\/2020\/03\/Quercus_macrocarpa_drzewo500.jpg 500w, https:\/\/www.ogrodnick.pl\/word\/wp-content\/uploads\/2020\/03\/Quercus_macrocarpa_drzewo500-217x300.jpg 217w\" sizes=\"auto, (max-width: 500px) 100vw, 500px\" \/><\/figure><\/div>\n<\/div>\n<\/div>\n\n\n\n<div class=\"wp-block-columns alignfull is-layout-flex wp-container-core-columns-is-layout-9d6595d7 wp-block-columns-is-layout-flex\">\n<div class=\"wp-block-column is-layout-flow wp-block-column-is-layout-flow\">\n<p><strong>UPRAWA:<\/strong><br>&nbsp;&nbsp;&nbsp;D\u0119by wielkoowocowe s\u0105&nbsp;ca\u0142kowicie&nbsp;odporne na mrozy, mog\u0105 rosn\u0105\u0107 w ca\u0142ej Polsce. Mo\u017cna je sadzi\u0107 na ka\u017cdej glebie &#8211; \u015bwietnie znosz\u0105 i susz\u0119, i okresowe zalewanie.&nbsp;<br>   Jest to jeden z niewielu gatunk\u00f3w d\u0119b\u00f3w kt\u00f3ry zdrowo ro\u015bnie na glebach zasadowych &#8211; zupe\u0142nie nie cierpi\u0105 na chloroz\u0119 nawet na zanieczyszczonych gruzem i wapnem placach budowy.&nbsp;<br>   D\u0119by wielkoowocowe wymagaj\u0105 stanowisk s\u0142onecznych. Nie lubi\u0105 przesadzania, najlepiej sadzi\u0107 na stanowiska docelowe mo\u017cliwie m\u0142ode.&nbsp;<\/p>\n<\/div>\n\n\n\n<div class=\"wp-block-column is-layout-flow wp-block-column-is-layout-flow\">\n<div class=\"wp-block-image\"><figure class=\"aligncenter size-large\"><img loading=\"lazy\" decoding=\"async\" width=\"500\" height=\"313\" src=\"https:\/\/www.ogrodnick.pl\/word\/wp-content\/uploads\/2020\/03\/Quercus_macrocarpa_owoce500.jpg\" alt=\"\" class=\"wp-image-933\" srcset=\"https:\/\/www.ogrodnick.pl\/word\/wp-content\/uploads\/2020\/03\/Quercus_macrocarpa_owoce500.jpg 500w, https:\/\/www.ogrodnick.pl\/word\/wp-content\/uploads\/2020\/03\/Quercus_macrocarpa_owoce500-300x188.jpg 300w\" sizes=\"auto, (max-width: 500px) 100vw, 500px\" \/><\/figure><\/div>\n<\/div>\n<\/div>\n\n\n\n<div class=\"wp-block-columns alignfull is-layout-flex wp-container-core-columns-is-layout-9d6595d7 wp-block-columns-is-layout-flex\">\n<div class=\"wp-block-column is-layout-flow wp-block-column-is-layout-flow\">\n<div class=\"wp-block-image\"><figure class=\"aligncenter size-large\"><img loading=\"lazy\" decoding=\"async\" width=\"500\" height=\"410\" src=\"https:\/\/www.ogrodnick.pl\/word\/wp-content\/uploads\/2020\/03\/Quercus_macrocarpa_liscie500.jpg\" alt=\"\" class=\"wp-image-930\" srcset=\"https:\/\/www.ogrodnick.pl\/word\/wp-content\/uploads\/2020\/03\/Quercus_macrocarpa_liscie500.jpg 500w, https:\/\/www.ogrodnick.pl\/word\/wp-content\/uploads\/2020\/03\/Quercus_macrocarpa_liscie500-300x246.jpg 300w\" sizes=\"auto, (max-width: 500px) 100vw, 500px\" \/><\/figure><\/div>\n<\/div>\n\n\n\n<div class=\"wp-block-column is-layout-flow wp-block-column-is-layout-flow\">\n<div class=\"wp-block-image\"><figure class=\"aligncenter size-large\"><img loading=\"lazy\" decoding=\"async\" width=\"500\" height=\"563\" src=\"https:\/\/www.ogrodnick.pl\/word\/wp-content\/uploads\/2020\/03\/Quercus_macrocarpa_lisciejesien500.jpg\" alt=\"\" class=\"wp-image-931\" srcset=\"https:\/\/www.ogrodnick.pl\/word\/wp-content\/uploads\/2020\/03\/Quercus_macrocarpa_lisciejesien500.jpg 500w, https:\/\/www.ogrodnick.pl\/word\/wp-content\/uploads\/2020\/03\/Quercus_macrocarpa_lisciejesien500-266x300.jpg 266w\" sizes=\"auto, (max-width: 500px) 100vw, 500px\" \/><\/figure><\/div>\n<\/div>\n<\/div>\n\n\n\n<div class=\"wp-block-image\"><figure class=\"aligncenter size-large\"><img loading=\"lazy\" decoding=\"async\" width=\"500\" height=\"375\" src=\"https:\/\/www.ogrodnick.pl\/word\/wp-content\/uploads\/2020\/03\/Quercus_macrocarpa_owoc500.jpg\" alt=\"\" class=\"wp-image-932\" srcset=\"https:\/\/www.ogrodnick.pl\/word\/wp-content\/uploads\/2020\/03\/Quercus_macrocarpa_owoc500.jpg 500w, https:\/\/www.ogrodnick.pl\/word\/wp-content\/uploads\/2020\/03\/Quercus_macrocarpa_owoc500-300x225.jpg 300w\" sizes=\"auto, (max-width: 500px) 100vw, 500px\" \/><\/figure><\/div>\n","protected":false},"excerpt":{"rendered":"<p>D\u0105b wielkoowocowy&nbsp;(Quercus macrocarpa) w naturze wyst\u0119puje we wschodniej i \u015brodkowej cz\u0119\u015bci Ameryki P\u00f3\u0142nocnej (USA i po\u0142udnie Kanady). OPIS:&nbsp;&nbsp;&nbsp;D\u0105b wielkoowocowy potrafi znakomicie przystosowa\u0107 si\u0119 do r\u00f3\u017cnych warunk\u00f3w klimatycznych i glebowych, ma najwi\u0119kszy zasi\u0119g wyst\u0119powania ze wszystkich p\u00f3\u0142nocnoameryka\u0144skich d\u0119b\u00f3w. To d\u0142ugowieczne (przeci\u0119tnie \u017cyje 200-300 lat), powoli rosn\u0105ce drzewo na \u017cyznych nadrzecznych glebach w gor\u0105cym Teksasie mo\u017ce osi\u0105gn\u0105\u0107 [&hellip;]<\/p>\n","protected":false},"author":1,"featured_media":0,"parent":0,"menu_order":0,"comment_status":"closed","ping_status":"closed","template":"","meta":{"footnotes":""},"class_list":["post-508","page","type-page","status-publish","hentry"],"_links":{"self":[{"href":"https:\/\/www.ogrodnick.pl\/word\/wp-json\/wp\/v2\/pages\/508","targetHints":{"allow":["GET"]}}],"collection":[{"href":"https:\/\/www.ogrodnick.pl\/word\/wp-json\/wp\/v2\/pages"}],"about":[{"href":"https:\/\/www.ogrodnick.pl\/word\/wp-json\/wp\/v2\/types\/page"}],"author":[{"embeddable":true,"href":"https:\/\/www.ogrodnick.pl\/word\/wp-json\/wp\/v2\/users\/1"}],"replies":[{"embeddable":true,"href":"https:\/\/www.ogrodnick.pl\/word\/wp-json\/wp\/v2\/comments?post=508"}],"version-history":[{"count":2,"href":"https:\/\/www.ogrodnick.pl\/word\/wp-json\/wp\/v2\/pages\/508\/revisions"}],"predecessor-version":[{"id":1029,"href":"https:\/\/www.ogrodnick.pl\/word\/wp-json\/wp\/v2\/pages\/508\/revisions\/1029"}],"wp:attachment":[{"href":"https:\/\/www.ogrodnick.pl\/word\/wp-json\/wp\/v2\/media?parent=508"}],"curies":[{"name":"wp","href":"https:\/\/api.w.org\/{rel}","templated":true}]}}

Dąb wielkoowocowy (Quercus macrocarpa)

<div class="wp-block-group alignfull"><div class="wp-block-group__inner-container is-layout-flow wp-block-group-is-layout-flow">
<p>Dąb wielkoowocowy&nbsp;(<em>Quercus macrocarpa</em>) w naturze występuje we wschodniej i środkowej części Ameryki Północnej (USA i południe Kanady).</p>
</div></div>



<div class="wp-block-columns alignfull is-layout-flex wp-container-core-columns-is-layout-9d6595d7 wp-block-columns-is-layout-flex">
<div class="wp-block-column is-layout-flow wp-block-column-is-layout-flow">
<p><strong>OPIS:</strong><br>&nbsp;&nbsp;&nbsp;Dąb wielkoowocowy potrafi znakomicie przystosować się do różnych warunków klimatycznych i glebowych, ma największy zasięg występowania ze wszystkich północnoamerykańskich dębów. To długowieczne (przeciętnie żyje 200-300 lat), powoli rosnące drzewo na żyznych nadrzecznych glebach w gorącym Teksasie może osiągnąć nawet 50 metrów wysokości przy trzymetrowej średnicy pnia. Te same dęby rosnące na suchych glebach u podnóża Gór Skalistych lub w Kanadzie gdzie zimą zwykle temperatury spadają do -40 C a suma rocznych opadów wynosi zaledwie 350 milimetrów pozostają 5-metrowymi krzewami albo wyrastają w niewielkie drzewka.&nbsp;</p>



<p>&nbsp;&nbsp;&nbsp;Dęby wielkoowocowe były około roku 1900 najpospolitszymi drzewami na wielkich równinach w centrum Ameryki Północnej, lasy tworzone przez ten gatunek zajmowały na Środkowym Zachodzie ponad 13 000 000 hektarów. Kiedy w początku XX wieku ruszyła z Europy do Ameryki wielka fala emigracji, rejony w których rosły dęby wielkoowocowe okazały się idealnym miejscem do osadnictwa &#8211; ich drewno było doskonałym materiałem budowlanym i opałowym. Wędrujący na zachód osadnicy obierali sobie miejsce na skraju lasu, wycinali drzewa aby pobudować domy, stodoły i płoty, gromadzili drewno na opał. Kiedy już uznali, że więcej drewna nie jest im potrzebne las podpalali &#8211; uzyskiwali tereny do wypasu bydła i uprawy roli, pozbywali się konkurencji do zawłaszczonych obszarów (następni przybysze musieli szukać innego lasu gdzieś dalej) Efekt był taki, że w roku 1985 zostało ledwie 2600 hektarów lasów, w których dominującym gatunkiem był dąb wielkoowocowy.</p>



<p>&nbsp;&nbsp;&nbsp;Swoją nazwę ten dąb zawdzięcza niezwykłym owocom: na południu zasięgu obradza nawet 5-centymetrowej długości żołędzie (stąd &#8222;wielkoowocowy&#8221; i łacińskie &#8222;macrocarpa&#8221;) w dwóch trzecich okryte kosmatymi miseczkami (dlatego amerykanie nazywają go &#8222;bur oak&#8221; czyli dąb nastroszony, kostropaty). Wielkość owoców bardzo zależy od warunków w jakich rosną drzewa: o ile przeciętna masa żołędzi z Teksasu wynosi 7.5 gramów, to te kanadyjskie mają ledwie 0.9 grama. U nas podobnie &#8211; w Szczecinie i Wrocławiu będą rosnąć większe żołędzie niż w Zakopanem czy na Mazurach.&nbsp;</p>



<p>&nbsp;&nbsp;&nbsp;Żołędzie dębu wielkoowocowego (podobnie jak innych amerykańskich dębów z liśćmi o zaokrąglonych klapach) nie zawierają wcale lub zawierają niewielkie ilości gorzkiej taniny i są jadalne. Można je suszyć i mielić na mąkę (jak kiedyś Indianie), mogą być jedzone na surowo. Owoce z różnych drzew różnią się smakiem, ich smak zależy również od przebiegu pogody &#8211; słodsze są gdy lato było mokre, bardziej gorzkie po lecie suchym i gorącym. Zbyt gorzkie można &#8222;usmacznić&#8221; &#8211; moczone kilka dni w zimnej, codziennie zmienianej wodzie zachowają aromat, stracą niewiele witamin.&nbsp;</p>



<p>&nbsp;&nbsp;&nbsp;Dęby wielkoowocowe, wytępione w naturze, są bardzo powszechnie sadzone w USA i w Kanadzie jako drzewa ozdobne. Ciemnozielone liście fantazyjnie powcinane i nieco pofałdowane na brzegach mają do 30 cm długości, jesienią przebarwiają się na kolor złocistobrązowy. Drzewa początkowo mają koronę wrzecionowatą &#8211; ze względu na powolny wzrost przez dziesiątki lat mogą służyć jako drzewa uliczne. Starsze, z szeroką koroną spotkać można na parkingach i w parkach.</p>
</div>



<div class="wp-block-column is-layout-flow wp-block-column-is-layout-flow">
<div class="wp-block-image"><figure class="aligncenter size-large"><img loading="lazy" decoding="async" width="500" height="692" src="https://www.ogrodnick.pl/word/wp-content/uploads/2020/03/Quercus_macrocarpa_drzewo500.jpg" alt="" class="wp-image-928" srcset="https://www.ogrodnick.pl/word/wp-content/uploads/2020/03/Quercus_macrocarpa_drzewo500.jpg 500w, https://www.ogrodnick.pl/word/wp-content/uploads/2020/03/Quercus_macrocarpa_drzewo500-217x300.jpg 217w" sizes="auto, (max-width: 500px) 100vw, 500px" /></figure></div>
</div>
</div>



<div class="wp-block-columns alignfull is-layout-flex wp-container-core-columns-is-layout-9d6595d7 wp-block-columns-is-layout-flex">
<div class="wp-block-column is-layout-flow wp-block-column-is-layout-flow">
<p><strong>UPRAWA:</strong><br>&nbsp;&nbsp;&nbsp;Dęby wielkoowocowe są&nbsp;całkowicie&nbsp;odporne na mrozy, mogą rosnąć w całej Polsce. Można je sadzić na każdej glebie &#8211; świetnie znoszą i suszę, i okresowe zalewanie.&nbsp;<br>   Jest to jeden z niewielu gatunków dębów który zdrowo rośnie na glebach zasadowych &#8211; zupełnie nie cierpią na chlorozę nawet na zanieczyszczonych gruzem i wapnem placach budowy.&nbsp;<br>   Dęby wielkoowocowe wymagają stanowisk słonecznych. Nie lubią przesadzania, najlepiej sadzić na stanowiska docelowe możliwie młode.&nbsp;</p>
</div>



<div class="wp-block-column is-layout-flow wp-block-column-is-layout-flow">
<div class="wp-block-image"><figure class="aligncenter size-large"><img loading="lazy" decoding="async" width="500" height="313" src="https://www.ogrodnick.pl/word/wp-content/uploads/2020/03/Quercus_macrocarpa_owoce500.jpg" alt="" class="wp-image-933" srcset="https://www.ogrodnick.pl/word/wp-content/uploads/2020/03/Quercus_macrocarpa_owoce500.jpg 500w, https://www.ogrodnick.pl/word/wp-content/uploads/2020/03/Quercus_macrocarpa_owoce500-300x188.jpg 300w" sizes="auto, (max-width: 500px) 100vw, 500px" /></figure></div>
</div>
</div>



<div class="wp-block-columns alignfull is-layout-flex wp-container-core-columns-is-layout-9d6595d7 wp-block-columns-is-layout-flex">
<div class="wp-block-column is-layout-flow wp-block-column-is-layout-flow">
<div class="wp-block-image"><figure class="aligncenter size-large"><img loading="lazy" decoding="async" width="500" height="410" src="https://www.ogrodnick.pl/word/wp-content/uploads/2020/03/Quercus_macrocarpa_liscie500.jpg" alt="" class="wp-image-930" srcset="https://www.ogrodnick.pl/word/wp-content/uploads/2020/03/Quercus_macrocarpa_liscie500.jpg 500w, https://www.ogrodnick.pl/word/wp-content/uploads/2020/03/Quercus_macrocarpa_liscie500-300x246.jpg 300w" sizes="auto, (max-width: 500px) 100vw, 500px" /></figure></div>
</div>



<div class="wp-block-column is-layout-flow wp-block-column-is-layout-flow">
<div class="wp-block-image"><figure class="aligncenter size-large"><img loading="lazy" decoding="async" width="500" height="563" src="https://www.ogrodnick.pl/word/wp-content/uploads/2020/03/Quercus_macrocarpa_lisciejesien500.jpg" alt="" class="wp-image-931" srcset="https://www.ogrodnick.pl/word/wp-content/uploads/2020/03/Quercus_macrocarpa_lisciejesien500.jpg 500w, https://www.ogrodnick.pl/word/wp-content/uploads/2020/03/Quercus_macrocarpa_lisciejesien500-266x300.jpg 266w" sizes="auto, (max-width: 500px) 100vw, 500px" /></figure></div>
</div>
</div>



<div class="wp-block-image"><figure class="aligncenter size-large"><img loading="lazy" decoding="async" width="500" height="375" src="https://www.ogrodnick.pl/word/wp-content/uploads/2020/03/Quercus_macrocarpa_owoc500.jpg" alt="" class="wp-image-932" srcset="https://www.ogrodnick.pl/word/wp-content/uploads/2020/03/Quercus_macrocarpa_owoc500.jpg 500w, https://www.ogrodnick.pl/word/wp-content/uploads/2020/03/Quercus_macrocarpa_owoc500-300x225.jpg 300w" sizes="auto, (max-width: 500px) 100vw, 500px" /></figure></div>

<p>Dąb wielkoowocowy&nbsp;(Quercus macrocarpa) w naturze występuje we wschodniej i środkowej części Ameryki Północnej (USA i południe Kanady). OPIS:&nbsp;&nbsp;&nbsp;Dąb wielkoowocowy potrafi znakomicie przystosować się do różnych warunków klimatycznych i glebowych, ma największy zasięg występowania ze wszystkich północnoamerykańskich dębów. To długowieczne (przeciętnie żyje 200-300 lat), powoli rosnące drzewo na żyznych nadrzecznych glebach w gorącym Teksasie może osiągnąć [&hellip;]</p>
