{"id":507,"date":"2020-03-15T14:53:55","date_gmt":"2020-03-15T14:53:55","guid":{"rendered":"http:\/\/www.ogrodnick.pl\/word\/?page_id=507"},"modified":"2020-03-19T12:47:11","modified_gmt":"2020-03-19T12:47:11","slug":"dab-michaux-quercus-michauxii","status":"publish","type":"page","link":"https:\/\/www.ogrodnick.pl\/word\/dab-michaux-quercus-michauxii\/","title":{"rendered":"D\u0105b Michaux (Quercus michauxii)"},"content":{"rendered":"\n<div class=\"wp-block-group alignfull\"><div class=\"wp-block-group__inner-container is-layout-flow wp-block-group-is-layout-flow\">\n<p>D\u0105b Michaux&nbsp;(<em>Quercus michauxii<\/em>)&nbsp;ro\u015bnie na po\u0142udniowym wschodzie Stan\u00f3w Zjednoczonych. Opisa\u0142 go oko\u0142o roku 1800 francuski botanik Andre Michaux.<\/p>\n<\/div><\/div>\n\n\n\n<div class=\"wp-block-columns alignfull is-layout-flex wp-container-core-columns-is-layout-9d6595d7 wp-block-columns-is-layout-flex\">\n<div class=\"wp-block-column is-layout-flow wp-block-column-is-layout-flow\">\n<p><strong>OPIS:<br><\/strong>&nbsp;&nbsp;&nbsp;D\u0105b Michaux w naturze najcz\u0119\u015bciej spotykany jest na glebach \u017cyznych i wilgotnych. W ciep\u0142ym klimacie po\u0142udnia USA cz\u0119sto osi\u0105ga 30 metr\u00f3w wysoko\u015bci, a rosn\u0105cy w Alabamie rekordzista ma a\u017c 61 metr\u00f3w wysoko\u015bci i blisko 2 metry \u015brednicy! W rejonach o surowszym klimacie i kr\u00f3tszym okresie wegetacji (jak w Polsce) pozostanie znacznie mniejszy, ledwie kilkunastometrowy.&nbsp;<br>D\u0119by Michaux rosn\u0105 do\u015b\u0107 szybko (jak na d\u0119by), m\u0142ode maj\u0105 w\u0105skie korony utworzone przez sko\u015bnie wzniesionych ga\u0142\u0119zie, starsze maj\u0105 proste, d\u0142ugie pnie i korony owalne.&nbsp;<br>&nbsp;&nbsp;&nbsp;W Ameryce d\u0105b Michaux nazywany jest:&nbsp;<br><em>&#8211;Basket oak<\/em>&nbsp;czyli d\u0105b koszykowy &#8211; z jego drewna strugano d\u0142ugie, cienkie wi\u00f3ry, z kt\u00f3rych wyrabiano kosze u\u017cywane do zbioru bawe\u0142ny. Wsp\u00f3\u0142cze\u015bnie d\u0105b Michaux jest na po\u0142udniu USA jednym z wa\u017cniejszych gatunk\u00f3w dostarczaj\u0105cch doskona\u0142ej jako\u015bci drewna. Jasnobr\u0105zowe, twarde i spr\u0119\u017cyste jest znakomitym materia\u0142em na meble, pod\u0142ogi, przer\u00f3\u017cne konstrukcje i sprz\u0119ty.&nbsp;<br><em>&#8211;Swamp chestnut oak<\/em>&nbsp;czyli b\u0142otny d\u0105b kasztanowy. &#8222;Kasztanowy&#8221; dlatego, \u017ce li\u015bcie ma podobne nie do spotykanych powszechnie d\u0119b\u00f3w, ale do li\u015bci kasztana jadalnego. Natomiast &#8222;b\u0142otny&#8221; dla odr\u00f3\u017cnienia od innych d\u0119b\u00f3w kasztanowych o bardzo podobnych li\u015bciach, wyst\u0119puj\u0105cych przede wszystkim na glebach suchych: d\u0119bu \u017c\u00f3\u0142tego&nbsp;<em>Quercus muehlenbergii<\/em>&nbsp;oraz d\u0119bu g\u00f3rskiego&nbsp;<em>Quercus prinus<\/em>.&nbsp;<br><em>&#8211;Cow oak<\/em>, krowi d\u0105b. Du\u017ce, zwykle oko\u0142o 3-centymetrowe, \u017co\u0142\u0119dzie d\u0119bu Michaux zupe\u0142nie nie zawieraj\u0105 gorzkiej taniny, s\u0105 s\u0142odkie w smaku, mo\u017cna je je\u015b\u0107 na surowo jak orzechy. Z tego powodu s\u0105 przysmakiem nie tylko ludzi (\u017co\u0142\u0119dzie tego d\u0119bu od tysi\u0119cy lat s\u0105 sk\u0142adnikiem diety plemion zamieszkuj\u0105cych obszar wyst\u0119powania tego gatunku) ale i wielu gatunk\u00f3w ptak\u00f3w i ssak\u00f3w &#8211; w tym &#8222;tytu\u0142owych&#8221; kr\u00f3w. Wspomn\u0119 przy okazji, \u017ce dwa wcze\u015bniej wymienione d\u0119by &#8222;kasztanowe&#8221;, \u017c\u00f3\u0142ty i g\u00f3rski, r\u00f3wnie\u017c maj\u0105 s\u0142odkie, smaczne na surowo \u017co\u0142\u0119dzie.&nbsp;<br>&nbsp;&nbsp;&nbsp;Niezale\u017cnie od wymienionych wy\u017cej po\u017cytk\u00f3w, d\u0119by Michaux s\u0105 r\u00f3wnie\u017c cenionymi drzewami parkowymi i ulicznymi. Pomimo obecno\u015bci przymiotnika &#8222;b\u0142otny&#8221; w jednej z potocznych nazw radz\u0105 sobie r\u00f3wnie\u017c na glebach suchych oraz dobrze znosz\u0105 warunki miejskie. Du\u017ce li\u015bcie d\u0119b\u00f3w Michaux (maj\u0105 10-20 centymetr\u00f3w d\u0142ugo\u015bci) latem ciemnozielone i l\u015bni\u0105ce, jesieni\u0105 pi\u0119knie przebarwiaj\u0105 si\u0119 na \u017c\u00f3\u0142to i czerwono.<\/p>\n<\/div>\n\n\n\n<div class=\"wp-block-column is-layout-flow wp-block-column-is-layout-flow\">\n<div class=\"wp-block-image\"><figure class=\"aligncenter size-large\"><img loading=\"lazy\" decoding=\"async\" width=\"500\" height=\"674\" src=\"https:\/\/www.ogrodnick.pl\/word\/wp-content\/uploads\/2020\/03\/quercus_michauxii_drzewo500.jpg\" alt=\"\" class=\"wp-image-934\" srcset=\"https:\/\/www.ogrodnick.pl\/word\/wp-content\/uploads\/2020\/03\/quercus_michauxii_drzewo500.jpg 500w, https:\/\/www.ogrodnick.pl\/word\/wp-content\/uploads\/2020\/03\/quercus_michauxii_drzewo500-223x300.jpg 223w\" sizes=\"auto, (max-width: 500px) 100vw, 500px\" \/><\/figure><\/div>\n<\/div>\n<\/div>\n\n\n\n<div class=\"wp-block-columns alignfull is-layout-flex wp-container-core-columns-is-layout-9d6595d7 wp-block-columns-is-layout-flex\">\n<div class=\"wp-block-column is-layout-flow wp-block-column-is-layout-flow\">\n<p><strong>UPRAWA:<\/strong>&nbsp;<br>&nbsp;&nbsp;&nbsp;D\u0119by Michaux sadzi\u0107 nale\u017cy na stanowiskach s\u0142onecznych, odpowiednie s\u0105 gleby troch\u0119 kwa\u015bne &#8211; wapiennych nie lubi\u0105. <\/p>\n\n\n\n<p>   W USA uprawiane s\u0105 z powodzeniem w tzw. 5 strefie klimatycznej czyli w rejonach gdzie zim\u0105 temperatury spadaj\u0105 do -29 C. Przej\u015bciowy klimat Polski charakteryzuje si\u0119 zmienno\u015bci\u0105 pogody wiosn\u0105 i jesieni\u0105 (przymrozki w maju i we wrze\u015bniu), okres wegetacji jest kr\u00f3tszy i dlatego w ch\u0142odniejszych rejonach odpowiednie s\u0105 gleby raczej suche. Rosn\u0105ce w takich warunkach szybciej zako\u0144czcz\u0105 wegetacj\u0119 latem i zdo\u0142aj\u0105 dobrze zdrewnie\u0107 przed zim\u0105. B\u0119d\u0105 rosn\u0105\u0107 wolniej, osi\u0105gn\u0105 mniejsze rozmiary i wcze\u015bniej wejd\u0105 w okres owocowania (na glebach wilgotnych i \u017cyznych zaczynaj\u0105 obradza\u0107 \u017co\u0142\u0119dzie dopiero dwudziestoletnie.&nbsp;<br>&nbsp;&nbsp;&nbsp;Jak wi\u0119kszo\u015b\u0107 d\u0119b\u00f3w, d\u0119by Michaux nie lubi\u0105 przesadzania, dlatego na miejsca sta\u0142e nale\u017cy sadzi\u0107 ju\u017c niedu\u017ce, a w zimniejszych rejonach wskazane jest okrycie m\u0142odych na zim\u0119.<\/p>\n<\/div>\n\n\n\n<div class=\"wp-block-column is-layout-flow wp-block-column-is-layout-flow\">\n<div class=\"wp-block-image\"><figure class=\"aligncenter size-large\"><img loading=\"lazy\" decoding=\"async\" width=\"387\" height=\"500\" src=\"https:\/\/www.ogrodnick.pl\/word\/wp-content\/uploads\/2020\/03\/quercus_michauxii_owoc500.jpg\" alt=\"\" class=\"wp-image-937\" srcset=\"https:\/\/www.ogrodnick.pl\/word\/wp-content\/uploads\/2020\/03\/quercus_michauxii_owoc500.jpg 387w, https:\/\/www.ogrodnick.pl\/word\/wp-content\/uploads\/2020\/03\/quercus_michauxii_owoc500-232x300.jpg 232w\" sizes=\"auto, (max-width: 387px) 100vw, 387px\" \/><\/figure><\/div>\n<\/div>\n<\/div>\n\n\n\n<div class=\"wp-block-image\"><figure class=\"aligncenter size-large\"><img loading=\"lazy\" decoding=\"async\" width=\"500\" height=\"316\" src=\"https:\/\/www.ogrodnick.pl\/word\/wp-content\/uploads\/2020\/03\/quercus_michauxii_lisc500_2.jpg\" alt=\"\" class=\"wp-image-935\" srcset=\"https:\/\/www.ogrodnick.pl\/word\/wp-content\/uploads\/2020\/03\/quercus_michauxii_lisc500_2.jpg 500w, https:\/\/www.ogrodnick.pl\/word\/wp-content\/uploads\/2020\/03\/quercus_michauxii_lisc500_2-300x190.jpg 300w\" sizes=\"auto, (max-width: 500px) 100vw, 500px\" \/><\/figure><\/div>\n","protected":false},"excerpt":{"rendered":"<p>D\u0105b Michaux&nbsp;(Quercus michauxii)&nbsp;ro\u015bnie na po\u0142udniowym wschodzie Stan\u00f3w Zjednoczonych. Opisa\u0142 go oko\u0142o roku 1800 francuski botanik Andre Michaux. OPIS:&nbsp;&nbsp;&nbsp;D\u0105b Michaux w naturze najcz\u0119\u015bciej spotykany jest na glebach \u017cyznych i wilgotnych. W ciep\u0142ym klimacie po\u0142udnia USA cz\u0119sto osi\u0105ga 30 metr\u00f3w wysoko\u015bci, a rosn\u0105cy w Alabamie rekordzista ma a\u017c 61 metr\u00f3w wysoko\u015bci i blisko 2 metry \u015brednicy! W [&hellip;]<\/p>\n","protected":false},"author":1,"featured_media":0,"parent":0,"menu_order":0,"comment_status":"closed","ping_status":"closed","template":"","meta":{"footnotes":""},"class_list":["post-507","page","type-page","status-publish","hentry"],"_links":{"self":[{"href":"https:\/\/www.ogrodnick.pl\/word\/wp-json\/wp\/v2\/pages\/507","targetHints":{"allow":["GET"]}}],"collection":[{"href":"https:\/\/www.ogrodnick.pl\/word\/wp-json\/wp\/v2\/pages"}],"about":[{"href":"https:\/\/www.ogrodnick.pl\/word\/wp-json\/wp\/v2\/types\/page"}],"author":[{"embeddable":true,"href":"https:\/\/www.ogrodnick.pl\/word\/wp-json\/wp\/v2\/users\/1"}],"replies":[{"embeddable":true,"href":"https:\/\/www.ogrodnick.pl\/word\/wp-json\/wp\/v2\/comments?post=507"}],"version-history":[{"count":2,"href":"https:\/\/www.ogrodnick.pl\/word\/wp-json\/wp\/v2\/pages\/507\/revisions"}],"predecessor-version":[{"id":1027,"href":"https:\/\/www.ogrodnick.pl\/word\/wp-json\/wp\/v2\/pages\/507\/revisions\/1027"}],"wp:attachment":[{"href":"https:\/\/www.ogrodnick.pl\/word\/wp-json\/wp\/v2\/media?parent=507"}],"curies":[{"name":"wp","href":"https:\/\/api.w.org\/{rel}","templated":true}]}}

Dąb Michaux (Quercus michauxii)

<div class="wp-block-group alignfull"><div class="wp-block-group__inner-container is-layout-flow wp-block-group-is-layout-flow">
<p>Dąb Michaux&nbsp;(<em>Quercus michauxii</em>)&nbsp;rośnie na południowym wschodzie Stanów Zjednoczonych. Opisał go około roku 1800 francuski botanik Andre Michaux.</p>
</div></div>



<div class="wp-block-columns alignfull is-layout-flex wp-container-core-columns-is-layout-9d6595d7 wp-block-columns-is-layout-flex">
<div class="wp-block-column is-layout-flow wp-block-column-is-layout-flow">
<p><strong>OPIS:<br></strong>&nbsp;&nbsp;&nbsp;Dąb Michaux w naturze najczęściej spotykany jest na glebach żyznych i wilgotnych. W ciepłym klimacie południa USA często osiąga 30 metrów wysokości, a rosnący w Alabamie rekordzista ma aż 61 metrów wysokości i blisko 2 metry średnicy! W rejonach o surowszym klimacie i krótszym okresie wegetacji (jak w Polsce) pozostanie znacznie mniejszy, ledwie kilkunastometrowy.&nbsp;<br>Dęby Michaux rosną dość szybko (jak na dęby), młode mają wąskie korony utworzone przez skośnie wzniesionych gałęzie, starsze mają proste, długie pnie i korony owalne.&nbsp;<br>&nbsp;&nbsp;&nbsp;W Ameryce dąb Michaux nazywany jest:&nbsp;<br><em>&#8211;Basket oak</em>&nbsp;czyli dąb koszykowy &#8211; z jego drewna strugano długie, cienkie wióry, z których wyrabiano kosze używane do zbioru bawełny. Współcześnie dąb Michaux jest na południu USA jednym z ważniejszych gatunków dostarczającch doskonałej jakości drewna. Jasnobrązowe, twarde i sprężyste jest znakomitym materiałem na meble, podłogi, przeróżne konstrukcje i sprzęty.&nbsp;<br><em>&#8211;Swamp chestnut oak</em>&nbsp;czyli błotny dąb kasztanowy. &#8222;Kasztanowy&#8221; dlatego, że liście ma podobne nie do spotykanych powszechnie dębów, ale do liści kasztana jadalnego. Natomiast &#8222;błotny&#8221; dla odróżnienia od innych dębów kasztanowych o bardzo podobnych liściach, występujących przede wszystkim na glebach suchych: dębu żółtego&nbsp;<em>Quercus muehlenbergii</em>&nbsp;oraz dębu górskiego&nbsp;<em>Quercus prinus</em>.&nbsp;<br><em>&#8211;Cow oak</em>, krowi dąb. Duże, zwykle około 3-centymetrowe, żołędzie dębu Michaux zupełnie nie zawierają gorzkiej taniny, są słodkie w smaku, można je jeść na surowo jak orzechy. Z tego powodu są przysmakiem nie tylko ludzi (żołędzie tego dębu od tysięcy lat są składnikiem diety plemion zamieszkujących obszar występowania tego gatunku) ale i wielu gatunków ptaków i ssaków &#8211; w tym &#8222;tytułowych&#8221; krów. Wspomnę przy okazji, że dwa wcześniej wymienione dęby &#8222;kasztanowe&#8221;, żółty i górski, również mają słodkie, smaczne na surowo żołędzie.&nbsp;<br>&nbsp;&nbsp;&nbsp;Niezależnie od wymienionych wyżej pożytków, dęby Michaux są również cenionymi drzewami parkowymi i ulicznymi. Pomimo obecności przymiotnika &#8222;błotny&#8221; w jednej z potocznych nazw radzą sobie również na glebach suchych oraz dobrze znoszą warunki miejskie. Duże liście dębów Michaux (mają 10-20 centymetrów długości) latem ciemnozielone i lśniące, jesienią pięknie przebarwiają się na żółto i czerwono.</p>
</div>



<div class="wp-block-column is-layout-flow wp-block-column-is-layout-flow">
<div class="wp-block-image"><figure class="aligncenter size-large"><img loading="lazy" decoding="async" width="500" height="674" src="https://www.ogrodnick.pl/word/wp-content/uploads/2020/03/quercus_michauxii_drzewo500.jpg" alt="" class="wp-image-934" srcset="https://www.ogrodnick.pl/word/wp-content/uploads/2020/03/quercus_michauxii_drzewo500.jpg 500w, https://www.ogrodnick.pl/word/wp-content/uploads/2020/03/quercus_michauxii_drzewo500-223x300.jpg 223w" sizes="auto, (max-width: 500px) 100vw, 500px" /></figure></div>
</div>
</div>



<div class="wp-block-columns alignfull is-layout-flex wp-container-core-columns-is-layout-9d6595d7 wp-block-columns-is-layout-flex">
<div class="wp-block-column is-layout-flow wp-block-column-is-layout-flow">
<p><strong>UPRAWA:</strong>&nbsp;<br>&nbsp;&nbsp;&nbsp;Dęby Michaux sadzić należy na stanowiskach słonecznych, odpowiednie są gleby trochę kwaśne &#8211; wapiennych nie lubią. </p>



<p>   W USA uprawiane są z powodzeniem w tzw. 5 strefie klimatycznej czyli w rejonach gdzie zimą temperatury spadają do -29 C. Przejściowy klimat Polski charakteryzuje się zmiennością pogody wiosną i jesienią (przymrozki w maju i we wrześniu), okres wegetacji jest krótszy i dlatego w chłodniejszych rejonach odpowiednie są gleby raczej suche. Rosnące w takich warunkach szybciej zakończczą wegetację latem i zdołają dobrze zdrewnieć przed zimą. Będą rosnąć wolniej, osiągną mniejsze rozmiary i wcześniej wejdą w okres owocowania (na glebach wilgotnych i żyznych zaczynają obradzać żołędzie dopiero dwudziestoletnie.&nbsp;<br>&nbsp;&nbsp;&nbsp;Jak większość dębów, dęby Michaux nie lubią przesadzania, dlatego na miejsca stałe należy sadzić już nieduże, a w zimniejszych rejonach wskazane jest okrycie młodych na zimę.</p>
</div>



<div class="wp-block-column is-layout-flow wp-block-column-is-layout-flow">
<div class="wp-block-image"><figure class="aligncenter size-large"><img loading="lazy" decoding="async" width="387" height="500" src="https://www.ogrodnick.pl/word/wp-content/uploads/2020/03/quercus_michauxii_owoc500.jpg" alt="" class="wp-image-937" srcset="https://www.ogrodnick.pl/word/wp-content/uploads/2020/03/quercus_michauxii_owoc500.jpg 387w, https://www.ogrodnick.pl/word/wp-content/uploads/2020/03/quercus_michauxii_owoc500-232x300.jpg 232w" sizes="auto, (max-width: 387px) 100vw, 387px" /></figure></div>
</div>
</div>



<div class="wp-block-image"><figure class="aligncenter size-large"><img loading="lazy" decoding="async" width="500" height="316" src="https://www.ogrodnick.pl/word/wp-content/uploads/2020/03/quercus_michauxii_lisc500_2.jpg" alt="" class="wp-image-935" srcset="https://www.ogrodnick.pl/word/wp-content/uploads/2020/03/quercus_michauxii_lisc500_2.jpg 500w, https://www.ogrodnick.pl/word/wp-content/uploads/2020/03/quercus_michauxii_lisc500_2-300x190.jpg 300w" sizes="auto, (max-width: 500px) 100vw, 500px" /></figure></div>

<p>Dąb Michaux&nbsp;(Quercus michauxii)&nbsp;rośnie na południowym wschodzie Stanów Zjednoczonych. Opisał go około roku 1800 francuski botanik Andre Michaux. OPIS:&nbsp;&nbsp;&nbsp;Dąb Michaux w naturze najczęściej spotykany jest na glebach żyznych i wilgotnych. W ciepłym klimacie południa USA często osiąga 30 metrów wysokości, a rosnący w Alabamie rekordzista ma aż 61 metrów wysokości i blisko 2 metry średnicy! W [&hellip;]</p>
