{"id":506,"date":"2020-03-15T14:54:55","date_gmt":"2020-03-15T14:54:55","guid":{"rendered":"http:\/\/www.ogrodnick.pl\/word\/?page_id=506"},"modified":"2020-03-19T12:56:28","modified_gmt":"2020-03-19T12:56:28","slug":"dab-zolty-dab-muehlenberga-quercus-muehlenbergii","status":"publish","type":"page","link":"https:\/\/www.ogrodnick.pl\/word\/dab-zolty-dab-muehlenberga-quercus-muehlenbergii\/","title":{"rendered":"D\u0105b \u017c\u00f3\u0142ty, D\u0105b Muehlenberga (Quercus muehlenbergii)"},"content":{"rendered":"\n<div class=\"wp-block-group alignfull\"><div class=\"wp-block-group__inner-container is-layout-flow wp-block-group-is-layout-flow\">\n<p>D\u0105b \u017c\u00f3\u0142ty, D\u0105b Muehlenberga&nbsp;(<em>Quercus muehlenbergii<\/em>)&nbsp;ro\u015bnie we wschodniej cz\u0119\u015bci Ameryki P\u00f3\u0142nocnej, od Meksyku po Ontario w Kanadzie. Spotykany jest raczej w g\u0142\u0119bi kontynentu, nie w stanach nad Atlantykiem.<\/p>\n<\/div><\/div>\n\n\n\n<div class=\"wp-block-columns alignfull is-layout-flex wp-container-core-columns-is-layout-9d6595d7 wp-block-columns-is-layout-flex\">\n<div class=\"wp-block-column is-layout-flow wp-block-column-is-layout-flow\">\n<p><strong>OPIS:<br><\/strong>&nbsp;&nbsp;&nbsp;W &#8222;ciep\u0142ych krajach&#8221;, na po\u0142udniu obszaru naturalnego wyst\u0119powania, d\u0119by \u017c\u00f3\u0142te w lasach osi\u0105gaj\u0105 25 metr\u00f3w wysoko\u015bci, na otwartej przestrzeni bywaj\u0105 drzewami kilkunastometrowymi z szerok\u0105, w starszym wieku sp\u0142aszczon\u0105 koron\u0105. W rejonach o surowym klimacie s\u0105 ma\u0142ymi drzewkami, czasem nawet rosn\u0105 krzewiasto. Przed laty, te p\u00f3\u0142nocne by\u0142y nawet przez niekt\u00f3rych botanik\u00f3w uwa\u017cane za odr\u0119bny gatunek,&nbsp;<em>Quercus prinoides<\/em><br>&nbsp;&nbsp;&nbsp; Li\u015bcie d\u0119bu \u017c\u00f3\u0142tego s\u0105 z wygl\u0105du &#8222;ma\u0142o d\u0119bowe&#8221; &#8211; 8-15 cm d\u0142ugie z du\u017cymi z\u0105bkami s\u0105 podobne do li\u015bci kasztana jadalnego (w Ameryce bywa nazywany&nbsp;<em>&#8222;Yellow Chestnut Oak&#8221;<\/em>, \u017c\u00f3\u0142ty d\u0105b kasztanowy), jesieni\u0105 zmieniaj\u0105 kolor na \u017c\u00f3\u0142ty, czerwony i br\u0105zowy.&nbsp;<br>&nbsp;&nbsp;&nbsp;Jest jeszcze jedno podobie\u0144stwo do kasztan\u00f3w, z punktu widzenia wielu &#8222;u\u017cytkownik\u00f3w&#8221; du\u017co bardziej istotne: \u017co\u0142\u0119dzie tego d\u0119bu s\u0105 s\u0142odkie, bardzo smaczne na surowo, zupe\u0142nie pozbawione w\u0142a\u015bciwej wi\u0119kszo\u015bci d\u0119b\u00f3w goryczki (zupe\u0142nie nie zawieraj\u0105 taniny) Ciemnobr\u0105zowe gdy dojrza\u0142e, maj\u0105 15-20 mm d\u0142ugo\u015bci, s\u0105 przysmakiem wielu gatunk\u00f3w zwierz\u0105t, jesieni\u0105 trzeba si\u0119 \u015bpieszy\u0107 ze zbiorem!<\/p>\n<\/div>\n\n\n\n<div class=\"wp-block-column is-layout-flow wp-block-column-is-layout-flow\">\n<div class=\"wp-block-image\"><figure class=\"aligncenter size-large\"><img loading=\"lazy\" decoding=\"async\" width=\"500\" height=\"547\" src=\"https:\/\/www.ogrodnick.pl\/word\/wp-content\/uploads\/2020\/03\/quercus_muehlenbergii_drzewo.jpg\" alt=\"\" class=\"wp-image-939\" srcset=\"https:\/\/www.ogrodnick.pl\/word\/wp-content\/uploads\/2020\/03\/quercus_muehlenbergii_drzewo.jpg 500w, https:\/\/www.ogrodnick.pl\/word\/wp-content\/uploads\/2020\/03\/quercus_muehlenbergii_drzewo-274x300.jpg 274w\" sizes=\"auto, (max-width: 500px) 100vw, 500px\" \/><\/figure><\/div>\n<\/div>\n<\/div>\n\n\n\n<div class=\"wp-block-columns alignfull is-layout-flex wp-container-core-columns-is-layout-9d6595d7 wp-block-columns-is-layout-flex\">\n<div class=\"wp-block-column is-layout-flow wp-block-column-is-layout-flow\">\n<p><strong>UPRAWA:<\/strong>&nbsp;<br>&nbsp;&nbsp;&nbsp;D\u0119by \u017c\u00f3\u0142te rosn\u0105 najlepiej na stanowiskach suchych i s\u0142onecznych, \u017ale rosn\u0105 na glebach kwa\u015bnych i mokrych. Jako jedne z nielicznych d\u0119b\u00f3w lubi\u0105 gleby wapienne.<br>&nbsp;&nbsp;&nbsp;D\u0119by \u017c\u00f3\u0142te rosn\u0105 w Ameryce r\u00f3wnie\u017c w rejonach gdzie zim\u0105 temperatury regularnie spadaj\u0105 do -35 C i jest tylko 120-dniowy okres bez mroz\u00f3w, powinny wi\u0119c by\u0107 zupe\u0142nie odporne w ca\u0142ej Polsce.&nbsp;<br>&nbsp;&nbsp;&nbsp;Rosn\u0105 powoli, jak wi\u0119kszo\u015b\u0107 d\u0119b\u00f3w nie lubi\u0105 przesadzania &#8211; na miejsca sta\u0142e nale\u017cy sadzi\u0107 m\u0142ode.<\/p>\n<\/div>\n\n\n\n<div class=\"wp-block-column is-layout-flow wp-block-column-is-layout-flow\">\n<div class=\"wp-block-image\"><figure class=\"aligncenter size-large\"><img loading=\"lazy\" decoding=\"async\" width=\"500\" height=\"375\" src=\"https:\/\/www.ogrodnick.pl\/word\/wp-content\/uploads\/2020\/03\/quercus_muehlenbergii_liscie.jpg\" alt=\"\" class=\"wp-image-941\" srcset=\"https:\/\/www.ogrodnick.pl\/word\/wp-content\/uploads\/2020\/03\/quercus_muehlenbergii_liscie.jpg 500w, https:\/\/www.ogrodnick.pl\/word\/wp-content\/uploads\/2020\/03\/quercus_muehlenbergii_liscie-300x225.jpg 300w\" sizes=\"auto, (max-width: 500px) 100vw, 500px\" \/><\/figure><\/div>\n<\/div>\n<\/div>\n\n\n\n<div class=\"wp-block-columns alignfull is-layout-flex wp-container-core-columns-is-layout-9d6595d7 wp-block-columns-is-layout-flex\">\n<div class=\"wp-block-column is-layout-flow wp-block-column-is-layout-flow\">\n<div class=\"wp-block-image\"><figure class=\"aligncenter size-large\"><img loading=\"lazy\" decoding=\"async\" width=\"500\" height=\"380\" src=\"https:\/\/www.ogrodnick.pl\/word\/wp-content\/uploads\/2020\/03\/quercus_muehlenbergii_owoce.jpg\" alt=\"\" class=\"wp-image-942\" srcset=\"https:\/\/www.ogrodnick.pl\/word\/wp-content\/uploads\/2020\/03\/quercus_muehlenbergii_owoce.jpg 500w, https:\/\/www.ogrodnick.pl\/word\/wp-content\/uploads\/2020\/03\/quercus_muehlenbergii_owoce-300x228.jpg 300w\" sizes=\"auto, (max-width: 500px) 100vw, 500px\" \/><\/figure><\/div>\n<\/div>\n\n\n\n<div class=\"wp-block-column is-layout-flow wp-block-column-is-layout-flow\">\n<div class=\"wp-block-image\"><figure class=\"aligncenter size-large\"><img loading=\"lazy\" decoding=\"async\" width=\"500\" height=\"291\" src=\"https:\/\/www.ogrodnick.pl\/word\/wp-content\/uploads\/2020\/03\/quercus_muehlenbergii_lisc.jpg\" alt=\"\" class=\"wp-image-940\" srcset=\"https:\/\/www.ogrodnick.pl\/word\/wp-content\/uploads\/2020\/03\/quercus_muehlenbergii_lisc.jpg 500w, https:\/\/www.ogrodnick.pl\/word\/wp-content\/uploads\/2020\/03\/quercus_muehlenbergii_lisc-300x175.jpg 300w\" sizes=\"auto, (max-width: 500px) 100vw, 500px\" \/><\/figure><\/div>\n<\/div>\n<\/div>\n\n\n","protected":false},"excerpt":{"rendered":"<p>D\u0105b \u017c\u00f3\u0142ty, D\u0105b Muehlenberga&nbsp;(Quercus muehlenbergii)&nbsp;ro\u015bnie we wschodniej cz\u0119\u015bci Ameryki P\u00f3\u0142nocnej, od Meksyku po Ontario w Kanadzie. Spotykany jest raczej w g\u0142\u0119bi kontynentu, nie w stanach nad Atlantykiem. OPIS:&nbsp;&nbsp;&nbsp;W &#8222;ciep\u0142ych krajach&#8221;, na po\u0142udniu obszaru naturalnego wyst\u0119powania, d\u0119by \u017c\u00f3\u0142te w lasach osi\u0105gaj\u0105 25 metr\u00f3w wysoko\u015bci, na otwartej przestrzeni bywaj\u0105 drzewami kilkunastometrowymi z szerok\u0105, w starszym wieku sp\u0142aszczon\u0105 [&hellip;]<\/p>\n","protected":false},"author":1,"featured_media":0,"parent":0,"menu_order":0,"comment_status":"closed","ping_status":"closed","template":"","meta":{"footnotes":""},"class_list":["post-506","page","type-page","status-publish","hentry"],"_links":{"self":[{"href":"https:\/\/www.ogrodnick.pl\/word\/wp-json\/wp\/v2\/pages\/506","targetHints":{"allow":["GET"]}}],"collection":[{"href":"https:\/\/www.ogrodnick.pl\/word\/wp-json\/wp\/v2\/pages"}],"about":[{"href":"https:\/\/www.ogrodnick.pl\/word\/wp-json\/wp\/v2\/types\/page"}],"author":[{"embeddable":true,"href":"https:\/\/www.ogrodnick.pl\/word\/wp-json\/wp\/v2\/users\/1"}],"replies":[{"embeddable":true,"href":"https:\/\/www.ogrodnick.pl\/word\/wp-json\/wp\/v2\/comments?post=506"}],"version-history":[{"count":2,"href":"https:\/\/www.ogrodnick.pl\/word\/wp-json\/wp\/v2\/pages\/506\/revisions"}],"predecessor-version":[{"id":1031,"href":"https:\/\/www.ogrodnick.pl\/word\/wp-json\/wp\/v2\/pages\/506\/revisions\/1031"}],"wp:attachment":[{"href":"https:\/\/www.ogrodnick.pl\/word\/wp-json\/wp\/v2\/media?parent=506"}],"curies":[{"name":"wp","href":"https:\/\/api.w.org\/{rel}","templated":true}]}}

Dąb żółty, Dąb Muehlenberga (Quercus muehlenbergii)

<div class="wp-block-group alignfull"><div class="wp-block-group__inner-container is-layout-flow wp-block-group-is-layout-flow">
<p>Dąb żółty, Dąb Muehlenberga&nbsp;(<em>Quercus muehlenbergii</em>)&nbsp;rośnie we wschodniej części Ameryki Północnej, od Meksyku po Ontario w Kanadzie. Spotykany jest raczej w głębi kontynentu, nie w stanach nad Atlantykiem.</p>
</div></div>



<div class="wp-block-columns alignfull is-layout-flex wp-container-core-columns-is-layout-9d6595d7 wp-block-columns-is-layout-flex">
<div class="wp-block-column is-layout-flow wp-block-column-is-layout-flow">
<p><strong>OPIS:<br></strong>&nbsp;&nbsp;&nbsp;W &#8222;ciepłych krajach&#8221;, na południu obszaru naturalnego występowania, dęby żółte w lasach osiągają 25 metrów wysokości, na otwartej przestrzeni bywają drzewami kilkunastometrowymi z szeroką, w starszym wieku spłaszczoną koroną. W rejonach o surowym klimacie są małymi drzewkami, czasem nawet rosną krzewiasto. Przed laty, te północne były nawet przez niektórych botaników uważane za odrębny gatunek,&nbsp;<em>Quercus prinoides</em><br>&nbsp;&nbsp;&nbsp; Liście dębu żółtego są z wyglądu &#8222;mało dębowe&#8221; &#8211; 8-15 cm długie z dużymi ząbkami są podobne do liści kasztana jadalnego (w Ameryce bywa nazywany&nbsp;<em>&#8222;Yellow Chestnut Oak&#8221;</em>, żółty dąb kasztanowy), jesienią zmieniają kolor na żółty, czerwony i brązowy.&nbsp;<br>&nbsp;&nbsp;&nbsp;Jest jeszcze jedno podobieństwo do kasztanów, z punktu widzenia wielu &#8222;użytkowników&#8221; dużo bardziej istotne: żołędzie tego dębu są słodkie, bardzo smaczne na surowo, zupełnie pozbawione właściwej większości dębów goryczki (zupełnie nie zawierają taniny) Ciemnobrązowe gdy dojrzałe, mają 15-20 mm długości, są przysmakiem wielu gatunków zwierząt, jesienią trzeba się śpieszyć ze zbiorem!</p>
</div>



<div class="wp-block-column is-layout-flow wp-block-column-is-layout-flow">
<div class="wp-block-image"><figure class="aligncenter size-large"><img loading="lazy" decoding="async" width="500" height="547" src="https://www.ogrodnick.pl/word/wp-content/uploads/2020/03/quercus_muehlenbergii_drzewo.jpg" alt="" class="wp-image-939" srcset="https://www.ogrodnick.pl/word/wp-content/uploads/2020/03/quercus_muehlenbergii_drzewo.jpg 500w, https://www.ogrodnick.pl/word/wp-content/uploads/2020/03/quercus_muehlenbergii_drzewo-274x300.jpg 274w" sizes="auto, (max-width: 500px) 100vw, 500px" /></figure></div>
</div>
</div>



<div class="wp-block-columns alignfull is-layout-flex wp-container-core-columns-is-layout-9d6595d7 wp-block-columns-is-layout-flex">
<div class="wp-block-column is-layout-flow wp-block-column-is-layout-flow">
<p><strong>UPRAWA:</strong>&nbsp;<br>&nbsp;&nbsp;&nbsp;Dęby żółte rosną najlepiej na stanowiskach suchych i słonecznych, źle rosną na glebach kwaśnych i mokrych. Jako jedne z nielicznych dębów lubią gleby wapienne.<br>&nbsp;&nbsp;&nbsp;Dęby żółte rosną w Ameryce również w rejonach gdzie zimą temperatury regularnie spadają do -35 C i jest tylko 120-dniowy okres bez mrozów, powinny więc być zupełnie odporne w całej Polsce.&nbsp;<br>&nbsp;&nbsp;&nbsp;Rosną powoli, jak większość dębów nie lubią przesadzania &#8211; na miejsca stałe należy sadzić młode.</p>
</div>



<div class="wp-block-column is-layout-flow wp-block-column-is-layout-flow">
<div class="wp-block-image"><figure class="aligncenter size-large"><img loading="lazy" decoding="async" width="500" height="375" src="https://www.ogrodnick.pl/word/wp-content/uploads/2020/03/quercus_muehlenbergii_liscie.jpg" alt="" class="wp-image-941" srcset="https://www.ogrodnick.pl/word/wp-content/uploads/2020/03/quercus_muehlenbergii_liscie.jpg 500w, https://www.ogrodnick.pl/word/wp-content/uploads/2020/03/quercus_muehlenbergii_liscie-300x225.jpg 300w" sizes="auto, (max-width: 500px) 100vw, 500px" /></figure></div>
</div>
</div>



<div class="wp-block-columns alignfull is-layout-flex wp-container-core-columns-is-layout-9d6595d7 wp-block-columns-is-layout-flex">
<div class="wp-block-column is-layout-flow wp-block-column-is-layout-flow">
<div class="wp-block-image"><figure class="aligncenter size-large"><img loading="lazy" decoding="async" width="500" height="380" src="https://www.ogrodnick.pl/word/wp-content/uploads/2020/03/quercus_muehlenbergii_owoce.jpg" alt="" class="wp-image-942" srcset="https://www.ogrodnick.pl/word/wp-content/uploads/2020/03/quercus_muehlenbergii_owoce.jpg 500w, https://www.ogrodnick.pl/word/wp-content/uploads/2020/03/quercus_muehlenbergii_owoce-300x228.jpg 300w" sizes="auto, (max-width: 500px) 100vw, 500px" /></figure></div>
</div>



<div class="wp-block-column is-layout-flow wp-block-column-is-layout-flow">
<div class="wp-block-image"><figure class="aligncenter size-large"><img loading="lazy" decoding="async" width="500" height="291" src="https://www.ogrodnick.pl/word/wp-content/uploads/2020/03/quercus_muehlenbergii_lisc.jpg" alt="" class="wp-image-940" srcset="https://www.ogrodnick.pl/word/wp-content/uploads/2020/03/quercus_muehlenbergii_lisc.jpg 500w, https://www.ogrodnick.pl/word/wp-content/uploads/2020/03/quercus_muehlenbergii_lisc-300x175.jpg 300w" sizes="auto, (max-width: 500px) 100vw, 500px" /></figure></div>
</div>
</div>

<p>Dąb żółty, Dąb Muehlenberga&nbsp;(Quercus muehlenbergii)&nbsp;rośnie we wschodniej części Ameryki Północnej, od Meksyku po Ontario w Kanadzie. Spotykany jest raczej w głębi kontynentu, nie w stanach nad Atlantykiem. OPIS:&nbsp;&nbsp;&nbsp;W &#8222;ciepłych krajach&#8221;, na południu obszaru naturalnego występowania, dęby żółte w lasach osiągają 25 metrów wysokości, na otwartej przestrzeni bywają drzewami kilkunastometrowymi z szeroką, w starszym wieku spłaszczoną [&hellip;]</p>
