{"id":505,"date":"2020-03-15T14:56:05","date_gmt":"2020-03-15T14:56:05","guid":{"rendered":"http:\/\/www.ogrodnick.pl\/word\/?page_id=505"},"modified":"2020-03-19T12:30:04","modified_gmt":"2020-03-19T12:30:04","slug":"dab-blotny-quercus-palustris","status":"publish","type":"page","link":"https:\/\/www.ogrodnick.pl\/word\/dab-blotny-quercus-palustris\/","title":{"rendered":"D\u0105b b\u0142otny (Quercus palustris)"},"content":{"rendered":"\n<div class=\"wp-block-group alignfull\"><div class=\"wp-block-group__inner-container is-layout-flow wp-block-group-is-layout-flow\">\n<p>D\u0105b b\u0142otny<em>&nbsp;(Quercus palustris)&nbsp;<\/em>wyst\u0119puje w centralnych i p\u00f3\u0142nocnowschodnich rejonach Stan\u00f3w Zjednoczonych i w Kanadzie.<\/p>\n<\/div><\/div>\n\n\n\n<div class=\"wp-block-columns alignfull is-layout-flex wp-container-core-columns-is-layout-9d6595d7 wp-block-columns-is-layout-flex\">\n<div class=\"wp-block-column is-layout-flow wp-block-column-is-layout-flow\">\n<p><strong>OPIS:<\/strong><br>&nbsp;&nbsp;&nbsp;W lasach, na \u017cyznych i wilgotnych glebach d\u0119by b\u0142otne osi\u0105gaj\u0105 nawet 20-30 metr\u00f3w wysoko\u015bci.<br>&nbsp;&nbsp;&nbsp;D\u0119by b\u0142otne s\u0105 chyba najcz\u0119\u015bciej sadzonymi drzewami w miastach i terenach zieleni w Stanach Zjednoczonych. Popularno\u015b\u0107 zyska\u0142a za spraw\u0105 niepospolitej urody i walor\u00f3w u\u017cytkowych:<br>-d\u0105b b\u0142otny jest jednym z najszybciej rosn\u0105cych d\u0119b\u00f3w. Dziesi\u0119cioletni -w dobrych warunkach- b\u0119dzie pi\u0119ciometrowym drzewem ze sto\u017ckowat\u0105 koron\u0105.&nbsp;<br>&#8211; bardzo regularny pokr\u00f3j drzew rosn\u0105cych na stanowiskach s\u0142onecznych przez ca\u0142e ich \u017cycie. Zawsze maj\u0105 prosty pie\u0144, w g\u00f3rnej cz\u0119\u015bci korony ga\u0142\u0119zie sko\u015bnie wzniesione, dolne lekko przewisaj\u0105ce.&nbsp;<br>-li\u015bcie,latem ciemnozielone i l\u015bni\u0105ce, jesieni\u0105 pi\u0119knie przebarwia si\u0119 na czerwono, zwykle \u0142adniej ni\u017c d\u0105b czerwony&nbsp;<em>Quercus rubra.<\/em>&nbsp;Przebarwianie nast\u0119puje od wierzcho\u0142ka &#8211; przez pewien czas g\u00f3rne partie korony s\u0105 jaskrawo czerwone podczas gdy li\u015bcie na dolnych konarach jeszcze zupe\u0142nie zielone.&nbsp;<br>-p\u0142ytki ale bardzo silny uk\u0142ad korzeniowy sprawia, \u017ce dobrze znosz\u0105 przesadzanie i doskonale rosn\u0105 na glebach &#8222;trudnych&#8221;tzn. podmok\u0142ych lub ubitych o zniszczone strukturze (przy ulicach w miastach).<\/p>\n<\/div>\n\n\n\n<div class=\"wp-block-column is-layout-flow wp-block-column-is-layout-flow\">\n<div class=\"wp-block-image\"><figure class=\"aligncenter size-large\"><img loading=\"lazy\" decoding=\"async\" width=\"500\" height=\"600\" src=\"https:\/\/www.ogrodnick.pl\/word\/wp-content\/uploads\/2020\/03\/quercus_palustris_drzewo.jpg\" alt=\"\" class=\"wp-image-943\" srcset=\"https:\/\/www.ogrodnick.pl\/word\/wp-content\/uploads\/2020\/03\/quercus_palustris_drzewo.jpg 500w, https:\/\/www.ogrodnick.pl\/word\/wp-content\/uploads\/2020\/03\/quercus_palustris_drzewo-250x300.jpg 250w\" sizes=\"auto, (max-width: 500px) 100vw, 500px\" \/><\/figure><\/div>\n<\/div>\n<\/div>\n\n\n\n<div class=\"wp-block-columns alignfull is-layout-flex wp-container-core-columns-is-layout-9d6595d7 wp-block-columns-is-layout-flex\">\n<div class=\"wp-block-column is-layout-flow wp-block-column-is-layout-flow\">\n<p><strong>UPRAWA:<\/strong><br>&nbsp;&nbsp;&nbsp;D\u0105b b\u0142otny lepiej ni\u017c inne drzewa radzi sobie na glebach podmok\u0142ych, ale rosn\u0105\u0107 mo\u017ce na ka\u017cdej lekko kwa\u015bnej glebie, nawet na bardzo suchej. Najszybciej -jak prawie wszystko- ro\u015bnie na \u017cyznych glebach umiarkowanie wilgotnych. Nieodpowiednie dla d\u0119b\u00f3w b\u0142otnych s\u0105 gleby wapienne o odczynie zasadowym.<\/p>\n\n\n\n<p>&nbsp;&nbsp;&nbsp;Stanowisko powinno by\u0107 s\u0142oneczne, wtedy b\u0119dzie si\u0119 pi\u0119knie przebarwia\u0107 i zachowa kszta\u0142tn\u0105 koron\u0119.&nbsp;<br>&nbsp;&nbsp;&nbsp;Na mrozy jest d\u0105b b\u0142otny jest ca\u0142kiem odporny, zupe\u0142nie wolny od znacz\u0105cych chor\u00f3b i szkodnik\u00f3w.<\/p>\n<\/div>\n\n\n\n<div class=\"wp-block-column is-layout-flow wp-block-column-is-layout-flow\">\n<div class=\"wp-block-image\"><figure class=\"aligncenter size-large\"><img loading=\"lazy\" decoding=\"async\" width=\"500\" height=\"478\" src=\"https:\/\/www.ogrodnick.pl\/word\/wp-content\/uploads\/2020\/03\/quercus_palustris_liscie.jpg\" alt=\"\" class=\"wp-image-945\" srcset=\"https:\/\/www.ogrodnick.pl\/word\/wp-content\/uploads\/2020\/03\/quercus_palustris_liscie.jpg 500w, https:\/\/www.ogrodnick.pl\/word\/wp-content\/uploads\/2020\/03\/quercus_palustris_liscie-300x287.jpg 300w\" sizes=\"auto, (max-width: 500px) 100vw, 500px\" \/><\/figure><\/div>\n<\/div>\n<\/div>\n\n\n\n<div class=\"wp-block-columns alignfull is-layout-flex wp-container-core-columns-is-layout-9d6595d7 wp-block-columns-is-layout-flex\">\n<div class=\"wp-block-column is-layout-flow wp-block-column-is-layout-flow\">\n<div class=\"wp-block-image\"><figure class=\"aligncenter size-large\"><img loading=\"lazy\" decoding=\"async\" width=\"500\" height=\"340\" src=\"https:\/\/www.ogrodnick.pl\/word\/wp-content\/uploads\/2020\/03\/quercus_palustris_kwitnacy.jpg\" alt=\"\" class=\"wp-image-944\" srcset=\"https:\/\/www.ogrodnick.pl\/word\/wp-content\/uploads\/2020\/03\/quercus_palustris_kwitnacy.jpg 500w, https:\/\/www.ogrodnick.pl\/word\/wp-content\/uploads\/2020\/03\/quercus_palustris_kwitnacy-300x204.jpg 300w\" sizes=\"auto, (max-width: 500px) 100vw, 500px\" \/><\/figure><\/div>\n<\/div>\n\n\n\n<div class=\"wp-block-column is-layout-flow wp-block-column-is-layout-flow\">\n<div class=\"wp-block-image\"><figure class=\"aligncenter size-large\"><img loading=\"lazy\" decoding=\"async\" width=\"500\" height=\"361\" src=\"https:\/\/www.ogrodnick.pl\/word\/wp-content\/uploads\/2020\/03\/quercus_palustris_owoce.jpg\" alt=\"\" class=\"wp-image-946\" srcset=\"https:\/\/www.ogrodnick.pl\/word\/wp-content\/uploads\/2020\/03\/quercus_palustris_owoce.jpg 500w, https:\/\/www.ogrodnick.pl\/word\/wp-content\/uploads\/2020\/03\/quercus_palustris_owoce-300x217.jpg 300w\" sizes=\"auto, (max-width: 500px) 100vw, 500px\" \/><\/figure><\/div>\n<\/div>\n<\/div>\n","protected":false},"excerpt":{"rendered":"<p>D\u0105b b\u0142otny&nbsp;(Quercus palustris)&nbsp;wyst\u0119puje w centralnych i p\u00f3\u0142nocnowschodnich rejonach Stan\u00f3w Zjednoczonych i w Kanadzie. OPIS:&nbsp;&nbsp;&nbsp;W lasach, na \u017cyznych i wilgotnych glebach d\u0119by b\u0142otne osi\u0105gaj\u0105 nawet 20-30 metr\u00f3w wysoko\u015bci.&nbsp;&nbsp;&nbsp;D\u0119by b\u0142otne s\u0105 chyba najcz\u0119\u015bciej sadzonymi drzewami w miastach i terenach zieleni w Stanach Zjednoczonych. Popularno\u015b\u0107 zyska\u0142a za spraw\u0105 niepospolitej urody i walor\u00f3w u\u017cytkowych:-d\u0105b b\u0142otny jest jednym z najszybciej [&hellip;]<\/p>\n","protected":false},"author":1,"featured_media":0,"parent":0,"menu_order":0,"comment_status":"closed","ping_status":"closed","template":"","meta":{"footnotes":""},"class_list":["post-505","page","type-page","status-publish","hentry"],"_links":{"self":[{"href":"https:\/\/www.ogrodnick.pl\/word\/wp-json\/wp\/v2\/pages\/505","targetHints":{"allow":["GET"]}}],"collection":[{"href":"https:\/\/www.ogrodnick.pl\/word\/wp-json\/wp\/v2\/pages"}],"about":[{"href":"https:\/\/www.ogrodnick.pl\/word\/wp-json\/wp\/v2\/types\/page"}],"author":[{"embeddable":true,"href":"https:\/\/www.ogrodnick.pl\/word\/wp-json\/wp\/v2\/users\/1"}],"replies":[{"embeddable":true,"href":"https:\/\/www.ogrodnick.pl\/word\/wp-json\/wp\/v2\/comments?post=505"}],"version-history":[{"count":2,"href":"https:\/\/www.ogrodnick.pl\/word\/wp-json\/wp\/v2\/pages\/505\/revisions"}],"predecessor-version":[{"id":1020,"href":"https:\/\/www.ogrodnick.pl\/word\/wp-json\/wp\/v2\/pages\/505\/revisions\/1020"}],"wp:attachment":[{"href":"https:\/\/www.ogrodnick.pl\/word\/wp-json\/wp\/v2\/media?parent=505"}],"curies":[{"name":"wp","href":"https:\/\/api.w.org\/{rel}","templated":true}]}}

Dąb błotny (Quercus palustris)

<div class="wp-block-group alignfull"><div class="wp-block-group__inner-container is-layout-flow wp-block-group-is-layout-flow">
<p>Dąb błotny<em>&nbsp;(Quercus palustris)&nbsp;</em>występuje w centralnych i północnowschodnich rejonach Stanów Zjednoczonych i w Kanadzie.</p>
</div></div>



<div class="wp-block-columns alignfull is-layout-flex wp-container-core-columns-is-layout-9d6595d7 wp-block-columns-is-layout-flex">
<div class="wp-block-column is-layout-flow wp-block-column-is-layout-flow">
<p><strong>OPIS:</strong><br>&nbsp;&nbsp;&nbsp;W lasach, na żyznych i wilgotnych glebach dęby błotne osiągają nawet 20-30 metrów wysokości.<br>&nbsp;&nbsp;&nbsp;Dęby błotne są chyba najczęściej sadzonymi drzewami w miastach i terenach zieleni w Stanach Zjednoczonych. Popularność zyskała za sprawą niepospolitej urody i walorów użytkowych:<br>-dąb błotny jest jednym z najszybciej rosnących dębów. Dziesięcioletni -w dobrych warunkach- będzie pięciometrowym drzewem ze stożkowatą koroną.&nbsp;<br>&#8211; bardzo regularny pokrój drzew rosnących na stanowiskach słonecznych przez całe ich życie. Zawsze mają prosty pień, w górnej części korony gałęzie skośnie wzniesione, dolne lekko przewisające.&nbsp;<br>-liście,latem ciemnozielone i lśniące, jesienią pięknie przebarwia się na czerwono, zwykle ładniej niż dąb czerwony&nbsp;<em>Quercus rubra.</em>&nbsp;Przebarwianie następuje od wierzchołka &#8211; przez pewien czas górne partie korony są jaskrawo czerwone podczas gdy liście na dolnych konarach jeszcze zupełnie zielone.&nbsp;<br>-płytki ale bardzo silny układ korzeniowy sprawia, że dobrze znoszą przesadzanie i doskonale rosną na glebach &#8222;trudnych&#8221;tzn. podmokłych lub ubitych o zniszczone strukturze (przy ulicach w miastach).</p>
</div>



<div class="wp-block-column is-layout-flow wp-block-column-is-layout-flow">
<div class="wp-block-image"><figure class="aligncenter size-large"><img loading="lazy" decoding="async" width="500" height="600" src="https://www.ogrodnick.pl/word/wp-content/uploads/2020/03/quercus_palustris_drzewo.jpg" alt="" class="wp-image-943" srcset="https://www.ogrodnick.pl/word/wp-content/uploads/2020/03/quercus_palustris_drzewo.jpg 500w, https://www.ogrodnick.pl/word/wp-content/uploads/2020/03/quercus_palustris_drzewo-250x300.jpg 250w" sizes="auto, (max-width: 500px) 100vw, 500px" /></figure></div>
</div>
</div>



<div class="wp-block-columns alignfull is-layout-flex wp-container-core-columns-is-layout-9d6595d7 wp-block-columns-is-layout-flex">
<div class="wp-block-column is-layout-flow wp-block-column-is-layout-flow">
<p><strong>UPRAWA:</strong><br>&nbsp;&nbsp;&nbsp;Dąb błotny lepiej niż inne drzewa radzi sobie na glebach podmokłych, ale rosnąć może na każdej lekko kwaśnej glebie, nawet na bardzo suchej. Najszybciej -jak prawie wszystko- rośnie na żyznych glebach umiarkowanie wilgotnych. Nieodpowiednie dla dębów błotnych są gleby wapienne o odczynie zasadowym.</p>



<p>&nbsp;&nbsp;&nbsp;Stanowisko powinno być słoneczne, wtedy będzie się pięknie przebarwiać i zachowa kształtną koronę.&nbsp;<br>&nbsp;&nbsp;&nbsp;Na mrozy jest dąb błotny jest całkiem odporny, zupełnie wolny od znaczących chorób i szkodników.</p>
</div>



<div class="wp-block-column is-layout-flow wp-block-column-is-layout-flow">
<div class="wp-block-image"><figure class="aligncenter size-large"><img loading="lazy" decoding="async" width="500" height="478" src="https://www.ogrodnick.pl/word/wp-content/uploads/2020/03/quercus_palustris_liscie.jpg" alt="" class="wp-image-945" srcset="https://www.ogrodnick.pl/word/wp-content/uploads/2020/03/quercus_palustris_liscie.jpg 500w, https://www.ogrodnick.pl/word/wp-content/uploads/2020/03/quercus_palustris_liscie-300x287.jpg 300w" sizes="auto, (max-width: 500px) 100vw, 500px" /></figure></div>
</div>
</div>



<div class="wp-block-columns alignfull is-layout-flex wp-container-core-columns-is-layout-9d6595d7 wp-block-columns-is-layout-flex">
<div class="wp-block-column is-layout-flow wp-block-column-is-layout-flow">
<div class="wp-block-image"><figure class="aligncenter size-large"><img loading="lazy" decoding="async" width="500" height="340" src="https://www.ogrodnick.pl/word/wp-content/uploads/2020/03/quercus_palustris_kwitnacy.jpg" alt="" class="wp-image-944" srcset="https://www.ogrodnick.pl/word/wp-content/uploads/2020/03/quercus_palustris_kwitnacy.jpg 500w, https://www.ogrodnick.pl/word/wp-content/uploads/2020/03/quercus_palustris_kwitnacy-300x204.jpg 300w" sizes="auto, (max-width: 500px) 100vw, 500px" /></figure></div>
</div>



<div class="wp-block-column is-layout-flow wp-block-column-is-layout-flow">
<div class="wp-block-image"><figure class="aligncenter size-large"><img loading="lazy" decoding="async" width="500" height="361" src="https://www.ogrodnick.pl/word/wp-content/uploads/2020/03/quercus_palustris_owoce.jpg" alt="" class="wp-image-946" srcset="https://www.ogrodnick.pl/word/wp-content/uploads/2020/03/quercus_palustris_owoce.jpg 500w, https://www.ogrodnick.pl/word/wp-content/uploads/2020/03/quercus_palustris_owoce-300x217.jpg 300w" sizes="auto, (max-width: 500px) 100vw, 500px" /></figure></div>
</div>
</div>

<p>Dąb błotny&nbsp;(Quercus palustris)&nbsp;występuje w centralnych i północnowschodnich rejonach Stanów Zjednoczonych i w Kanadzie. OPIS:&nbsp;&nbsp;&nbsp;W lasach, na żyznych i wilgotnych glebach dęby błotne osiągają nawet 20-30 metrów wysokości.&nbsp;&nbsp;&nbsp;Dęby błotne są chyba najczęściej sadzonymi drzewami w miastach i terenach zieleni w Stanach Zjednoczonych. Popularność zyskała za sprawą niepospolitej urody i walorów użytkowych:-dąb błotny jest jednym z najszybciej [&hellip;]</p>
