{"id":504,"date":"2020-03-15T14:57:13","date_gmt":"2020-03-15T14:57:13","guid":{"rendered":"http:\/\/www.ogrodnick.pl\/word\/?page_id=504"},"modified":"2020-03-19T12:53:33","modified_gmt":"2020-03-19T12:53:33","slug":"dab-wierzbolistny-quercus-phellos","status":"publish","type":"page","link":"https:\/\/www.ogrodnick.pl\/word\/dab-wierzbolistny-quercus-phellos\/","title":{"rendered":"D\u0105b wierzbolistny (Quercus phellos)"},"content":{"rendered":"\n<div class=\"wp-block-group alignfull\"><div class=\"wp-block-group__inner-container is-layout-flow wp-block-group-is-layout-flow\">\n<p>D\u0105b wierzbolistny&nbsp;<em>(Quercus phellos)&nbsp;<\/em>wyst\u0119puje w po\u0142udniowo wschodniej cz\u0119\u015bci Stan\u00f3w Zjednoczonych.<\/p>\n<\/div><\/div>\n\n\n\n<div class=\"wp-block-columns alignfull is-layout-flex wp-container-core-columns-is-layout-9d6595d7 wp-block-columns-is-layout-flex\">\n<div class=\"wp-block-column is-layout-flow wp-block-column-is-layout-flow\">\n<p><strong>OPIS:<\/strong><br>&nbsp;&nbsp;&nbsp; D\u0105b wierzbolistny (ang.&nbsp;<em>Willow oak<\/em>) swoj\u0105 nazw\u0119 zawdzi\u0119cza niezwyk\u0142ym, zupe\u0142nie &#8222;nie-d\u0119bowym&#8221; li\u015bciom. Od 6 do 12 centymetr\u00f3w d\u0142ugie i ledwie 1-2 cm szerokie li\u015bcie d\u0119bu wierzbolistnego maj\u0105 zupe\u0142nie g\u0142adkie brzegi bez \u017cadnych w\u0142a\u015bciwych innym d\u0119bom klap czy z\u0105bk\u00f3w. Do li\u015bci innych znanych nam d\u0119b\u00f3w s\u0105 zupe\u0142nie niepodobne!&nbsp;<br>&nbsp;&nbsp;&nbsp;W swojej ojczy\u017anie ten gatunek wyst\u0119puj zwykle na wilgotnych i \u017cyznych glebach w pobli\u017cu rzek. W takich warunkach ro\u015bnle bardzo szybko, jest \u017ar\u00f3d\u0142em drewna dla ludzi oraz po\u017cywienia dla zwierz\u0105t. Owocowa\u0107 zaczyna wcze\u015bnie bo ju\u017c w wieku 10-12 lat a ma\u0142e (oko\u0142o 10 mm \u015brednicy), \u0142atwe do po\u0142kni\u0119cia \u017co\u0142\u0119dzie s\u0105 ch\u0119tnie zjadane przez wiele gatunk\u00f3w ptak\u00f3w i ssak\u00f3w.&nbsp;<br>&nbsp;&nbsp;&nbsp;Szybki wzrost, odporno\u015b\u0107 na warunki miejskie (zapylenie, gor\u0105co i suche powietrze), pi\u0119kne ulistnienie latem i efektowne przebarwianie li\u015bci jesieni\u0105 (na \u017c\u00f3\u0142to i czerwono) to powody dla kt\u00f3rych s\u0105 bardzo cz\u0119sto sadzone jako drzewa ozdobne. M\u0142ode d\u0119by wierzbolistne maj\u0105 koron\u0119 sto\u017ckowat\u0105, u starszych dolne ga\u0142\u0119zie przewisaj\u0105 &#8211; pokr\u00f3j maj\u0105 podobny do bardziej znanych d\u0119b\u00f3w b\u0142otnych.<\/p>\n<\/div>\n\n\n\n<div class=\"wp-block-column is-layout-flow wp-block-column-is-layout-flow\">\n<div class=\"wp-block-image\"><figure class=\"aligncenter size-large\"><img loading=\"lazy\" decoding=\"async\" width=\"500\" height=\"811\" src=\"https:\/\/www.ogrodnick.pl\/word\/wp-content\/uploads\/2020\/03\/Quercus_phellos_drzewo500.jpg\" alt=\"\" class=\"wp-image-947\" srcset=\"https:\/\/www.ogrodnick.pl\/word\/wp-content\/uploads\/2020\/03\/Quercus_phellos_drzewo500.jpg 500w, https:\/\/www.ogrodnick.pl\/word\/wp-content\/uploads\/2020\/03\/Quercus_phellos_drzewo500-185x300.jpg 185w\" sizes=\"auto, (max-width: 500px) 100vw, 500px\" \/><\/figure><\/div>\n<\/div>\n<\/div>\n\n\n\n<div class=\"wp-block-columns alignfull is-layout-flex wp-container-core-columns-is-layout-9d6595d7 wp-block-columns-is-layout-flex\">\n<div class=\"wp-block-column is-layout-flow wp-block-column-is-layout-flow\">\n<p><strong>UPRAWA:<\/strong>&nbsp;<br>Ma\u0142e d\u0119by wierzbolistne s\u0105 wra\u017cliwe na mrozy ale ju\u017c kilkuletnie znosz\u0105 bez uszkodze\u0144 nawet -30 C. Na \u017cyznych i wilgotnych glebach rosn\u0105 intensywnie do jesieni dlatego w rejonach o surowszym klimacie lepiej jest sadzi\u0107 je na glebach raczej suchych &#8211; b\u0119d\u0105 rosn\u0105\u0107 wolniej ale szybciej zako\u0144cz\u0105 wzrost latem i zd\u0105\u017c\u0105 dobrze zdrewnie\u0107 przed nadej\u015bciem zimy.&nbsp;<br>&nbsp;&nbsp;&nbsp;D\u0119by wierzbolistne mog\u0105 rosn\u0105\u0107 w cieniu ale rosn\u0105ce na stanowiskach s\u0142onecznych maj\u0105 foremniejsze korony i \u0142adniej przebarwiaj\u0105 si\u0119 jesieni\u0105. Dobrze znosz\u0105 okresowe zalewanie, nie lubi\u0105 gleb wapiennych.<\/p>\n<\/div>\n\n\n\n<div class=\"wp-block-column is-layout-flow wp-block-column-is-layout-flow\">\n<div class=\"wp-block-image\"><figure class=\"aligncenter size-large\"><img loading=\"lazy\" decoding=\"async\" width=\"500\" height=\"347\" src=\"https:\/\/www.ogrodnick.pl\/word\/wp-content\/uploads\/2020\/03\/Quercus_phellos_jesien500.jpg\" alt=\"\" class=\"wp-image-948\" srcset=\"https:\/\/www.ogrodnick.pl\/word\/wp-content\/uploads\/2020\/03\/Quercus_phellos_jesien500.jpg 500w, https:\/\/www.ogrodnick.pl\/word\/wp-content\/uploads\/2020\/03\/Quercus_phellos_jesien500-300x208.jpg 300w\" sizes=\"auto, (max-width: 500px) 100vw, 500px\" \/><\/figure><\/div>\n<\/div>\n<\/div>\n\n\n\n<div class=\"wp-block-image\"><figure class=\"aligncenter size-large\"><img loading=\"lazy\" decoding=\"async\" width=\"500\" height=\"359\" src=\"https:\/\/www.ogrodnick.pl\/word\/wp-content\/uploads\/2020\/03\/Quercus_phellos_sadz_jesien500.jpg\" alt=\"\" class=\"wp-image-949\" srcset=\"https:\/\/www.ogrodnick.pl\/word\/wp-content\/uploads\/2020\/03\/Quercus_phellos_sadz_jesien500.jpg 500w, https:\/\/www.ogrodnick.pl\/word\/wp-content\/uploads\/2020\/03\/Quercus_phellos_sadz_jesien500-300x215.jpg 300w\" sizes=\"auto, (max-width: 500px) 100vw, 500px\" \/><\/figure><\/div>\n","protected":false},"excerpt":{"rendered":"<p>D\u0105b wierzbolistny&nbsp;(Quercus phellos)&nbsp;wyst\u0119puje w po\u0142udniowo wschodniej cz\u0119\u015bci Stan\u00f3w Zjednoczonych. OPIS:&nbsp;&nbsp;&nbsp; D\u0105b wierzbolistny (ang.&nbsp;Willow oak) swoj\u0105 nazw\u0119 zawdzi\u0119cza niezwyk\u0142ym, zupe\u0142nie &#8222;nie-d\u0119bowym&#8221; li\u015bciom. Od 6 do 12 centymetr\u00f3w d\u0142ugie i ledwie 1-2 cm szerokie li\u015bcie d\u0119bu wierzbolistnego maj\u0105 zupe\u0142nie g\u0142adkie brzegi bez \u017cadnych w\u0142a\u015bciwych innym d\u0119bom klap czy z\u0105bk\u00f3w. Do li\u015bci innych znanych nam d\u0119b\u00f3w s\u0105 zupe\u0142nie [&hellip;]<\/p>\n","protected":false},"author":1,"featured_media":0,"parent":0,"menu_order":0,"comment_status":"closed","ping_status":"closed","template":"","meta":{"footnotes":""},"class_list":["post-504","page","type-page","status-publish","hentry"],"_links":{"self":[{"href":"https:\/\/www.ogrodnick.pl\/word\/wp-json\/wp\/v2\/pages\/504","targetHints":{"allow":["GET"]}}],"collection":[{"href":"https:\/\/www.ogrodnick.pl\/word\/wp-json\/wp\/v2\/pages"}],"about":[{"href":"https:\/\/www.ogrodnick.pl\/word\/wp-json\/wp\/v2\/types\/page"}],"author":[{"embeddable":true,"href":"https:\/\/www.ogrodnick.pl\/word\/wp-json\/wp\/v2\/users\/1"}],"replies":[{"embeddable":true,"href":"https:\/\/www.ogrodnick.pl\/word\/wp-json\/wp\/v2\/comments?post=504"}],"version-history":[{"count":2,"href":"https:\/\/www.ogrodnick.pl\/word\/wp-json\/wp\/v2\/pages\/504\/revisions"}],"predecessor-version":[{"id":1030,"href":"https:\/\/www.ogrodnick.pl\/word\/wp-json\/wp\/v2\/pages\/504\/revisions\/1030"}],"wp:attachment":[{"href":"https:\/\/www.ogrodnick.pl\/word\/wp-json\/wp\/v2\/media?parent=504"}],"curies":[{"name":"wp","href":"https:\/\/api.w.org\/{rel}","templated":true}]}}

Dąb wierzbolistny (Quercus phellos)

<div class="wp-block-group alignfull"><div class="wp-block-group__inner-container is-layout-flow wp-block-group-is-layout-flow">
<p>Dąb wierzbolistny&nbsp;<em>(Quercus phellos)&nbsp;</em>występuje w południowo wschodniej części Stanów Zjednoczonych.</p>
</div></div>



<div class="wp-block-columns alignfull is-layout-flex wp-container-core-columns-is-layout-9d6595d7 wp-block-columns-is-layout-flex">
<div class="wp-block-column is-layout-flow wp-block-column-is-layout-flow">
<p><strong>OPIS:</strong><br>&nbsp;&nbsp;&nbsp; Dąb wierzbolistny (ang.&nbsp;<em>Willow oak</em>) swoją nazwę zawdzięcza niezwykłym, zupełnie &#8222;nie-dębowym&#8221; liściom. Od 6 do 12 centymetrów długie i ledwie 1-2 cm szerokie liście dębu wierzbolistnego mają zupełnie gładkie brzegi bez żadnych właściwych innym dębom klap czy ząbków. Do liści innych znanych nam dębów są zupełnie niepodobne!&nbsp;<br>&nbsp;&nbsp;&nbsp;W swojej ojczyźnie ten gatunek występuj zwykle na wilgotnych i żyznych glebach w pobliżu rzek. W takich warunkach rośnle bardzo szybko, jest źródłem drewna dla ludzi oraz pożywienia dla zwierząt. Owocować zaczyna wcześnie bo już w wieku 10-12 lat a małe (około 10 mm średnicy), łatwe do połknięcia żołędzie są chętnie zjadane przez wiele gatunków ptaków i ssaków.&nbsp;<br>&nbsp;&nbsp;&nbsp;Szybki wzrost, odporność na warunki miejskie (zapylenie, gorąco i suche powietrze), piękne ulistnienie latem i efektowne przebarwianie liści jesienią (na żółto i czerwono) to powody dla których są bardzo często sadzone jako drzewa ozdobne. Młode dęby wierzbolistne mają koronę stożkowatą, u starszych dolne gałęzie przewisają &#8211; pokrój mają podobny do bardziej znanych dębów błotnych.</p>
</div>



<div class="wp-block-column is-layout-flow wp-block-column-is-layout-flow">
<div class="wp-block-image"><figure class="aligncenter size-large"><img loading="lazy" decoding="async" width="500" height="811" src="https://www.ogrodnick.pl/word/wp-content/uploads/2020/03/Quercus_phellos_drzewo500.jpg" alt="" class="wp-image-947" srcset="https://www.ogrodnick.pl/word/wp-content/uploads/2020/03/Quercus_phellos_drzewo500.jpg 500w, https://www.ogrodnick.pl/word/wp-content/uploads/2020/03/Quercus_phellos_drzewo500-185x300.jpg 185w" sizes="auto, (max-width: 500px) 100vw, 500px" /></figure></div>
</div>
</div>



<div class="wp-block-columns alignfull is-layout-flex wp-container-core-columns-is-layout-9d6595d7 wp-block-columns-is-layout-flex">
<div class="wp-block-column is-layout-flow wp-block-column-is-layout-flow">
<p><strong>UPRAWA:</strong>&nbsp;<br>Małe dęby wierzbolistne są wrażliwe na mrozy ale już kilkuletnie znoszą bez uszkodzeń nawet -30 C. Na żyznych i wilgotnych glebach rosną intensywnie do jesieni dlatego w rejonach o surowszym klimacie lepiej jest sadzić je na glebach raczej suchych &#8211; będą rosnąć wolniej ale szybciej zakończą wzrost latem i zdążą dobrze zdrewnieć przed nadejściem zimy.&nbsp;<br>&nbsp;&nbsp;&nbsp;Dęby wierzbolistne mogą rosnąć w cieniu ale rosnące na stanowiskach słonecznych mają foremniejsze korony i ładniej przebarwiają się jesienią. Dobrze znoszą okresowe zalewanie, nie lubią gleb wapiennych.</p>
</div>



<div class="wp-block-column is-layout-flow wp-block-column-is-layout-flow">
<div class="wp-block-image"><figure class="aligncenter size-large"><img loading="lazy" decoding="async" width="500" height="347" src="https://www.ogrodnick.pl/word/wp-content/uploads/2020/03/Quercus_phellos_jesien500.jpg" alt="" class="wp-image-948" srcset="https://www.ogrodnick.pl/word/wp-content/uploads/2020/03/Quercus_phellos_jesien500.jpg 500w, https://www.ogrodnick.pl/word/wp-content/uploads/2020/03/Quercus_phellos_jesien500-300x208.jpg 300w" sizes="auto, (max-width: 500px) 100vw, 500px" /></figure></div>
</div>
</div>



<div class="wp-block-image"><figure class="aligncenter size-large"><img loading="lazy" decoding="async" width="500" height="359" src="https://www.ogrodnick.pl/word/wp-content/uploads/2020/03/Quercus_phellos_sadz_jesien500.jpg" alt="" class="wp-image-949" srcset="https://www.ogrodnick.pl/word/wp-content/uploads/2020/03/Quercus_phellos_sadz_jesien500.jpg 500w, https://www.ogrodnick.pl/word/wp-content/uploads/2020/03/Quercus_phellos_sadz_jesien500-300x215.jpg 300w" sizes="auto, (max-width: 500px) 100vw, 500px" /></figure></div>

<p>Dąb wierzbolistny&nbsp;(Quercus phellos)&nbsp;występuje w południowo wschodniej części Stanów Zjednoczonych. OPIS:&nbsp;&nbsp;&nbsp; Dąb wierzbolistny (ang.&nbsp;Willow oak) swoją nazwę zawdzięcza niezwykłym, zupełnie &#8222;nie-dębowym&#8221; liściom. Od 6 do 12 centymetrów długie i ledwie 1-2 cm szerokie liście dębu wierzbolistnego mają zupełnie gładkie brzegi bez żadnych właściwych innym dębom klap czy ząbków. Do liści innych znanych nam dębów są zupełnie [&hellip;]</p>
