{"id":503,"date":"2020-03-15T14:58:17","date_gmt":"2020-03-15T14:58:17","guid":{"rendered":"http:\/\/www.ogrodnick.pl\/word\/?page_id=503"},"modified":"2020-03-21T15:25:49","modified_gmt":"2020-03-21T15:25:49","slug":"rozowiec-bialy-rhodotypos-scandens","status":"publish","type":"page","link":"https:\/\/www.ogrodnick.pl\/word\/rozowiec-bialy-rhodotypos-scandens\/","title":{"rendered":"R\u00f3\u017cowiec bia\u0142y (Rhodotypos scandens)"},"content":{"rendered":"\n<div class=\"wp-block-group alignfull\"><div class=\"wp-block-group__inner-container is-layout-flow wp-block-group-is-layout-flow\">\n<p>R\u00f3\u017cowiec bia\u0142y&nbsp;<em>(Rhodotypos scandens)<\/em>&nbsp; wyst\u0119puje w \u015brodkowych Chinach i Japonii.<\/p>\n<\/div><\/div>\n\n\n\n<div class=\"wp-block-columns alignfull is-layout-flex wp-container-core-columns-is-layout-9d6595d7 wp-block-columns-is-layout-flex\">\n<div class=\"wp-block-column is-layout-flow wp-block-column-is-layout-flow\">\n<p><strong>OPIS:<br><\/strong>&nbsp;&nbsp;&nbsp;Ten rzadko spotykany bliski kuzyn z\u0142otlinu dorasta najwy\u017cej do 1,5 metru wysoko\u015bci. Bia\u0142e kwiaty (do 5 cm \u015brednicy) rozwija w maju, potem &#8211; tak jak z\u0142otlin &#8211; powtarza kwitnienie latem. W odr\u00f3\u017cnieniu od z\u0142otlinu r\u00f3\u017cowiec bia\u0142y nie tworzy roz\u0142og\u00f3w, jest doskona\u0142y na ma\u0142e \u017cywop\u0142oty. Jesieni\u0105 li\u015bcie przebarwiaj\u0105 si\u0119 na bardzo jasny s\u0142omkowy kolor. Dekoracyjne owoce &#8211; twarde pestki okryte l\u015bni\u0105c\u0105 \u0142usk\u0105 &#8211; s\u0105 truj\u0105ce!<\/p>\n<\/div>\n\n\n\n<div class=\"wp-block-column is-layout-flow wp-block-column-is-layout-flow\">\n<div class=\"wp-block-image\"><figure class=\"aligncenter size-large\"><img loading=\"lazy\" decoding=\"async\" width=\"500\" height=\"394\" src=\"https:\/\/www.ogrodnick.pl\/word\/wp-content\/uploads\/2020\/03\/rhodotypos_scandens_kwitnacy.jpg\" alt=\"\" class=\"wp-image-953\" srcset=\"https:\/\/www.ogrodnick.pl\/word\/wp-content\/uploads\/2020\/03\/rhodotypos_scandens_kwitnacy.jpg 500w, https:\/\/www.ogrodnick.pl\/word\/wp-content\/uploads\/2020\/03\/rhodotypos_scandens_kwitnacy-300x236.jpg 300w\" sizes=\"auto, (max-width: 500px) 100vw, 500px\" \/><\/figure><\/div>\n<\/div>\n<\/div>\n\n\n\n<div class=\"wp-block-columns alignfull is-layout-flex wp-container-core-columns-is-layout-9d6595d7 wp-block-columns-is-layout-flex\">\n<div class=\"wp-block-column is-layout-flow wp-block-column-is-layout-flow\">\n<p><strong>UPRAWA:<\/strong><br>&nbsp;&nbsp;&nbsp;Mo\u017ce rosn\u0105\u0107 na&nbsp;ka\u017cdej&nbsp;glebie, na stanowiskach s\u0142onecznych lub w cieniu (wtedy ma lu\u017aniejszy pokr\u00f3j).&nbsp;<br>&nbsp;&nbsp;&nbsp;W zimniejszych rejonach podczas &#8222;zim stulecia&#8221; mog\u0105 przemarza\u0107 ga\u0142\u0105zki &#8211; nale\u017cy je usun\u0105\u0107, &#8222;odm\u0142odzony&#8221; krzew bujnie odro\u015bnie.<\/p>\n<\/div>\n\n\n\n<div class=\"wp-block-column is-layout-flow wp-block-column-is-layout-flow\">\n<div class=\"wp-block-image\"><figure class=\"aligncenter size-large\"><img loading=\"lazy\" decoding=\"async\" width=\"497\" height=\"334\" src=\"https:\/\/www.ogrodnick.pl\/word\/wp-content\/uploads\/2020\/03\/rhodotypos_scandens_owoce.jpg\" alt=\"\" class=\"wp-image-954\" srcset=\"https:\/\/www.ogrodnick.pl\/word\/wp-content\/uploads\/2020\/03\/rhodotypos_scandens_owoce.jpg 497w, https:\/\/www.ogrodnick.pl\/word\/wp-content\/uploads\/2020\/03\/rhodotypos_scandens_owoce-300x202.jpg 300w\" sizes=\"auto, (max-width: 497px) 100vw, 497px\" \/><\/figure><\/div>\n<\/div>\n<\/div>\n\n\n\n<div class=\"wp-block-image\"><figure class=\"aligncenter size-large\"><img loading=\"lazy\" decoding=\"async\" width=\"500\" height=\"386\" src=\"https:\/\/www.ogrodnick.pl\/word\/wp-content\/uploads\/2020\/03\/rhodotypos_scandens_kwiatek.jpg\" alt=\"\" class=\"wp-image-952\" srcset=\"https:\/\/www.ogrodnick.pl\/word\/wp-content\/uploads\/2020\/03\/rhodotypos_scandens_kwiatek.jpg 500w, https:\/\/www.ogrodnick.pl\/word\/wp-content\/uploads\/2020\/03\/rhodotypos_scandens_kwiatek-300x232.jpg 300w\" sizes=\"auto, (max-width: 500px) 100vw, 500px\" \/><\/figure><\/div>\n","protected":false},"excerpt":{"rendered":"<p>R\u00f3\u017cowiec bia\u0142y&nbsp;(Rhodotypos scandens)&nbsp; wyst\u0119puje w \u015brodkowych Chinach i Japonii. OPIS:&nbsp;&nbsp;&nbsp;Ten rzadko spotykany bliski kuzyn z\u0142otlinu dorasta najwy\u017cej do 1,5 metru wysoko\u015bci. Bia\u0142e kwiaty (do 5 cm \u015brednicy) rozwija w maju, potem &#8211; tak jak z\u0142otlin &#8211; powtarza kwitnienie latem. W odr\u00f3\u017cnieniu od z\u0142otlinu r\u00f3\u017cowiec bia\u0142y nie tworzy roz\u0142og\u00f3w, jest doskona\u0142y na ma\u0142e \u017cywop\u0142oty. Jesieni\u0105 li\u015bcie [&hellip;]<\/p>\n","protected":false},"author":1,"featured_media":0,"parent":0,"menu_order":0,"comment_status":"closed","ping_status":"closed","template":"","meta":{"footnotes":""},"class_list":["post-503","page","type-page","status-publish","hentry"],"_links":{"self":[{"href":"https:\/\/www.ogrodnick.pl\/word\/wp-json\/wp\/v2\/pages\/503","targetHints":{"allow":["GET"]}}],"collection":[{"href":"https:\/\/www.ogrodnick.pl\/word\/wp-json\/wp\/v2\/pages"}],"about":[{"href":"https:\/\/www.ogrodnick.pl\/word\/wp-json\/wp\/v2\/types\/page"}],"author":[{"embeddable":true,"href":"https:\/\/www.ogrodnick.pl\/word\/wp-json\/wp\/v2\/users\/1"}],"replies":[{"embeddable":true,"href":"https:\/\/www.ogrodnick.pl\/word\/wp-json\/wp\/v2\/comments?post=503"}],"version-history":[{"count":2,"href":"https:\/\/www.ogrodnick.pl\/word\/wp-json\/wp\/v2\/pages\/503\/revisions"}],"predecessor-version":[{"id":1094,"href":"https:\/\/www.ogrodnick.pl\/word\/wp-json\/wp\/v2\/pages\/503\/revisions\/1094"}],"wp:attachment":[{"href":"https:\/\/www.ogrodnick.pl\/word\/wp-json\/wp\/v2\/media?parent=503"}],"curies":[{"name":"wp","href":"https:\/\/api.w.org\/{rel}","templated":true}]}}

Różowiec biały (Rhodotypos scandens)

<div class="wp-block-group alignfull"><div class="wp-block-group__inner-container is-layout-flow wp-block-group-is-layout-flow">
<p>Różowiec biały&nbsp;<em>(Rhodotypos scandens)</em>&nbsp; występuje w środkowych Chinach i Japonii.</p>
</div></div>



<div class="wp-block-columns alignfull is-layout-flex wp-container-core-columns-is-layout-9d6595d7 wp-block-columns-is-layout-flex">
<div class="wp-block-column is-layout-flow wp-block-column-is-layout-flow">
<p><strong>OPIS:<br></strong>&nbsp;&nbsp;&nbsp;Ten rzadko spotykany bliski kuzyn złotlinu dorasta najwyżej do 1,5 metru wysokości. Białe kwiaty (do 5 cm średnicy) rozwija w maju, potem &#8211; tak jak złotlin &#8211; powtarza kwitnienie latem. W odróżnieniu od złotlinu różowiec biały nie tworzy rozłogów, jest doskonały na małe żywopłoty. Jesienią liście przebarwiają się na bardzo jasny słomkowy kolor. Dekoracyjne owoce &#8211; twarde pestki okryte lśniącą łuską &#8211; są trujące!</p>
</div>



<div class="wp-block-column is-layout-flow wp-block-column-is-layout-flow">
<div class="wp-block-image"><figure class="aligncenter size-large"><img loading="lazy" decoding="async" width="500" height="394" src="https://www.ogrodnick.pl/word/wp-content/uploads/2020/03/rhodotypos_scandens_kwitnacy.jpg" alt="" class="wp-image-953" srcset="https://www.ogrodnick.pl/word/wp-content/uploads/2020/03/rhodotypos_scandens_kwitnacy.jpg 500w, https://www.ogrodnick.pl/word/wp-content/uploads/2020/03/rhodotypos_scandens_kwitnacy-300x236.jpg 300w" sizes="auto, (max-width: 500px) 100vw, 500px" /></figure></div>
</div>
</div>



<div class="wp-block-columns alignfull is-layout-flex wp-container-core-columns-is-layout-9d6595d7 wp-block-columns-is-layout-flex">
<div class="wp-block-column is-layout-flow wp-block-column-is-layout-flow">
<p><strong>UPRAWA:</strong><br>&nbsp;&nbsp;&nbsp;Może rosnąć na&nbsp;każdej&nbsp;glebie, na stanowiskach słonecznych lub w cieniu (wtedy ma luźniejszy pokrój).&nbsp;<br>&nbsp;&nbsp;&nbsp;W zimniejszych rejonach podczas &#8222;zim stulecia&#8221; mogą przemarzać gałązki &#8211; należy je usunąć, &#8222;odmłodzony&#8221; krzew bujnie odrośnie.</p>
</div>



<div class="wp-block-column is-layout-flow wp-block-column-is-layout-flow">
<div class="wp-block-image"><figure class="aligncenter size-large"><img loading="lazy" decoding="async" width="497" height="334" src="https://www.ogrodnick.pl/word/wp-content/uploads/2020/03/rhodotypos_scandens_owoce.jpg" alt="" class="wp-image-954" srcset="https://www.ogrodnick.pl/word/wp-content/uploads/2020/03/rhodotypos_scandens_owoce.jpg 497w, https://www.ogrodnick.pl/word/wp-content/uploads/2020/03/rhodotypos_scandens_owoce-300x202.jpg 300w" sizes="auto, (max-width: 497px) 100vw, 497px" /></figure></div>
</div>
</div>



<div class="wp-block-image"><figure class="aligncenter size-large"><img loading="lazy" decoding="async" width="500" height="386" src="https://www.ogrodnick.pl/word/wp-content/uploads/2020/03/rhodotypos_scandens_kwiatek.jpg" alt="" class="wp-image-952" srcset="https://www.ogrodnick.pl/word/wp-content/uploads/2020/03/rhodotypos_scandens_kwiatek.jpg 500w, https://www.ogrodnick.pl/word/wp-content/uploads/2020/03/rhodotypos_scandens_kwiatek-300x232.jpg 300w" sizes="auto, (max-width: 500px) 100vw, 500px" /></figure></div>

<p>Różowiec biały&nbsp;(Rhodotypos scandens)&nbsp; występuje w środkowych Chinach i Japonii. OPIS:&nbsp;&nbsp;&nbsp;Ten rzadko spotykany bliski kuzyn złotlinu dorasta najwyżej do 1,5 metru wysokości. Białe kwiaty (do 5 cm średnicy) rozwija w maju, potem &#8211; tak jak złotlin &#8211; powtarza kwitnienie latem. W odróżnieniu od złotlinu różowiec biały nie tworzy rozłogów, jest doskonały na małe żywopłoty. Jesienią liście [&hellip;]</p>
