{"id":500,"date":"2020-03-15T15:02:44","date_gmt":"2020-03-15T15:02:44","guid":{"rendered":"http:\/\/www.ogrodnick.pl\/word\/?page_id=500"},"modified":"2020-03-23T10:46:46","modified_gmt":"2020-03-23T10:46:46","slug":"tawlina-jarzebolistna-sorbaria-sorbifolia","status":"publish","type":"page","link":"https:\/\/www.ogrodnick.pl\/word\/tawlina-jarzebolistna-sorbaria-sorbifolia\/","title":{"rendered":"Tawlina jarz\u0119bolistna (Sorbaria sorbifolia)"},"content":{"rendered":"\n<div class=\"wp-block-group alignfull\"><div class=\"wp-block-group__inner-container is-layout-flow wp-block-group-is-layout-flow\">\n<p>Tawlina jarz\u0119bolistna (<em>Sorbaria sorbifolia<\/em>)&nbsp;ro\u015bnie w Azji &#8211; od Uralu po Japoni\u0119, zwykle tworzy zaro\u015bla w wilgotnych miejscach.<\/p>\n<\/div><\/div>\n\n\n\n<div class=\"wp-block-columns alignfull is-layout-flex wp-container-core-columns-is-layout-9d6595d7 wp-block-columns-is-layout-flex\">\n<div class=\"wp-block-column is-layout-flow wp-block-column-is-layout-flow\">\n<p><strong>OPIS:<br><\/strong>&nbsp;&nbsp;&nbsp;Tawlina jarz\u0119bolistna to krzew w sprzyjaj\u0105cych warunkach (wilgotna, \u017cyzna gleba)osi\u0105gaj\u0105cy 3 metry wysoko\u015bci i rozrastaj\u0105cy si\u0119 przy pomocy roz\u0142og\u00f3w. Na s\u0142abych glebach tawlina jest mniej ekspansywna i zwykle nie przekracza 1,5 metra.&nbsp;<br>&nbsp;&nbsp;&nbsp;Tawlin\u0119 posadzi\u0107 warto gdy\u017c:&nbsp;<br>&#8211; bardzo wcze\u015bnie rozwija li\u015bcie, cz\u0119sto ju\u017c w lutym. Jasnozielone li\u015bcie maj\u0105 do 25 cm d\u0142ugo\u015bci, sk\u0142adaj\u0105 si\u0119 z 11-21 listk\u00f3w, s\u0105 odporne na choroby i szkodniki. Jesieni\u0105 przybieraj\u0105 barwy \u017c\u00f3\u0142te i czerwone.&nbsp;<br>&#8211; obficie kwitnie latem, zwykle w lipcu i sierpniu. Kwiatki tworz\u0105ce 30-centymetrowe wiechy s\u0105 licznie odwiedzane przez motyle i inne owady.&nbsp;<br>&#8211; znakomicie znosi cie\u0144, bardzo dobrze ro\u015bnie pod koronami drzew&nbsp;<br>&#8211; jest krzewem &#8222;nie do zdarcia&#8221; i nie do zadeptania, bardzo dobrze ro\u015bnie w trudnych warunkach, znakomicie nadaje si\u0119 do tworzenia naturalnych szpaler\u00f3w, zas\u0142aniania p\u0142ot\u00f3w, \u015bcian itp.<\/p>\n<\/div>\n\n\n\n<div class=\"wp-block-column is-layout-flow wp-block-column-is-layout-flow\">\n<div class=\"wp-block-image\"><figure class=\"aligncenter size-large\"><img loading=\"lazy\" decoding=\"async\" width=\"500\" height=\"692\" src=\"https:\/\/www.ogrodnick.pl\/word\/wp-content\/uploads\/2020\/03\/sorbaria_sorbifolia_kwiatostany.jpg\" alt=\"\" class=\"wp-image-962\" srcset=\"https:\/\/www.ogrodnick.pl\/word\/wp-content\/uploads\/2020\/03\/sorbaria_sorbifolia_kwiatostany.jpg 500w, https:\/\/www.ogrodnick.pl\/word\/wp-content\/uploads\/2020\/03\/sorbaria_sorbifolia_kwiatostany-217x300.jpg 217w\" sizes=\"auto, (max-width: 500px) 100vw, 500px\" \/><\/figure><\/div>\n<\/div>\n<\/div>\n\n\n\n<div class=\"wp-block-columns alignfull is-layout-flex wp-container-core-columns-is-layout-9d6595d7 wp-block-columns-is-layout-flex\">\n<div class=\"wp-block-column is-layout-flow wp-block-column-is-layout-flow\">\n<p><strong>UPRAWA:<\/strong>&nbsp;<br>&nbsp;&nbsp;&nbsp;Tawliny s\u0105 odporne na mrozy, mog\u0105 rosn\u0105\u0107 na ka\u017cdej nie bardzo suchej glebie, na stanowiskach s\u0142onecznych i w cieniu.&nbsp;<\/p>\n<\/div>\n\n\n\n<div class=\"wp-block-column is-layout-flow wp-block-column-is-layout-flow\"><\/div>\n<\/div>\n\n\n","protected":false},"excerpt":{"rendered":"<p>Tawlina jarz\u0119bolistna (Sorbaria sorbifolia)&nbsp;ro\u015bnie w Azji &#8211; od Uralu po Japoni\u0119, zwykle tworzy zaro\u015bla w wilgotnych miejscach. OPIS:&nbsp;&nbsp;&nbsp;Tawlina jarz\u0119bolistna to krzew w sprzyjaj\u0105cych warunkach (wilgotna, \u017cyzna gleba)osi\u0105gaj\u0105cy 3 metry wysoko\u015bci i rozrastaj\u0105cy si\u0119 przy pomocy roz\u0142og\u00f3w. Na s\u0142abych glebach tawlina jest mniej ekspansywna i zwykle nie przekracza 1,5 metra.&nbsp;&nbsp;&nbsp;&nbsp;Tawlin\u0119 posadzi\u0107 warto gdy\u017c:&nbsp;&#8211; bardzo wcze\u015bnie rozwija [&hellip;]<\/p>\n","protected":false},"author":1,"featured_media":0,"parent":0,"menu_order":0,"comment_status":"closed","ping_status":"closed","template":"","meta":{"footnotes":""},"class_list":["post-500","page","type-page","status-publish","hentry"],"_links":{"self":[{"href":"https:\/\/www.ogrodnick.pl\/word\/wp-json\/wp\/v2\/pages\/500","targetHints":{"allow":["GET"]}}],"collection":[{"href":"https:\/\/www.ogrodnick.pl\/word\/wp-json\/wp\/v2\/pages"}],"about":[{"href":"https:\/\/www.ogrodnick.pl\/word\/wp-json\/wp\/v2\/types\/page"}],"author":[{"embeddable":true,"href":"https:\/\/www.ogrodnick.pl\/word\/wp-json\/wp\/v2\/users\/1"}],"replies":[{"embeddable":true,"href":"https:\/\/www.ogrodnick.pl\/word\/wp-json\/wp\/v2\/comments?post=500"}],"version-history":[{"count":2,"href":"https:\/\/www.ogrodnick.pl\/word\/wp-json\/wp\/v2\/pages\/500\/revisions"}],"predecessor-version":[{"id":1110,"href":"https:\/\/www.ogrodnick.pl\/word\/wp-json\/wp\/v2\/pages\/500\/revisions\/1110"}],"wp:attachment":[{"href":"https:\/\/www.ogrodnick.pl\/word\/wp-json\/wp\/v2\/media?parent=500"}],"curies":[{"name":"wp","href":"https:\/\/api.w.org\/{rel}","templated":true}]}}