{"id":491,"date":"2020-03-15T13:25:28","date_gmt":"2020-03-15T13:25:28","guid":{"rendered":"http:\/\/www.ogrodnick.pl\/word\/?page_id=491"},"modified":"2020-03-21T15:24:18","modified_gmt":"2020-03-21T15:24:18","slug":"poncyria-pomarancza-trojlistkowa-gorzka-pomarancza-poncirus-trifoliata","status":"publish","type":"page","link":"https:\/\/www.ogrodnick.pl\/word\/poncyria-pomarancza-trojlistkowa-gorzka-pomarancza-poncirus-trifoliata\/","title":{"rendered":"Poncyria, Pomara\u0144cza tr\u00f3jlistkowa, Gorzka pomara\u0144cza (Poncirus trifoliata)"},"content":{"rendered":"\n<div class=\"wp-block-group alignfull\"><div class=\"wp-block-group__inner-container is-layout-flow wp-block-group-is-layout-flow\">\n<p>Poncyria, Pomara\u0144cza tr\u00f3jlistkowa, Gorzka pomara\u0144cza&nbsp;(<em>Poncirus trifoliata<\/em>)&nbsp;ro\u015bnie na wschodzie Chin i w Korei.<\/p>\n<\/div><\/div>\n\n\n\n<div class=\"wp-block-columns alignfull is-layout-flex wp-container-core-columns-is-layout-9d6595d7 wp-block-columns-is-layout-flex\">\n<div class=\"wp-block-column is-layout-flow wp-block-column-is-layout-flow\">\n<p><strong>OPIS:<br><\/strong>&nbsp;&nbsp;&nbsp; Krzew z charakterystyczn\u0105 zielon\u0105 kor\u0105, w ojczy\u017anie (r\u00f3wnie\u017c na zachodzie Europy) osi\u0105ga 6 metr\u00f3w wysoko\u015bci.&nbsp;<br>&nbsp;&nbsp;&nbsp;Poncyria jest jedynym cytrusem o li\u015bciach sezonowych (opadaj\u0105cych na zim\u0119), najbardziej mrozoodpornym &#8211; w zwi\u0105zku z tym rozpowszechniona na wszystkich kontynentach jako podk\u0142adka pod odmiany owocowe pomara\u0144czy i innych uprawnych cytrus\u00f3w. Bywa\u0142a r\u00f3wnie\u017c krzy\u017cowana z innymi gatunkami, tak otrzymano cytrangi i cytrangokwaty.&nbsp;<br>&nbsp;&nbsp;&nbsp; Owoce gorzkiej pomara\u0144czy na surowo s\u0105 bardzo gorzkie i bardzo kwa\u015bne, mimo to to s\u0105 jadalne &#8211; mo\u017cna z nich robi\u0107 smaczne marmolady i orze\u017awiaj\u0105ce napoje.&nbsp;<br>&nbsp;&nbsp;&nbsp; Niew\u0105tpliwa uroda krzewu (zielona kora, bia\u0142e kwiatki przed rozwojem li\u015bci, \u0142adne listki w jesieni \u017c\u00f3\u0142te, zwykle mn\u00f3stwo owoc\u00f3w pozostaj\u0105cych na krzewach po opadni\u0119ciu li\u015bci) sprawi\u0142a, \u017ce poncyria jest w krajach o nieco \u0142agodniejszym klimacie uprawiana jako krzew ozdobny.&nbsp;<br>&nbsp;&nbsp;&nbsp;Znakomicie znosi przycinanie &#8211; ju\u017c w Niemczech mo\u017cna spotka\u0107 pi\u0119kne obronne \u017cywop\u0142oty z niej utworzone (ma 4-centymetrowe, mocne kolce).<\/p>\n<\/div>\n\n\n\n<div class=\"wp-block-column is-layout-flow wp-block-column-is-layout-flow\">\n<div class=\"wp-block-image\"><figure class=\"aligncenter size-large\"><img loading=\"lazy\" decoding=\"async\" width=\"500\" height=\"336\" src=\"https:\/\/www.ogrodnick.pl\/word\/wp-content\/uploads\/2020\/03\/poncirus_trifoliata_owocujacy.jpg\" alt=\"\" class=\"wp-image-879\" srcset=\"https:\/\/www.ogrodnick.pl\/word\/wp-content\/uploads\/2020\/03\/poncirus_trifoliata_owocujacy.jpg 500w, https:\/\/www.ogrodnick.pl\/word\/wp-content\/uploads\/2020\/03\/poncirus_trifoliata_owocujacy-300x202.jpg 300w\" sizes=\"auto, (max-width: 500px) 100vw, 500px\" \/><\/figure><\/div>\n<\/div>\n<\/div>\n\n\n\n<div class=\"wp-block-columns alignfull is-layout-flex wp-container-core-columns-is-layout-9d6595d7 wp-block-columns-is-layout-flex\">\n<div class=\"wp-block-column is-layout-flow wp-block-column-is-layout-flow\">\n<p><strong>UPRAWA:<\/strong>&nbsp;<br>&nbsp;&nbsp;&nbsp;Bez szkody wytrzymuje mrozy do -20 C. (niekt\u00f3re \u017ar\u00f3d\u0142a podaj\u0105, \u017ce w sprzyjaj\u0105cych warunkach nawet -30. Te &#8222;sprzyjaj\u0105ce warunki&#8221; to s\u0142oneczne, ciep\u0142e stanowisko, niezbyt \u017cyzna ziemia i d\u0142uga jesie\u0144).&nbsp;<br>&nbsp;&nbsp;&nbsp; Bezwarunkowo mo\u017cna poleca\u0107 poncyri\u0119 tylko dla najcieplejszych rejon\u00f3w Polski, w pozosta\u0142ych nale\u017cy starannie dobiera\u0107 stanowisko i ewentualnie zabezpiecza\u0107 na zim\u0119.<\/p>\n<\/div>\n\n\n\n<div class=\"wp-block-column is-layout-flow wp-block-column-is-layout-flow\">\n<div class=\"wp-block-image\"><figure class=\"aligncenter size-large\"><img loading=\"lazy\" decoding=\"async\" width=\"500\" height=\"341\" src=\"https:\/\/www.ogrodnick.pl\/word\/wp-content\/uploads\/2020\/03\/poncirus_trifoliata_kwiaty.jpg\" alt=\"\" class=\"wp-image-877\" srcset=\"https:\/\/www.ogrodnick.pl\/word\/wp-content\/uploads\/2020\/03\/poncirus_trifoliata_kwiaty.jpg 500w, https:\/\/www.ogrodnick.pl\/word\/wp-content\/uploads\/2020\/03\/poncirus_trifoliata_kwiaty-300x205.jpg 300w\" sizes=\"auto, (max-width: 500px) 100vw, 500px\" \/><\/figure><\/div>\n<\/div>\n<\/div>\n\n\n\n<div class=\"wp-block-image\"><figure class=\"aligncenter size-large\"><img loading=\"lazy\" decoding=\"async\" width=\"500\" height=\"362\" src=\"https:\/\/www.ogrodnick.pl\/word\/wp-content\/uploads\/2020\/03\/poncirus_trifoliata_owoce.jpg\" alt=\"\" class=\"wp-image-878\" srcset=\"https:\/\/www.ogrodnick.pl\/word\/wp-content\/uploads\/2020\/03\/poncirus_trifoliata_owoce.jpg 500w, https:\/\/www.ogrodnick.pl\/word\/wp-content\/uploads\/2020\/03\/poncirus_trifoliata_owoce-300x217.jpg 300w\" sizes=\"auto, (max-width: 500px) 100vw, 500px\" \/><\/figure><\/div>\n","protected":false},"excerpt":{"rendered":"<p>Poncyria, Pomara\u0144cza tr\u00f3jlistkowa, Gorzka pomara\u0144cza&nbsp;(Poncirus trifoliata)&nbsp;ro\u015bnie na wschodzie Chin i w Korei. OPIS:&nbsp;&nbsp;&nbsp; Krzew z charakterystyczn\u0105 zielon\u0105 kor\u0105, w ojczy\u017anie (r\u00f3wnie\u017c na zachodzie Europy) osi\u0105ga 6 metr\u00f3w wysoko\u015bci.&nbsp;&nbsp;&nbsp;&nbsp;Poncyria jest jedynym cytrusem o li\u015bciach sezonowych (opadaj\u0105cych na zim\u0119), najbardziej mrozoodpornym &#8211; w zwi\u0105zku z tym rozpowszechniona na wszystkich kontynentach jako podk\u0142adka pod odmiany owocowe pomara\u0144czy i [&hellip;]<\/p>\n","protected":false},"author":1,"featured_media":0,"parent":0,"menu_order":0,"comment_status":"closed","ping_status":"closed","template":"","meta":{"footnotes":""},"class_list":["post-491","page","type-page","status-publish","hentry"],"_links":{"self":[{"href":"https:\/\/www.ogrodnick.pl\/word\/wp-json\/wp\/v2\/pages\/491","targetHints":{"allow":["GET"]}}],"collection":[{"href":"https:\/\/www.ogrodnick.pl\/word\/wp-json\/wp\/v2\/pages"}],"about":[{"href":"https:\/\/www.ogrodnick.pl\/word\/wp-json\/wp\/v2\/types\/page"}],"author":[{"embeddable":true,"href":"https:\/\/www.ogrodnick.pl\/word\/wp-json\/wp\/v2\/users\/1"}],"replies":[{"embeddable":true,"href":"https:\/\/www.ogrodnick.pl\/word\/wp-json\/wp\/v2\/comments?post=491"}],"version-history":[{"count":2,"href":"https:\/\/www.ogrodnick.pl\/word\/wp-json\/wp\/v2\/pages\/491\/revisions"}],"predecessor-version":[{"id":1093,"href":"https:\/\/www.ogrodnick.pl\/word\/wp-json\/wp\/v2\/pages\/491\/revisions\/1093"}],"wp:attachment":[{"href":"https:\/\/www.ogrodnick.pl\/word\/wp-json\/wp\/v2\/media?parent=491"}],"curies":[{"name":"wp","href":"https:\/\/api.w.org\/{rel}","templated":true}]}}