{"id":489,"date":"2020-03-15T14:23:21","date_gmt":"2020-03-15T14:23:21","guid":{"rendered":"http:\/\/www.ogrodnick.pl\/word\/?page_id=489"},"modified":"2020-03-23T10:30:32","modified_gmt":"2020-03-23T10:30:32","slug":"skrzydlorzech-kaukaski-pterocarya-fraxinifolia","status":"publish","type":"page","link":"https:\/\/www.ogrodnick.pl\/word\/skrzydlorzech-kaukaski-pterocarya-fraxinifolia\/","title":{"rendered":"Skrzyd\u0142orzech kaukaski (Pterocarya fraxinifolia)"},"content":{"rendered":"\n<div class=\"wp-block-group alignfull\"><div class=\"wp-block-group__inner-container is-layout-flow wp-block-group-is-layout-flow\">\n<p>Skrzyd\u0142orzech kaukaski&nbsp;<em>(Pterocarya fraxinifolia)<\/em> wyst\u0119puje na Zakaukaziu, w Turcji i w Iranie.<\/p>\n<\/div><\/div>\n\n\n\n<div class=\"wp-block-columns alignfull is-layout-flex wp-container-core-columns-is-layout-9d6595d7 wp-block-columns-is-layout-flex\">\n<div class=\"wp-block-column is-layout-flow wp-block-column-is-layout-flow\">\n<p><strong>OPIS:<br><\/strong>&nbsp;&nbsp;&nbsp;Skrzyd\u0142orzech kaukaski w wilgotnych lasach bywa trzydziestometrowym drzewem z prostym pniem, rosn\u0105cy swobodnie na s\u0142onecznym stanowisku tworzy niezwykle efektowne formy wielopniowe i rzadko przekracza 10 metr\u00f3w wysoko\u015bci.&nbsp;<br>&nbsp;&nbsp;&nbsp;Li\u015bcie skrzyd\u0142orzecha kaukaskiego sk\u0142adaj\u0105 si\u0119 nawet z 23 listk\u00f3w, maj\u0105 do 50 cm. d\u0142ugo\u015bci. Je\u015bli jesie\u0144 jest ciep\u0142a, pi\u0119knie przebarwiaj\u0105 si\u0119 na \u017c\u00f3\u0142to.&nbsp;<br>&nbsp;&nbsp;&nbsp;Wspania\u0142\u0105 ozdob\u0105 wszystkich skrzyd\u0142orzech\u00f3w s\u0105 ich owoce &#8211; oskrzydlone orzeszki tworz\u0105 bardzo liczne, zwisaj\u0105ce owocostany p\u00f3\u0142metrowej d\u0142ugo\u015bci.&nbsp;<br>&nbsp;&nbsp;&nbsp;Skrzyd\u0142orzecha kaukaskiego od innych odr\u00f3\u017cniaj\u0105 p\u0105czki &#8211; zupe\u0142nie nie maj\u0105 \u0142usek os\u0142aniaj\u0105cych zal\u0105\u017cki listk\u00f3w.&nbsp;<br>&nbsp;&nbsp;&nbsp;Na wilgotnych i \u017cyznych glebach (znakomicie prezentuje si\u0119 nad wod\u0105) skrzyd\u0142orzech kaukaski ro\u015bnie bardzo szybko.<\/p>\n<\/div>\n\n\n\n<div class=\"wp-block-column is-layout-flow wp-block-column-is-layout-flow\">\n<div class=\"wp-block-image\"><figure class=\"aligncenter size-large\"><img loading=\"lazy\" decoding=\"async\" width=\"500\" height=\"375\" src=\"https:\/\/www.ogrodnick.pl\/word\/wp-content\/uploads\/2020\/03\/pterocarya_fraxinifolia_drzewo.jpg\" alt=\"\" class=\"wp-image-885\" srcset=\"https:\/\/www.ogrodnick.pl\/word\/wp-content\/uploads\/2020\/03\/pterocarya_fraxinifolia_drzewo.jpg 500w, https:\/\/www.ogrodnick.pl\/word\/wp-content\/uploads\/2020\/03\/pterocarya_fraxinifolia_drzewo-300x225.jpg 300w\" sizes=\"auto, (max-width: 500px) 100vw, 500px\" \/><\/figure><\/div>\n<\/div>\n<\/div>\n\n\n\n<div class=\"wp-block-columns alignfull is-layout-flex wp-container-core-columns-is-layout-9d6595d7 wp-block-columns-is-layout-flex\">\n<div class=\"wp-block-column is-layout-flow wp-block-column-is-layout-flow\">\n<p><strong>UPRAWA:<\/strong>&nbsp;<br>&nbsp;&nbsp;&nbsp;Stanowisko s\u0142oneczne, mog\u0105 rosn\u0105\u0107 na glebach podmok\u0142ych, doskonale znosz\u0105 zalewanie. Nie warto ich sadzi\u0107 na glebach suchych i ubogich.&nbsp;<br>&nbsp;&nbsp;&nbsp; W pierwszych latach skrzyd\u0142orzechy kaukaskie s\u0105 wra\u017cliwe na mrozy (podmarzaj\u0105 podczas surowych zim, ale znakomicie regeneruj\u0105), potem staj\u0105 sie odporne &#8211; mog\u0105 je jednak uszkadza\u0107 p\u00f3\u017ane przymrozki.<\/p>\n<\/div>\n\n\n\n<div class=\"wp-block-column is-layout-flow wp-block-column-is-layout-flow\">\n<div class=\"wp-block-image\"><figure class=\"aligncenter size-large\"><img loading=\"lazy\" decoding=\"async\" width=\"500\" height=\"667\" src=\"https:\/\/www.ogrodnick.pl\/word\/wp-content\/uploads\/2020\/03\/pterocarya_fraxinifolia_liscie.jpg\" alt=\"\" class=\"wp-image-886\" srcset=\"https:\/\/www.ogrodnick.pl\/word\/wp-content\/uploads\/2020\/03\/pterocarya_fraxinifolia_liscie.jpg 500w, https:\/\/www.ogrodnick.pl\/word\/wp-content\/uploads\/2020\/03\/pterocarya_fraxinifolia_liscie-225x300.jpg 225w\" sizes=\"auto, (max-width: 500px) 100vw, 500px\" \/><\/figure><\/div>\n<\/div>\n<\/div>\n\n\n\n<div class=\"wp-block-columns alignfull is-layout-flex wp-container-core-columns-is-layout-9d6595d7 wp-block-columns-is-layout-flex\">\n<div class=\"wp-block-column is-layout-flow wp-block-column-is-layout-flow\">\n<div class=\"wp-block-image\"><figure class=\"aligncenter size-large\"><img loading=\"lazy\" decoding=\"async\" width=\"498\" height=\"832\" src=\"https:\/\/www.ogrodnick.pl\/word\/wp-content\/uploads\/2020\/03\/pterocarya_fraxinifolia_owoced.jpg\" alt=\"\" class=\"wp-image-888\" srcset=\"https:\/\/www.ogrodnick.pl\/word\/wp-content\/uploads\/2020\/03\/pterocarya_fraxinifolia_owoced.jpg 498w, https:\/\/www.ogrodnick.pl\/word\/wp-content\/uploads\/2020\/03\/pterocarya_fraxinifolia_owoced-180x300.jpg 180w\" sizes=\"auto, (max-width: 498px) 100vw, 498px\" \/><\/figure><\/div>\n<\/div>\n\n\n\n<div class=\"wp-block-column is-layout-flow wp-block-column-is-layout-flow\">\n<div class=\"wp-block-image\"><figure class=\"aligncenter size-large\"><img loading=\"lazy\" decoding=\"async\" width=\"500\" height=\"365\" src=\"https:\/\/www.ogrodnick.pl\/word\/wp-content\/uploads\/2020\/03\/pterocarya_fraxinifolia_owoce_duzo.jpg\" alt=\"\" class=\"wp-image-889\" srcset=\"https:\/\/www.ogrodnick.pl\/word\/wp-content\/uploads\/2020\/03\/pterocarya_fraxinifolia_owoce_duzo.jpg 500w, https:\/\/www.ogrodnick.pl\/word\/wp-content\/uploads\/2020\/03\/pterocarya_fraxinifolia_owoce_duzo-300x219.jpg 300w\" sizes=\"auto, (max-width: 500px) 100vw, 500px\" \/><\/figure><\/div>\n\n\n\n<div class=\"wp-block-image\"><figure class=\"aligncenter size-large\"><img loading=\"lazy\" decoding=\"async\" width=\"501\" height=\"340\" src=\"https:\/\/www.ogrodnick.pl\/word\/wp-content\/uploads\/2020\/03\/pterocarya_fraxinifolia_paczki_kwiatowe.jpg\" alt=\"\" class=\"wp-image-890\" srcset=\"https:\/\/www.ogrodnick.pl\/word\/wp-content\/uploads\/2020\/03\/pterocarya_fraxinifolia_paczki_kwiatowe.jpg 501w, https:\/\/www.ogrodnick.pl\/word\/wp-content\/uploads\/2020\/03\/pterocarya_fraxinifolia_paczki_kwiatowe-300x204.jpg 300w\" sizes=\"auto, (max-width: 501px) 100vw, 501px\" \/><\/figure><\/div>\n<\/div>\n<\/div>\n\n\n\n<div class=\"wp-block-image\"><figure class=\"aligncenter size-large\"><img loading=\"lazy\" decoding=\"async\" width=\"500\" height=\"362\" src=\"https:\/\/www.ogrodnick.pl\/word\/wp-content\/uploads\/2020\/03\/pterocarya_fraxinifolia_wielopniowy.jpg\" alt=\"\" class=\"wp-image-891\" srcset=\"https:\/\/www.ogrodnick.pl\/word\/wp-content\/uploads\/2020\/03\/pterocarya_fraxinifolia_wielopniowy.jpg 500w, https:\/\/www.ogrodnick.pl\/word\/wp-content\/uploads\/2020\/03\/pterocarya_fraxinifolia_wielopniowy-300x217.jpg 300w\" sizes=\"auto, (max-width: 500px) 100vw, 500px\" \/><\/figure><\/div>\n","protected":false},"excerpt":{"rendered":"<p>Skrzyd\u0142orzech kaukaski&nbsp;(Pterocarya fraxinifolia) wyst\u0119puje na Zakaukaziu, w Turcji i w Iranie. OPIS:&nbsp;&nbsp;&nbsp;Skrzyd\u0142orzech kaukaski w wilgotnych lasach bywa trzydziestometrowym drzewem z prostym pniem, rosn\u0105cy swobodnie na s\u0142onecznym stanowisku tworzy niezwykle efektowne formy wielopniowe i rzadko przekracza 10 metr\u00f3w wysoko\u015bci.&nbsp;&nbsp;&nbsp;&nbsp;Li\u015bcie skrzyd\u0142orzecha kaukaskiego sk\u0142adaj\u0105 si\u0119 nawet z 23 listk\u00f3w, maj\u0105 do 50 cm. d\u0142ugo\u015bci. Je\u015bli jesie\u0144 jest ciep\u0142a, [&hellip;]<\/p>\n","protected":false},"author":1,"featured_media":0,"parent":0,"menu_order":0,"comment_status":"closed","ping_status":"closed","template":"","meta":{"footnotes":""},"class_list":["post-489","page","type-page","status-publish","hentry"],"_links":{"self":[{"href":"https:\/\/www.ogrodnick.pl\/word\/wp-json\/wp\/v2\/pages\/489","targetHints":{"allow":["GET"]}}],"collection":[{"href":"https:\/\/www.ogrodnick.pl\/word\/wp-json\/wp\/v2\/pages"}],"about":[{"href":"https:\/\/www.ogrodnick.pl\/word\/wp-json\/wp\/v2\/types\/page"}],"author":[{"embeddable":true,"href":"https:\/\/www.ogrodnick.pl\/word\/wp-json\/wp\/v2\/users\/1"}],"replies":[{"embeddable":true,"href":"https:\/\/www.ogrodnick.pl\/word\/wp-json\/wp\/v2\/comments?post=489"}],"version-history":[{"count":2,"href":"https:\/\/www.ogrodnick.pl\/word\/wp-json\/wp\/v2\/pages\/489\/revisions"}],"predecessor-version":[{"id":1097,"href":"https:\/\/www.ogrodnick.pl\/word\/wp-json\/wp\/v2\/pages\/489\/revisions\/1097"}],"wp:attachment":[{"href":"https:\/\/www.ogrodnick.pl\/word\/wp-json\/wp\/v2\/media?parent=489"}],"curies":[{"name":"wp","href":"https:\/\/api.w.org\/{rel}","templated":true}]}}

Skrzydłorzech kaukaski (Pterocarya fraxinifolia)

<div class="wp-block-group alignfull"><div class="wp-block-group__inner-container is-layout-flow wp-block-group-is-layout-flow">
<p>Skrzydłorzech kaukaski&nbsp;<em>(Pterocarya fraxinifolia)</em> występuje na Zakaukaziu, w Turcji i w Iranie.</p>
</div></div>



<div class="wp-block-columns alignfull is-layout-flex wp-container-core-columns-is-layout-9d6595d7 wp-block-columns-is-layout-flex">
<div class="wp-block-column is-layout-flow wp-block-column-is-layout-flow">
<p><strong>OPIS:<br></strong>&nbsp;&nbsp;&nbsp;Skrzydłorzech kaukaski w wilgotnych lasach bywa trzydziestometrowym drzewem z prostym pniem, rosnący swobodnie na słonecznym stanowisku tworzy niezwykle efektowne formy wielopniowe i rzadko przekracza 10 metrów wysokości.&nbsp;<br>&nbsp;&nbsp;&nbsp;Liście skrzydłorzecha kaukaskiego składają się nawet z 23 listków, mają do 50 cm. długości. Jeśli jesień jest ciepła, pięknie przebarwiają się na żółto.&nbsp;<br>&nbsp;&nbsp;&nbsp;Wspaniałą ozdobą wszystkich skrzydłorzechów są ich owoce &#8211; oskrzydlone orzeszki tworzą bardzo liczne, zwisające owocostany półmetrowej długości.&nbsp;<br>&nbsp;&nbsp;&nbsp;Skrzydłorzecha kaukaskiego od innych odróżniają pączki &#8211; zupełnie nie mają łusek osłaniających zalążki listków.&nbsp;<br>&nbsp;&nbsp;&nbsp;Na wilgotnych i żyznych glebach (znakomicie prezentuje się nad wodą) skrzydłorzech kaukaski rośnie bardzo szybko.</p>
</div>



<div class="wp-block-column is-layout-flow wp-block-column-is-layout-flow">
<div class="wp-block-image"><figure class="aligncenter size-large"><img loading="lazy" decoding="async" width="500" height="375" src="https://www.ogrodnick.pl/word/wp-content/uploads/2020/03/pterocarya_fraxinifolia_drzewo.jpg" alt="" class="wp-image-885" srcset="https://www.ogrodnick.pl/word/wp-content/uploads/2020/03/pterocarya_fraxinifolia_drzewo.jpg 500w, https://www.ogrodnick.pl/word/wp-content/uploads/2020/03/pterocarya_fraxinifolia_drzewo-300x225.jpg 300w" sizes="auto, (max-width: 500px) 100vw, 500px" /></figure></div>
</div>
</div>



<div class="wp-block-columns alignfull is-layout-flex wp-container-core-columns-is-layout-9d6595d7 wp-block-columns-is-layout-flex">
<div class="wp-block-column is-layout-flow wp-block-column-is-layout-flow">
<p><strong>UPRAWA:</strong>&nbsp;<br>&nbsp;&nbsp;&nbsp;Stanowisko słoneczne, mogą rosnąć na glebach podmokłych, doskonale znoszą zalewanie. Nie warto ich sadzić na glebach suchych i ubogich.&nbsp;<br>&nbsp;&nbsp;&nbsp; W pierwszych latach skrzydłorzechy kaukaskie są wrażliwe na mrozy (podmarzają podczas surowych zim, ale znakomicie regenerują), potem stają sie odporne &#8211; mogą je jednak uszkadzać późne przymrozki.</p>
</div>



<div class="wp-block-column is-layout-flow wp-block-column-is-layout-flow">
<div class="wp-block-image"><figure class="aligncenter size-large"><img loading="lazy" decoding="async" width="500" height="667" src="https://www.ogrodnick.pl/word/wp-content/uploads/2020/03/pterocarya_fraxinifolia_liscie.jpg" alt="" class="wp-image-886" srcset="https://www.ogrodnick.pl/word/wp-content/uploads/2020/03/pterocarya_fraxinifolia_liscie.jpg 500w, https://www.ogrodnick.pl/word/wp-content/uploads/2020/03/pterocarya_fraxinifolia_liscie-225x300.jpg 225w" sizes="auto, (max-width: 500px) 100vw, 500px" /></figure></div>
</div>
</div>



<div class="wp-block-columns alignfull is-layout-flex wp-container-core-columns-is-layout-9d6595d7 wp-block-columns-is-layout-flex">
<div class="wp-block-column is-layout-flow wp-block-column-is-layout-flow">
<div class="wp-block-image"><figure class="aligncenter size-large"><img loading="lazy" decoding="async" width="498" height="832" src="https://www.ogrodnick.pl/word/wp-content/uploads/2020/03/pterocarya_fraxinifolia_owoced.jpg" alt="" class="wp-image-888" srcset="https://www.ogrodnick.pl/word/wp-content/uploads/2020/03/pterocarya_fraxinifolia_owoced.jpg 498w, https://www.ogrodnick.pl/word/wp-content/uploads/2020/03/pterocarya_fraxinifolia_owoced-180x300.jpg 180w" sizes="auto, (max-width: 498px) 100vw, 498px" /></figure></div>
</div>



<div class="wp-block-column is-layout-flow wp-block-column-is-layout-flow">
<div class="wp-block-image"><figure class="aligncenter size-large"><img loading="lazy" decoding="async" width="500" height="365" src="https://www.ogrodnick.pl/word/wp-content/uploads/2020/03/pterocarya_fraxinifolia_owoce_duzo.jpg" alt="" class="wp-image-889" srcset="https://www.ogrodnick.pl/word/wp-content/uploads/2020/03/pterocarya_fraxinifolia_owoce_duzo.jpg 500w, https://www.ogrodnick.pl/word/wp-content/uploads/2020/03/pterocarya_fraxinifolia_owoce_duzo-300x219.jpg 300w" sizes="auto, (max-width: 500px) 100vw, 500px" /></figure></div>



<div class="wp-block-image"><figure class="aligncenter size-large"><img loading="lazy" decoding="async" width="501" height="340" src="https://www.ogrodnick.pl/word/wp-content/uploads/2020/03/pterocarya_fraxinifolia_paczki_kwiatowe.jpg" alt="" class="wp-image-890" srcset="https://www.ogrodnick.pl/word/wp-content/uploads/2020/03/pterocarya_fraxinifolia_paczki_kwiatowe.jpg 501w, https://www.ogrodnick.pl/word/wp-content/uploads/2020/03/pterocarya_fraxinifolia_paczki_kwiatowe-300x204.jpg 300w" sizes="auto, (max-width: 501px) 100vw, 501px" /></figure></div>
</div>
</div>



<div class="wp-block-image"><figure class="aligncenter size-large"><img loading="lazy" decoding="async" width="500" height="362" src="https://www.ogrodnick.pl/word/wp-content/uploads/2020/03/pterocarya_fraxinifolia_wielopniowy.jpg" alt="" class="wp-image-891" srcset="https://www.ogrodnick.pl/word/wp-content/uploads/2020/03/pterocarya_fraxinifolia_wielopniowy.jpg 500w, https://www.ogrodnick.pl/word/wp-content/uploads/2020/03/pterocarya_fraxinifolia_wielopniowy-300x217.jpg 300w" sizes="auto, (max-width: 500px) 100vw, 500px" /></figure></div>

<p>Skrzydłorzech kaukaski&nbsp;(Pterocarya fraxinifolia) występuje na Zakaukaziu, w Turcji i w Iranie. OPIS:&nbsp;&nbsp;&nbsp;Skrzydłorzech kaukaski w wilgotnych lasach bywa trzydziestometrowym drzewem z prostym pniem, rosnący swobodnie na słonecznym stanowisku tworzy niezwykle efektowne formy wielopniowe i rzadko przekracza 10 metrów wysokości.&nbsp;&nbsp;&nbsp;&nbsp;Liście skrzydłorzecha kaukaskiego składają się nawet z 23 listków, mają do 50 cm. długości. Jeśli jesień jest ciepła, [&hellip;]</p>
