{"id":476,"date":"2020-03-14T15:18:52","date_gmt":"2020-03-14T15:18:52","guid":{"rendered":"http:\/\/www.ogrodnick.pl\/word\/?page_id=476"},"modified":"2020-03-21T15:10:13","modified_gmt":"2020-03-21T15:10:13","slug":"parocja-perska-parrotia-persica","status":"publish","type":"page","link":"https:\/\/www.ogrodnick.pl\/word\/parocja-perska-parrotia-persica\/","title":{"rendered":"Parocja perska (Parrotia persica)"},"content":{"rendered":"\n<div class=\"wp-block-group alignfull\"><div class=\"wp-block-group__inner-container is-layout-flow wp-block-group-is-layout-flow\">\n<p>Parocja perska&nbsp;<em>(Parrotia persica)<\/em>&nbsp; ro\u015bnie na po\u0142udniowy zach\u00f3d od Morza Kaspijskiego &#8211; w p\u00f3\u0142nocnym Iranie i na terenach dawnego ZSRR.<\/p>\n<\/div><\/div>\n\n\n\n<div class=\"wp-block-columns alignfull is-layout-flex wp-container-core-columns-is-layout-9d6595d7 wp-block-columns-is-layout-flex\">\n<div class=\"wp-block-column is-layout-flow wp-block-column-is-layout-flow\">\n<p><strong>OPIS:<br><\/strong>&nbsp;&nbsp;&nbsp;Nazw\u0105 &#8222;\u017celazne drzewo&#8221;, ang. &#8222;Ironwood&#8221;, w r\u00f3\u017cnych rejonach \u015bwiata okre\u015bla si\u0119 dziesi\u0105tki gatunk\u00f3w drzew o szczeg\u00f3lnie twardym drewnie. W Europie tym mianem okre\u015blana jest parocja perska.&nbsp;<br>&nbsp;&nbsp;&nbsp;Parocja jest blisk\u0105 kuzynk\u0105 oczar\u00f3w. Na pierwszy rzut oka podobna, osi\u0105ga znacznie wi\u0119ksze rozmiary: nisko rozga\u0142\u0119zione lub wielopniowe drzewo mo\u017ce mie\u0107 u nas po stu latach nawet kilkana\u015bcie metr\u00f3w wysoko\u015bci. Efektowna o ka\u017cdej porze roku:&nbsp;<br>&nbsp;&nbsp;-wczesn\u0105 wiosn\u0105, jeszcze przed rozwojem li\u015bci kwitnie.&nbsp;<br>&nbsp;&nbsp;-latem wyr\u00f3\u017cnia si\u0119 zdrowymi, l\u015bni\u0105cymi li\u015b\u0107mi.&nbsp;<br>&nbsp;&nbsp;-efektownie wygl\u0105daj\u0105 oczaropodobne rogate owoce &#8211; czasem parocje owocuje bardzo obficie.&nbsp;<br>&nbsp;&nbsp;-najefektowniejsza jest bez w\u0105tpienia jesieni\u0105, podczas przebarwiania li\u015bci. Mog\u0105 one przybiera\u0107 kolory od s\u0142omkowego, przez pomara\u0144czowy do fioletowoczerwonego &#8211; zawsze bardzo czyste barwy.&nbsp;<br>&nbsp;&nbsp;-w okresie bezlistnym zwraca uwag\u0119 l\u015bni\u0105c\u0105, g\u0142adk\u0105 kor\u0105 pnia i konar\u00f3w.<\/p>\n<\/div>\n\n\n\n<div class=\"wp-block-column is-layout-flow wp-block-column-is-layout-flow\">\n<div class=\"wp-block-image\"><figure class=\"aligncenter size-large\"><img loading=\"lazy\" decoding=\"async\" width=\"500\" height=\"375\" src=\"https:\/\/www.ogrodnick.pl\/word\/wp-content\/uploads\/2020\/03\/parrotia_persica_duze_jesien.jpg\" alt=\"\" class=\"wp-image-846\" srcset=\"https:\/\/www.ogrodnick.pl\/word\/wp-content\/uploads\/2020\/03\/parrotia_persica_duze_jesien.jpg 500w, https:\/\/www.ogrodnick.pl\/word\/wp-content\/uploads\/2020\/03\/parrotia_persica_duze_jesien-300x225.jpg 300w\" sizes=\"auto, (max-width: 500px) 100vw, 500px\" \/><\/figure><\/div>\n<\/div>\n<\/div>\n\n\n\n<div class=\"wp-block-columns alignfull is-layout-flex wp-container-core-columns-is-layout-9d6595d7 wp-block-columns-is-layout-flex\">\n<div class=\"wp-block-column is-layout-flow wp-block-column-is-layout-flow\">\n<p><strong>UPRAWA:<\/strong>&nbsp;<br>&nbsp;&nbsp;&nbsp;Odporna na mrozy i susz\u0119, doskonale ro\u015bnie w miastach jako drzewo uliczne. Znosi ocienienie, ale naj\u0142adniej przebarwia si\u0119 na stanowiskach s\u0142onecznych. Nie lubi gleb wapiennych i wysokiego poziomu w\u00f3d gruntowych.&nbsp;<br>&nbsp;&nbsp;&nbsp;Ro\u015bnie bardzo powoli.&nbsp;<\/p>\n<\/div>\n\n\n\n<div class=\"wp-block-column is-layout-flow wp-block-column-is-layout-flow\">\n<div class=\"wp-block-image\"><figure class=\"aligncenter size-large\"><img loading=\"lazy\" decoding=\"async\" width=\"500\" height=\"427\" src=\"https:\/\/www.ogrodnick.pl\/word\/wp-content\/uploads\/2020\/03\/parrotia-persica-_pien1.jpg\" alt=\"\" class=\"wp-image-849\" srcset=\"https:\/\/www.ogrodnick.pl\/word\/wp-content\/uploads\/2020\/03\/parrotia-persica-_pien1.jpg 500w, https:\/\/www.ogrodnick.pl\/word\/wp-content\/uploads\/2020\/03\/parrotia-persica-_pien1-300x256.jpg 300w\" sizes=\"auto, (max-width: 500px) 100vw, 500px\" \/><\/figure><\/div>\n<\/div>\n<\/div>\n\n\n\n<div class=\"wp-block-image\"><figure class=\"aligncenter size-large\"><img loading=\"lazy\" decoding=\"async\" width=\"497\" height=\"373\" src=\"https:\/\/www.ogrodnick.pl\/word\/wp-content\/uploads\/2020\/03\/parrotia_persica_kwiatki.jpg\" alt=\"\" class=\"wp-image-847\" srcset=\"https:\/\/www.ogrodnick.pl\/word\/wp-content\/uploads\/2020\/03\/parrotia_persica_kwiatki.jpg 497w, https:\/\/www.ogrodnick.pl\/word\/wp-content\/uploads\/2020\/03\/parrotia_persica_kwiatki-300x225.jpg 300w\" sizes=\"auto, (max-width: 497px) 100vw, 497px\" \/><\/figure><\/div>\n","protected":false},"excerpt":{"rendered":"<p>Parocja perska&nbsp;(Parrotia persica)&nbsp; ro\u015bnie na po\u0142udniowy zach\u00f3d od Morza Kaspijskiego &#8211; w p\u00f3\u0142nocnym Iranie i na terenach dawnego ZSRR. OPIS:&nbsp;&nbsp;&nbsp;Nazw\u0105 &#8222;\u017celazne drzewo&#8221;, ang. &#8222;Ironwood&#8221;, w r\u00f3\u017cnych rejonach \u015bwiata okre\u015bla si\u0119 dziesi\u0105tki gatunk\u00f3w drzew o szczeg\u00f3lnie twardym drewnie. W Europie tym mianem okre\u015blana jest parocja perska.&nbsp;&nbsp;&nbsp;&nbsp;Parocja jest blisk\u0105 kuzynk\u0105 oczar\u00f3w. Na pierwszy rzut oka podobna, osi\u0105ga [&hellip;]<\/p>\n","protected":false},"author":1,"featured_media":0,"parent":0,"menu_order":0,"comment_status":"closed","ping_status":"closed","template":"","meta":{"footnotes":""},"class_list":["post-476","page","type-page","status-publish","hentry"],"_links":{"self":[{"href":"https:\/\/www.ogrodnick.pl\/word\/wp-json\/wp\/v2\/pages\/476","targetHints":{"allow":["GET"]}}],"collection":[{"href":"https:\/\/www.ogrodnick.pl\/word\/wp-json\/wp\/v2\/pages"}],"about":[{"href":"https:\/\/www.ogrodnick.pl\/word\/wp-json\/wp\/v2\/types\/page"}],"author":[{"embeddable":true,"href":"https:\/\/www.ogrodnick.pl\/word\/wp-json\/wp\/v2\/users\/1"}],"replies":[{"embeddable":true,"href":"https:\/\/www.ogrodnick.pl\/word\/wp-json\/wp\/v2\/comments?post=476"}],"version-history":[{"count":2,"href":"https:\/\/www.ogrodnick.pl\/word\/wp-json\/wp\/v2\/pages\/476\/revisions"}],"predecessor-version":[{"id":1085,"href":"https:\/\/www.ogrodnick.pl\/word\/wp-json\/wp\/v2\/pages\/476\/revisions\/1085"}],"wp:attachment":[{"href":"https:\/\/www.ogrodnick.pl\/word\/wp-json\/wp\/v2\/media?parent=476"}],"curies":[{"name":"wp","href":"https:\/\/api.w.org\/{rel}","templated":true}]}}

<div class="wp-block-group alignfull"><div class="wp-block-group__inner-container is-layout-flow wp-block-group-is-layout-flow">
<p>Parocja perska&nbsp;<em>(Parrotia persica)</em>&nbsp; rośnie na południowy zachód od Morza Kaspijskiego &#8211; w północnym Iranie i na terenach dawnego ZSRR.</p>
</div></div>



<div class="wp-block-columns alignfull is-layout-flex wp-container-core-columns-is-layout-9d6595d7 wp-block-columns-is-layout-flex">
<div class="wp-block-column is-layout-flow wp-block-column-is-layout-flow">
<p><strong>OPIS:<br></strong>&nbsp;&nbsp;&nbsp;Nazwą &#8222;żelazne drzewo&#8221;, ang. &#8222;Ironwood&#8221;, w różnych rejonach świata określa się dziesiątki gatunków drzew o szczególnie twardym drewnie. W Europie tym mianem określana jest parocja perska.&nbsp;<br>&nbsp;&nbsp;&nbsp;Parocja jest bliską kuzynką oczarów. Na pierwszy rzut oka podobna, osiąga znacznie większe rozmiary: nisko rozgałęzione lub wielopniowe drzewo może mieć u nas po stu latach nawet kilkanaście metrów wysokości. Efektowna o każdej porze roku:&nbsp;<br>&nbsp;&nbsp;-wczesną wiosną, jeszcze przed rozwojem liści kwitnie.&nbsp;<br>&nbsp;&nbsp;-latem wyróżnia się zdrowymi, lśniącymi liśćmi.&nbsp;<br>&nbsp;&nbsp;-efektownie wyglądają oczaropodobne rogate owoce &#8211; czasem parocje owocuje bardzo obficie.&nbsp;<br>&nbsp;&nbsp;-najefektowniejsza jest bez wątpienia jesienią, podczas przebarwiania liści. Mogą one przybierać kolory od słomkowego, przez pomarańczowy do fioletowoczerwonego &#8211; zawsze bardzo czyste barwy.&nbsp;<br>&nbsp;&nbsp;-w okresie bezlistnym zwraca uwagę lśniącą, gładką korą pnia i konarów.</p>
</div>



<div class="wp-block-column is-layout-flow wp-block-column-is-layout-flow">
<div class="wp-block-image"><figure class="aligncenter size-large"><img loading="lazy" decoding="async" width="500" height="375" src="https://www.ogrodnick.pl/word/wp-content/uploads/2020/03/parrotia_persica_duze_jesien.jpg" alt="" class="wp-image-846" srcset="https://www.ogrodnick.pl/word/wp-content/uploads/2020/03/parrotia_persica_duze_jesien.jpg 500w, https://www.ogrodnick.pl/word/wp-content/uploads/2020/03/parrotia_persica_duze_jesien-300x225.jpg 300w" sizes="auto, (max-width: 500px) 100vw, 500px" /></figure></div>
</div>
</div>



<div class="wp-block-columns alignfull is-layout-flex wp-container-core-columns-is-layout-9d6595d7 wp-block-columns-is-layout-flex">
<div class="wp-block-column is-layout-flow wp-block-column-is-layout-flow">
<p><strong>UPRAWA:</strong>&nbsp;<br>&nbsp;&nbsp;&nbsp;Odporna na mrozy i suszę, doskonale rośnie w miastach jako drzewo uliczne. Znosi ocienienie, ale najładniej przebarwia się na stanowiskach słonecznych. Nie lubi gleb wapiennych i wysokiego poziomu wód gruntowych.&nbsp;<br>&nbsp;&nbsp;&nbsp;Rośnie bardzo powoli.&nbsp;</p>
</div>



<div class="wp-block-column is-layout-flow wp-block-column-is-layout-flow">
<div class="wp-block-image"><figure class="aligncenter size-large"><img loading="lazy" decoding="async" width="500" height="427" src="https://www.ogrodnick.pl/word/wp-content/uploads/2020/03/parrotia-persica-_pien1.jpg" alt="" class="wp-image-849" srcset="https://www.ogrodnick.pl/word/wp-content/uploads/2020/03/parrotia-persica-_pien1.jpg 500w, https://www.ogrodnick.pl/word/wp-content/uploads/2020/03/parrotia-persica-_pien1-300x256.jpg 300w" sizes="auto, (max-width: 500px) 100vw, 500px" /></figure></div>
</div>
</div>



<div class="wp-block-image"><figure class="aligncenter size-large"><img loading="lazy" decoding="async" width="497" height="373" src="https://www.ogrodnick.pl/word/wp-content/uploads/2020/03/parrotia_persica_kwiatki.jpg" alt="" class="wp-image-847" srcset="https://www.ogrodnick.pl/word/wp-content/uploads/2020/03/parrotia_persica_kwiatki.jpg 497w, https://www.ogrodnick.pl/word/wp-content/uploads/2020/03/parrotia_persica_kwiatki-300x225.jpg 300w" sizes="auto, (max-width: 497px) 100vw, 497px" /></figure></div>

<p>Parocja perska&nbsp;(Parrotia persica)&nbsp; rośnie na południowy zachód od Morza Kaspijskiego &#8211; w północnym Iranie i na terenach dawnego ZSRR. OPIS:&nbsp;&nbsp;&nbsp;Nazwą &#8222;żelazne drzewo&#8221;, ang. &#8222;Ironwood&#8221;, w różnych rejonach świata określa się dziesiątki gatunków drzew o szczególnie twardym drewnie. W Europie tym mianem określana jest parocja perska.&nbsp;&nbsp;&nbsp;&nbsp;Parocja jest bliską kuzynką oczarów. Na pierwszy rzut oka podobna, osiąga [&hellip;]</p>
