{"id":474,"date":"2020-03-14T15:24:36","date_gmt":"2020-03-14T15:24:36","guid":{"rendered":"http:\/\/www.ogrodnick.pl\/word\/?page_id=474"},"modified":"2020-03-21T11:13:10","modified_gmt":"2020-03-21T11:13:10","slug":"korkowiec-amurski-phellodendron-amurense","status":"publish","type":"page","link":"https:\/\/www.ogrodnick.pl\/word\/korkowiec-amurski-phellodendron-amurense\/","title":{"rendered":"Korkowiec amurski (Phellodendron amurense)"},"content":{"rendered":"\n<div class=\"wp-block-group alignfull\"><div class=\"wp-block-group__inner-container is-layout-flow wp-block-group-is-layout-flow\">\n<p>Korkowiec amurski&nbsp;<em>(Phellodendron amurense)<\/em>&nbsp;ro\u015bnie w Mand\u017curii, Chinach i Japonii.<\/p>\n<\/div><\/div>\n\n\n\n<div class=\"wp-block-columns alignfull is-layout-flex wp-container-core-columns-is-layout-9d6595d7 wp-block-columns-is-layout-flex\">\n<div class=\"wp-block-column is-layout-flow wp-block-column-is-layout-flow\">\n<p><strong>OPIS:<br><\/strong>&nbsp;&nbsp;&nbsp;Korkowce amurskie w m\u0142odo\u015bci rosn\u0105 bardzo szybko, na \u017cyznych i niezbyt suchych glebach osi\u0105gaj\u0105 10-15 metr\u00f3w wysoko\u015bci przy takiej samej szeroko\u015bci korony. Pie\u0144 zwykle bywa kr\u00f3tki, pokryty grub\u0105 korowin\u0105 &#8211; \u017ar\u00f3d\u0142o korka. Jego jako\u015b\u0107 jest jednak gorsza ni\u017c pozyskiwanego z d\u0119bu korkowego.&nbsp;<br>&nbsp;&nbsp;&nbsp;Korkowce nale\u017c\u0105 do rodziny rutowatych, jak wszyscy kuzyni (np. parczelina, ewodia, cytrusy) intensywnie pachnie. Jego zapach, bardzo orze\u017awiaj\u0105cy odstrasza komary &#8211; w\u0142a\u015bciwo\u015b\u0107 nie do przecenienia w czerwcowe wieczory.&nbsp;<br>&nbsp;&nbsp;&nbsp;Korkowce s\u0105 dwupienne &#8211; ma\u0142e, bardzo nektarodajne i pachn\u0105ce kwiatki(\u017ce\u0144skie podobno pachn\u0105 \u0142adniej) rozkwitaj\u0105 w czerwcu. Owoce o \u015brednicy 8-10 mm (tylko na egzemplarzach \u017ce\u0144skich!), pocz\u0105tkowo zielone, dojrza\u0142e czarne, maj\u0105 silny, terpentynowy zapach. Pozostaj\u0105 na drzewach do zimy, wtedy ch\u0119tnie zjadaj\u0105 je ptaki.&nbsp;<br>&nbsp;&nbsp;&nbsp;Pierzaste li\u015bcie korkowc\u00f3w z\u0142o\u017cone z 7-13 listk\u00f3w mog\u0105 mie\u0107 40 cm. d\u0142ugo\u015bci, jesieni\u0105 (do\u015b\u0107 wcze\u015bnie) pi\u0119knie przebarwiaj\u0105 si\u0119 na \u017c\u00f3\u0142to.&nbsp;<br>&nbsp;&nbsp;&nbsp;W medycynie chi\u0144skiej korkowiec nale\u017cy do najbardziej cenionych. W celach leczniczych u\u017cywana jest przede wszystkim kora, b\u0119d\u0105ca r\u00f3wnie\u017c \u017ar\u00f3d\u0142em \u017c\u00f3\u0142tego barwnika. &#8222;Nowoczesna&#8221; medycyna stosuje preparaty z korkowca np. w leczeniu zapalenia opon m\u00f3zgowych.&nbsp;<br>&nbsp;&nbsp;&nbsp;Olej uzyskany z nasion jest bardzo skutecznym \u015brodkiem owadob\u00f3jczym.&nbsp;<\/p>\n<\/div>\n\n\n\n<div class=\"wp-block-column is-layout-flow wp-block-column-is-layout-flow\">\n<div class=\"wp-block-image\"><figure class=\"aligncenter size-large\"><img loading=\"lazy\" decoding=\"async\" width=\"500\" height=\"360\" src=\"https:\/\/www.ogrodnick.pl\/word\/wp-content\/uploads\/2020\/03\/phellodendron_amurense_duzy_jesien.jpg\" alt=\"\" class=\"wp-image-853\" srcset=\"https:\/\/www.ogrodnick.pl\/word\/wp-content\/uploads\/2020\/03\/phellodendron_amurense_duzy_jesien.jpg 500w, https:\/\/www.ogrodnick.pl\/word\/wp-content\/uploads\/2020\/03\/phellodendron_amurense_duzy_jesien-300x216.jpg 300w\" sizes=\"auto, (max-width: 500px) 100vw, 500px\" \/><\/figure><\/div>\n<\/div>\n<\/div>\n\n\n\n<div class=\"wp-block-columns alignfull is-layout-flex wp-container-core-columns-is-layout-9d6595d7 wp-block-columns-is-layout-flex\">\n<div class=\"wp-block-column is-layout-flow wp-block-column-is-layout-flow\">\n<p><strong>UPRAWA:<\/strong>&nbsp;<br>&nbsp;&nbsp;&nbsp; Korkowcom amurskim nie s\u0105 straszne &#8222;zimy stulecia&#8221; i 40-stopniowe mrozy, mog\u0105 natomiast ucierpie\u0107 od majowych przymrozk\u00f3w. Na wilgotnych glebach m\u0142ode rosn\u0105 bardzo szybko, na ubogich znacznie wolniej &#8211; w takich warunkach pozostaj\u0105 drzewkami kilkumetrowymi. . Korkowce znosz\u0105 ocienienie, ale wtedy korony maj\u0105 lu\u017aniejsze i mniej regularne.&nbsp;<br>&nbsp;&nbsp;&nbsp;Nie atakuj\u0105 ich choroby ani szkodniki.<\/p>\n<\/div>\n\n\n\n<div class=\"wp-block-column is-layout-flow wp-block-column-is-layout-flow\">\n<div class=\"wp-block-image\"><figure class=\"aligncenter size-large\"><img loading=\"lazy\" decoding=\"async\" width=\"500\" height=\"400\" src=\"https:\/\/www.ogrodnick.pl\/word\/wp-content\/uploads\/2020\/03\/phellodendron_amurense_owoce.jpg\" alt=\"\" class=\"wp-image-858\" srcset=\"https:\/\/www.ogrodnick.pl\/word\/wp-content\/uploads\/2020\/03\/phellodendron_amurense_owoce.jpg 500w, https:\/\/www.ogrodnick.pl\/word\/wp-content\/uploads\/2020\/03\/phellodendron_amurense_owoce-300x240.jpg 300w\" sizes=\"auto, (max-width: 500px) 100vw, 500px\" \/><\/figure><\/div>\n<\/div>\n<\/div>\n\n\n\n<div class=\"wp-block-columns alignfull is-layout-flex wp-container-core-columns-is-layout-9d6595d7 wp-block-columns-is-layout-flex\">\n<div class=\"wp-block-column is-layout-flow wp-block-column-is-layout-flow\">\n<div class=\"wp-block-image\"><figure class=\"aligncenter size-large\"><img loading=\"lazy\" decoding=\"async\" width=\"497\" height=\"385\" src=\"https:\/\/www.ogrodnick.pl\/word\/wp-content\/uploads\/2020\/03\/phellodendron_amurense_kwiatki_meskie.jpg\" alt=\"\" class=\"wp-image-854\" srcset=\"https:\/\/www.ogrodnick.pl\/word\/wp-content\/uploads\/2020\/03\/phellodendron_amurense_kwiatki_meskie.jpg 497w, https:\/\/www.ogrodnick.pl\/word\/wp-content\/uploads\/2020\/03\/phellodendron_amurense_kwiatki_meskie-300x232.jpg 300w\" sizes=\"auto, (max-width: 497px) 100vw, 497px\" \/><\/figure><\/div>\n\n\n\n<div class=\"wp-block-image\"><figure class=\"aligncenter size-large\"><img loading=\"lazy\" decoding=\"async\" width=\"500\" height=\"381\" src=\"https:\/\/www.ogrodnick.pl\/word\/wp-content\/uploads\/2020\/03\/phellodendron_amurense_mloda_kora.jpg\" alt=\"\" class=\"wp-image-856\" srcset=\"https:\/\/www.ogrodnick.pl\/word\/wp-content\/uploads\/2020\/03\/phellodendron_amurense_mloda_kora.jpg 500w, https:\/\/www.ogrodnick.pl\/word\/wp-content\/uploads\/2020\/03\/phellodendron_amurense_mloda_kora-300x229.jpg 300w\" sizes=\"auto, (max-width: 500px) 100vw, 500px\" \/><\/figure><\/div>\n<\/div>\n\n\n\n<div class=\"wp-block-column is-layout-flow wp-block-column-is-layout-flow\">\n<div class=\"wp-block-image\"><figure class=\"aligncenter size-large\"><img loading=\"lazy\" decoding=\"async\" width=\"500\" height=\"357\" src=\"https:\/\/www.ogrodnick.pl\/word\/wp-content\/uploads\/2020\/03\/phellodendron_amurense_kwiatki_zenskie.jpg\" alt=\"\" class=\"wp-image-855\" srcset=\"https:\/\/www.ogrodnick.pl\/word\/wp-content\/uploads\/2020\/03\/phellodendron_amurense_kwiatki_zenskie.jpg 500w, https:\/\/www.ogrodnick.pl\/word\/wp-content\/uploads\/2020\/03\/phellodendron_amurense_kwiatki_zenskie-300x214.jpg 300w\" sizes=\"auto, (max-width: 500px) 100vw, 500px\" \/><\/figure><\/div>\n\n\n\n<div class=\"wp-block-image\"><figure class=\"aligncenter size-large\"><img loading=\"lazy\" decoding=\"async\" width=\"500\" height=\"392\" src=\"https:\/\/www.ogrodnick.pl\/word\/wp-content\/uploads\/2020\/03\/phellodendron_amurense_mlody_jesien.jpg\" alt=\"\" class=\"wp-image-857\" srcset=\"https:\/\/www.ogrodnick.pl\/word\/wp-content\/uploads\/2020\/03\/phellodendron_amurense_mlody_jesien.jpg 500w, https:\/\/www.ogrodnick.pl\/word\/wp-content\/uploads\/2020\/03\/phellodendron_amurense_mlody_jesien-300x235.jpg 300w\" sizes=\"auto, (max-width: 500px) 100vw, 500px\" \/><\/figure><\/div>\n<\/div>\n<\/div>\n","protected":false},"excerpt":{"rendered":"<p>Korkowiec amurski&nbsp;(Phellodendron amurense)&nbsp;ro\u015bnie w Mand\u017curii, Chinach i Japonii. OPIS:&nbsp;&nbsp;&nbsp;Korkowce amurskie w m\u0142odo\u015bci rosn\u0105 bardzo szybko, na \u017cyznych i niezbyt suchych glebach osi\u0105gaj\u0105 10-15 metr\u00f3w wysoko\u015bci przy takiej samej szeroko\u015bci korony. Pie\u0144 zwykle bywa kr\u00f3tki, pokryty grub\u0105 korowin\u0105 &#8211; \u017ar\u00f3d\u0142o korka. Jego jako\u015b\u0107 jest jednak gorsza ni\u017c pozyskiwanego z d\u0119bu korkowego.&nbsp;&nbsp;&nbsp;&nbsp;Korkowce nale\u017c\u0105 do rodziny rutowatych, jak [&hellip;]<\/p>\n","protected":false},"author":1,"featured_media":0,"parent":0,"menu_order":0,"comment_status":"closed","ping_status":"closed","template":"","meta":{"footnotes":""},"class_list":["post-474","page","type-page","status-publish","hentry"],"_links":{"self":[{"href":"https:\/\/www.ogrodnick.pl\/word\/wp-json\/wp\/v2\/pages\/474","targetHints":{"allow":["GET"]}}],"collection":[{"href":"https:\/\/www.ogrodnick.pl\/word\/wp-json\/wp\/v2\/pages"}],"about":[{"href":"https:\/\/www.ogrodnick.pl\/word\/wp-json\/wp\/v2\/types\/page"}],"author":[{"embeddable":true,"href":"https:\/\/www.ogrodnick.pl\/word\/wp-json\/wp\/v2\/users\/1"}],"replies":[{"embeddable":true,"href":"https:\/\/www.ogrodnick.pl\/word\/wp-json\/wp\/v2\/comments?post=474"}],"version-history":[{"count":2,"href":"https:\/\/www.ogrodnick.pl\/word\/wp-json\/wp\/v2\/pages\/474\/revisions"}],"predecessor-version":[{"id":1059,"href":"https:\/\/www.ogrodnick.pl\/word\/wp-json\/wp\/v2\/pages\/474\/revisions\/1059"}],"wp:attachment":[{"href":"https:\/\/www.ogrodnick.pl\/word\/wp-json\/wp\/v2\/media?parent=474"}],"curies":[{"name":"wp","href":"https:\/\/api.w.org\/{rel}","templated":true}]}}

<div class="wp-block-group alignfull"><div class="wp-block-group__inner-container is-layout-flow wp-block-group-is-layout-flow">
<p>Korkowiec amurski&nbsp;<em>(Phellodendron amurense)</em>&nbsp;rośnie w Mandżurii, Chinach i Japonii.</p>
</div></div>



<div class="wp-block-columns alignfull is-layout-flex wp-container-core-columns-is-layout-9d6595d7 wp-block-columns-is-layout-flex">
<div class="wp-block-column is-layout-flow wp-block-column-is-layout-flow">
<p><strong>OPIS:<br></strong>&nbsp;&nbsp;&nbsp;Korkowce amurskie w młodości rosną bardzo szybko, na żyznych i niezbyt suchych glebach osiągają 10-15 metrów wysokości przy takiej samej szerokości korony. Pień zwykle bywa krótki, pokryty grubą korowiną &#8211; źródło korka. Jego jakość jest jednak gorsza niż pozyskiwanego z dębu korkowego.&nbsp;<br>&nbsp;&nbsp;&nbsp;Korkowce należą do rodziny rutowatych, jak wszyscy kuzyni (np. parczelina, ewodia, cytrusy) intensywnie pachnie. Jego zapach, bardzo orzeźwiający odstrasza komary &#8211; właściwość nie do przecenienia w czerwcowe wieczory.&nbsp;<br>&nbsp;&nbsp;&nbsp;Korkowce są dwupienne &#8211; małe, bardzo nektarodajne i pachnące kwiatki(żeńskie podobno pachną ładniej) rozkwitają w czerwcu. Owoce o średnicy 8-10 mm (tylko na egzemplarzach żeńskich!), początkowo zielone, dojrzałe czarne, mają silny, terpentynowy zapach. Pozostają na drzewach do zimy, wtedy chętnie zjadają je ptaki.&nbsp;<br>&nbsp;&nbsp;&nbsp;Pierzaste liście korkowców złożone z 7-13 listków mogą mieć 40 cm. długości, jesienią (dość wcześnie) pięknie przebarwiają się na żółto.&nbsp;<br>&nbsp;&nbsp;&nbsp;W medycynie chińskiej korkowiec należy do najbardziej cenionych. W celach leczniczych używana jest przede wszystkim kora, będąca również źródłem żółtego barwnika. &#8222;Nowoczesna&#8221; medycyna stosuje preparaty z korkowca np. w leczeniu zapalenia opon mózgowych.&nbsp;<br>&nbsp;&nbsp;&nbsp;Olej uzyskany z nasion jest bardzo skutecznym środkiem owadobójczym.&nbsp;</p>
</div>



<div class="wp-block-column is-layout-flow wp-block-column-is-layout-flow">
<div class="wp-block-image"><figure class="aligncenter size-large"><img loading="lazy" decoding="async" width="500" height="360" src="https://www.ogrodnick.pl/word/wp-content/uploads/2020/03/phellodendron_amurense_duzy_jesien.jpg" alt="" class="wp-image-853" srcset="https://www.ogrodnick.pl/word/wp-content/uploads/2020/03/phellodendron_amurense_duzy_jesien.jpg 500w, https://www.ogrodnick.pl/word/wp-content/uploads/2020/03/phellodendron_amurense_duzy_jesien-300x216.jpg 300w" sizes="auto, (max-width: 500px) 100vw, 500px" /></figure></div>
</div>
</div>



<div class="wp-block-columns alignfull is-layout-flex wp-container-core-columns-is-layout-9d6595d7 wp-block-columns-is-layout-flex">
<div class="wp-block-column is-layout-flow wp-block-column-is-layout-flow">
<p><strong>UPRAWA:</strong>&nbsp;<br>&nbsp;&nbsp;&nbsp; Korkowcom amurskim nie są straszne &#8222;zimy stulecia&#8221; i 40-stopniowe mrozy, mogą natomiast ucierpieć od majowych przymrozków. Na wilgotnych glebach młode rosną bardzo szybko, na ubogich znacznie wolniej &#8211; w takich warunkach pozostają drzewkami kilkumetrowymi. . Korkowce znoszą ocienienie, ale wtedy korony mają luźniejsze i mniej regularne.&nbsp;<br>&nbsp;&nbsp;&nbsp;Nie atakują ich choroby ani szkodniki.</p>
</div>



<div class="wp-block-column is-layout-flow wp-block-column-is-layout-flow">
<div class="wp-block-image"><figure class="aligncenter size-large"><img loading="lazy" decoding="async" width="500" height="400" src="https://www.ogrodnick.pl/word/wp-content/uploads/2020/03/phellodendron_amurense_owoce.jpg" alt="" class="wp-image-858" srcset="https://www.ogrodnick.pl/word/wp-content/uploads/2020/03/phellodendron_amurense_owoce.jpg 500w, https://www.ogrodnick.pl/word/wp-content/uploads/2020/03/phellodendron_amurense_owoce-300x240.jpg 300w" sizes="auto, (max-width: 500px) 100vw, 500px" /></figure></div>
</div>
</div>



<div class="wp-block-columns alignfull is-layout-flex wp-container-core-columns-is-layout-9d6595d7 wp-block-columns-is-layout-flex">
<div class="wp-block-column is-layout-flow wp-block-column-is-layout-flow">
<div class="wp-block-image"><figure class="aligncenter size-large"><img loading="lazy" decoding="async" width="497" height="385" src="https://www.ogrodnick.pl/word/wp-content/uploads/2020/03/phellodendron_amurense_kwiatki_meskie.jpg" alt="" class="wp-image-854" srcset="https://www.ogrodnick.pl/word/wp-content/uploads/2020/03/phellodendron_amurense_kwiatki_meskie.jpg 497w, https://www.ogrodnick.pl/word/wp-content/uploads/2020/03/phellodendron_amurense_kwiatki_meskie-300x232.jpg 300w" sizes="auto, (max-width: 497px) 100vw, 497px" /></figure></div>



<div class="wp-block-image"><figure class="aligncenter size-large"><img loading="lazy" decoding="async" width="500" height="381" src="https://www.ogrodnick.pl/word/wp-content/uploads/2020/03/phellodendron_amurense_mloda_kora.jpg" alt="" class="wp-image-856" srcset="https://www.ogrodnick.pl/word/wp-content/uploads/2020/03/phellodendron_amurense_mloda_kora.jpg 500w, https://www.ogrodnick.pl/word/wp-content/uploads/2020/03/phellodendron_amurense_mloda_kora-300x229.jpg 300w" sizes="auto, (max-width: 500px) 100vw, 500px" /></figure></div>
</div>



<div class="wp-block-column is-layout-flow wp-block-column-is-layout-flow">
<div class="wp-block-image"><figure class="aligncenter size-large"><img loading="lazy" decoding="async" width="500" height="357" src="https://www.ogrodnick.pl/word/wp-content/uploads/2020/03/phellodendron_amurense_kwiatki_zenskie.jpg" alt="" class="wp-image-855" srcset="https://www.ogrodnick.pl/word/wp-content/uploads/2020/03/phellodendron_amurense_kwiatki_zenskie.jpg 500w, https://www.ogrodnick.pl/word/wp-content/uploads/2020/03/phellodendron_amurense_kwiatki_zenskie-300x214.jpg 300w" sizes="auto, (max-width: 500px) 100vw, 500px" /></figure></div>



<div class="wp-block-image"><figure class="aligncenter size-large"><img loading="lazy" decoding="async" width="500" height="392" src="https://www.ogrodnick.pl/word/wp-content/uploads/2020/03/phellodendron_amurense_mlody_jesien.jpg" alt="" class="wp-image-857" srcset="https://www.ogrodnick.pl/word/wp-content/uploads/2020/03/phellodendron_amurense_mlody_jesien.jpg 500w, https://www.ogrodnick.pl/word/wp-content/uploads/2020/03/phellodendron_amurense_mlody_jesien-300x235.jpg 300w" sizes="auto, (max-width: 500px) 100vw, 500px" /></figure></div>
</div>
</div>

<p>Korkowiec amurski&nbsp;(Phellodendron amurense)&nbsp;rośnie w Mandżurii, Chinach i Japonii. OPIS:&nbsp;&nbsp;&nbsp;Korkowce amurskie w młodości rosną bardzo szybko, na żyznych i niezbyt suchych glebach osiągają 10-15 metrów wysokości przy takiej samej szerokości korony. Pień zwykle bywa krótki, pokryty grubą korowiną &#8211; źródło korka. Jego jakość jest jednak gorsza niż pozyskiwanego z dębu korkowego.&nbsp;&nbsp;&nbsp;&nbsp;Korkowce należą do rodziny rutowatych, jak [&hellip;]</p>
