{"id":459,"date":"2020-03-14T12:03:11","date_gmt":"2020-03-14T12:03:11","guid":{"rendered":"http:\/\/www.ogrodnick.pl\/word\/?page_id=459"},"modified":"2020-03-19T12:02:03","modified_gmt":"2020-03-19T12:02:03","slug":"ambrowiec-amerykanski-liquidambar-styraciflua","status":"publish","type":"page","link":"https:\/\/www.ogrodnick.pl\/word\/ambrowiec-amerykanski-liquidambar-styraciflua\/","title":{"rendered":"Ambrowiec ameryka\u0144ski (Liquidambar styraciflua)"},"content":{"rendered":"\n<div class=\"wp-block-group alignfull\"><div class=\"wp-block-group__inner-container is-layout-flow wp-block-group-is-layout-flow\">\n<p>Ambrowiec ameryka\u0144ski&nbsp;(<em>Liquidambar styraciflua)&nbsp;<\/em>ro\u015bnie we wschodniej cz\u0119\u015bci Ameryki P\u00f3\u0142nocnej &#8211; od Kanady po Meksyk i g\u00f3ry Gwatemali.<\/p>\n<\/div><\/div>\n\n\n\n<div class=\"wp-block-columns alignfull is-layout-flex wp-container-core-columns-is-layout-9d6595d7 wp-block-columns-is-layout-flex\">\n<div class=\"wp-block-column is-layout-flow wp-block-column-is-layout-flow\">\n<p><strong>OPIS:<br><\/strong>&nbsp;&nbsp;&nbsp;Ambrowiec ameryka\u0144ski jest drzewem o prostym pniu i regularnej koronie &#8211; w m\u0142odo\u015bci sto\u017ckowatej, w starszym wieku owalnej. W ojczy\u017anie osi\u0105ga nawet 45 metr\u00f3w wysoko\u015bci, w Polsce najwy\u017cej po\u0142ow\u0119 tego.&nbsp;<br>&nbsp;&nbsp;&nbsp;Li\u015bcie, kszta\u0142tem podobne do klonowych, przepi\u0119knie przebarwiaj\u0105 si\u0119 jesieni\u0105. Najcz\u0119\u015bciej staj\u0105 si\u0119 szkar\u0142atne albo czerwonofioletowe, czasem r\u00f3\u017cowe. Kuliste, kolczaste owocostany \u015brednicy do 3 cm zwisaj\u0105ce na d\u0142ugich szypu\u0142kach pozostaj\u0105 na drzewach przez zim\u0119.&nbsp;<br>&nbsp;&nbsp;&nbsp;Angielska nazwa ambrowca to&nbsp;<em>Sweet gum<\/em>&nbsp;-pozyskiwana z niego \u017cywica jest sk\u0142adnikiem gum do \u017cucia, mo\u017cna \u017cu\u0107 r\u00f3wnie\u017c j\u0105 sam\u0105. Li\u015bcie roztarte oraz opadaj\u0105ce jesieni\u0105 wydzielaj\u0105 balsamiczny zapach.<\/p>\n<\/div>\n\n\n\n<div class=\"wp-block-column is-layout-flow wp-block-column-is-layout-flow\">\n<div class=\"wp-block-image\"><figure class=\"aligncenter size-large\"><img loading=\"lazy\" decoding=\"async\" width=\"500\" height=\"861\" src=\"https:\/\/www.ogrodnick.pl\/word\/wp-content\/uploads\/2020\/03\/liquidambar_styraciflua_jesien.jpg\" alt=\"\" class=\"wp-image-806\" srcset=\"https:\/\/www.ogrodnick.pl\/word\/wp-content\/uploads\/2020\/03\/liquidambar_styraciflua_jesien.jpg 500w, https:\/\/www.ogrodnick.pl\/word\/wp-content\/uploads\/2020\/03\/liquidambar_styraciflua_jesien-174x300.jpg 174w\" sizes=\"auto, (max-width: 500px) 100vw, 500px\" \/><\/figure><\/div>\n<\/div>\n<\/div>\n\n\n\n<div class=\"wp-block-columns alignfull is-layout-flex wp-container-core-columns-is-layout-9d6595d7 wp-block-columns-is-layout-flex\">\n<div class=\"wp-block-column is-layout-flow wp-block-column-is-layout-flow\">\n<p><strong>UPRAWA:<\/strong><br>M\u0142ode s\u0105 nieco wra\u017cliwe na mrozy &#8211; w ch\u0142odniejszych rejonach kraju wskazane zabezpieczanie ma\u0142ych ro\u015blin. Z tego te\u017c wzgl\u0119du nie powinien by\u0107 sadzony na stanowiskach nadmiernie wilgotnych &#8211; w takich warunkach ro\u015bnie bardzo bujnie, ale ma wi\u0119ksze sk\u0142onno\u015bci do podmarzania. (W Ameryce ambrowce rosn\u0105ce nad rzekami osi\u0105gaj\u0105 najwi\u0119ksze rozmiary).&nbsp;<br>&nbsp;&nbsp;&nbsp;Najpi\u0119kniej przebarwiaj\u0105 si\u0119 i maj\u0105 naj\u0142adniejszy pokr\u00f3j drzewa rosn\u0105ce na stanowiskach s\u0142onecznych.<\/p>\n<\/div>\n\n\n\n<div class=\"wp-block-column is-layout-flow wp-block-column-is-layout-flow\">\n<div class=\"wp-block-image\"><figure class=\"aligncenter size-large\"><img loading=\"lazy\" decoding=\"async\" width=\"500\" height=\"989\" src=\"https:\/\/www.ogrodnick.pl\/word\/wp-content\/uploads\/2020\/03\/liquidambar_styraciflua_mlodyjesien2.jpg\" alt=\"\" class=\"wp-image-811\" srcset=\"https:\/\/www.ogrodnick.pl\/word\/wp-content\/uploads\/2020\/03\/liquidambar_styraciflua_mlodyjesien2.jpg 500w, https:\/\/www.ogrodnick.pl\/word\/wp-content\/uploads\/2020\/03\/liquidambar_styraciflua_mlodyjesien2-152x300.jpg 152w\" sizes=\"auto, (max-width: 500px) 100vw, 500px\" \/><\/figure><\/div>\n<\/div>\n<\/div>\n\n\n\n<div class=\"wp-block-columns alignfull is-layout-flex wp-container-core-columns-is-layout-9d6595d7 wp-block-columns-is-layout-flex\">\n<div class=\"wp-block-column is-layout-flow wp-block-column-is-layout-flow\">\n<div class=\"wp-block-image\"><figure class=\"aligncenter size-large\"><img loading=\"lazy\" decoding=\"async\" width=\"500\" height=\"991\" src=\"https:\/\/www.ogrodnick.pl\/word\/wp-content\/uploads\/2020\/03\/liquidambar_styraciflua_mlodyjesien.jpg\" alt=\"\" class=\"wp-image-810\" srcset=\"https:\/\/www.ogrodnick.pl\/word\/wp-content\/uploads\/2020\/03\/liquidambar_styraciflua_mlodyjesien.jpg 500w, https:\/\/www.ogrodnick.pl\/word\/wp-content\/uploads\/2020\/03\/liquidambar_styraciflua_mlodyjesien-151x300.jpg 151w\" sizes=\"auto, (max-width: 500px) 100vw, 500px\" \/><\/figure><\/div>\n\n\n\n<div class=\"wp-block-image\"><figure class=\"aligncenter size-large\"><img loading=\"lazy\" decoding=\"async\" width=\"500\" height=\"373\" src=\"https:\/\/www.ogrodnick.pl\/word\/wp-content\/uploads\/2020\/03\/liquidambar_styraciflua_liscie.jpg\" alt=\"\" class=\"wp-image-808\" srcset=\"https:\/\/www.ogrodnick.pl\/word\/wp-content\/uploads\/2020\/03\/liquidambar_styraciflua_liscie.jpg 500w, https:\/\/www.ogrodnick.pl\/word\/wp-content\/uploads\/2020\/03\/liquidambar_styraciflua_liscie-300x224.jpg 300w\" sizes=\"auto, (max-width: 500px) 100vw, 500px\" \/><\/figure><\/div>\n<\/div>\n\n\n\n<div class=\"wp-block-column is-layout-flow wp-block-column-is-layout-flow\">\n<div class=\"wp-block-image\"><figure class=\"aligncenter size-large\"><img loading=\"lazy\" decoding=\"async\" width=\"501\" height=\"373\" src=\"https:\/\/www.ogrodnick.pl\/word\/wp-content\/uploads\/2020\/03\/liquidambar_styraciflua_liscieowoce_jesien.jpg\" alt=\"\" class=\"wp-image-809\" srcset=\"https:\/\/www.ogrodnick.pl\/word\/wp-content\/uploads\/2020\/03\/liquidambar_styraciflua_liscieowoce_jesien.jpg 501w, https:\/\/www.ogrodnick.pl\/word\/wp-content\/uploads\/2020\/03\/liquidambar_styraciflua_liscieowoce_jesien-300x223.jpg 300w\" sizes=\"auto, (max-width: 501px) 100vw, 501px\" \/><\/figure><\/div>\n\n\n\n<div class=\"wp-block-image\"><figure class=\"aligncenter size-large\"><img loading=\"lazy\" decoding=\"async\" width=\"500\" height=\"572\" src=\"https:\/\/www.ogrodnick.pl\/word\/wp-content\/uploads\/2020\/03\/liquidambar_styraciflua_owoc.jpg\" alt=\"\" class=\"wp-image-812\" srcset=\"https:\/\/www.ogrodnick.pl\/word\/wp-content\/uploads\/2020\/03\/liquidambar_styraciflua_owoc.jpg 500w, https:\/\/www.ogrodnick.pl\/word\/wp-content\/uploads\/2020\/03\/liquidambar_styraciflua_owoc-262x300.jpg 262w\" sizes=\"auto, (max-width: 500px) 100vw, 500px\" \/><\/figure><\/div>\n\n\n\n<div class=\"wp-block-image\"><figure class=\"aligncenter size-large\"><img loading=\"lazy\" decoding=\"async\" width=\"500\" height=\"501\" src=\"https:\/\/www.ogrodnick.pl\/word\/wp-content\/uploads\/2020\/03\/liquidambar_styraciflua_kora.jpg\" alt=\"\" class=\"wp-image-807\" srcset=\"https:\/\/www.ogrodnick.pl\/word\/wp-content\/uploads\/2020\/03\/liquidambar_styraciflua_kora.jpg 500w, https:\/\/www.ogrodnick.pl\/word\/wp-content\/uploads\/2020\/03\/liquidambar_styraciflua_kora-300x300.jpg 300w, https:\/\/www.ogrodnick.pl\/word\/wp-content\/uploads\/2020\/03\/liquidambar_styraciflua_kora-150x150.jpg 150w\" sizes=\"auto, (max-width: 500px) 100vw, 500px\" \/><\/figure><\/div>\n<\/div>\n<\/div>\n","protected":false},"excerpt":{"rendered":"<p>Ambrowiec ameryka\u0144ski&nbsp;(Liquidambar styraciflua)&nbsp;ro\u015bnie we wschodniej cz\u0119\u015bci Ameryki P\u00f3\u0142nocnej &#8211; od Kanady po Meksyk i g\u00f3ry Gwatemali. OPIS:&nbsp;&nbsp;&nbsp;Ambrowiec ameryka\u0144ski jest drzewem o prostym pniu i regularnej koronie &#8211; w m\u0142odo\u015bci sto\u017ckowatej, w starszym wieku owalnej. W ojczy\u017anie osi\u0105ga nawet 45 metr\u00f3w wysoko\u015bci, w Polsce najwy\u017cej po\u0142ow\u0119 tego.&nbsp;&nbsp;&nbsp;&nbsp;Li\u015bcie, kszta\u0142tem podobne do klonowych, przepi\u0119knie przebarwiaj\u0105 si\u0119 jesieni\u0105. Najcz\u0119\u015bciej [&hellip;]<\/p>\n","protected":false},"author":1,"featured_media":0,"parent":0,"menu_order":0,"comment_status":"closed","ping_status":"closed","template":"","meta":{"footnotes":""},"class_list":["post-459","page","type-page","status-publish","hentry"],"_links":{"self":[{"href":"https:\/\/www.ogrodnick.pl\/word\/wp-json\/wp\/v2\/pages\/459","targetHints":{"allow":["GET"]}}],"collection":[{"href":"https:\/\/www.ogrodnick.pl\/word\/wp-json\/wp\/v2\/pages"}],"about":[{"href":"https:\/\/www.ogrodnick.pl\/word\/wp-json\/wp\/v2\/types\/page"}],"author":[{"embeddable":true,"href":"https:\/\/www.ogrodnick.pl\/word\/wp-json\/wp\/v2\/users\/1"}],"replies":[{"embeddable":true,"href":"https:\/\/www.ogrodnick.pl\/word\/wp-json\/wp\/v2\/comments?post=459"}],"version-history":[{"count":3,"href":"https:\/\/www.ogrodnick.pl\/word\/wp-json\/wp\/v2\/pages\/459\/revisions"}],"predecessor-version":[{"id":1005,"href":"https:\/\/www.ogrodnick.pl\/word\/wp-json\/wp\/v2\/pages\/459\/revisions\/1005"}],"wp:attachment":[{"href":"https:\/\/www.ogrodnick.pl\/word\/wp-json\/wp\/v2\/media?parent=459"}],"curies":[{"name":"wp","href":"https:\/\/api.w.org\/{rel}","templated":true}]}}

Ambrowiec amerykański (Liquidambar styraciflua)

<div class="wp-block-group alignfull"><div class="wp-block-group__inner-container is-layout-flow wp-block-group-is-layout-flow">
<p>Ambrowiec amerykański&nbsp;(<em>Liquidambar styraciflua)&nbsp;</em>rośnie we wschodniej części Ameryki Północnej &#8211; od Kanady po Meksyk i góry Gwatemali.</p>
</div></div>



<div class="wp-block-columns alignfull is-layout-flex wp-container-core-columns-is-layout-9d6595d7 wp-block-columns-is-layout-flex">
<div class="wp-block-column is-layout-flow wp-block-column-is-layout-flow">
<p><strong>OPIS:<br></strong>&nbsp;&nbsp;&nbsp;Ambrowiec amerykański jest drzewem o prostym pniu i regularnej koronie &#8211; w młodości stożkowatej, w starszym wieku owalnej. W ojczyźnie osiąga nawet 45 metrów wysokości, w Polsce najwyżej połowę tego.&nbsp;<br>&nbsp;&nbsp;&nbsp;Liście, kształtem podobne do klonowych, przepięknie przebarwiają się jesienią. Najczęściej stają się szkarłatne albo czerwonofioletowe, czasem różowe. Kuliste, kolczaste owocostany średnicy do 3 cm zwisające na długich szypułkach pozostają na drzewach przez zimę.&nbsp;<br>&nbsp;&nbsp;&nbsp;Angielska nazwa ambrowca to&nbsp;<em>Sweet gum</em>&nbsp;-pozyskiwana z niego żywica jest składnikiem gum do żucia, można żuć również ją samą. Liście roztarte oraz opadające jesienią wydzielają balsamiczny zapach.</p>
</div>



<div class="wp-block-column is-layout-flow wp-block-column-is-layout-flow">
<div class="wp-block-image"><figure class="aligncenter size-large"><img loading="lazy" decoding="async" width="500" height="861" src="https://www.ogrodnick.pl/word/wp-content/uploads/2020/03/liquidambar_styraciflua_jesien.jpg" alt="" class="wp-image-806" srcset="https://www.ogrodnick.pl/word/wp-content/uploads/2020/03/liquidambar_styraciflua_jesien.jpg 500w, https://www.ogrodnick.pl/word/wp-content/uploads/2020/03/liquidambar_styraciflua_jesien-174x300.jpg 174w" sizes="auto, (max-width: 500px) 100vw, 500px" /></figure></div>
</div>
</div>



<div class="wp-block-columns alignfull is-layout-flex wp-container-core-columns-is-layout-9d6595d7 wp-block-columns-is-layout-flex">
<div class="wp-block-column is-layout-flow wp-block-column-is-layout-flow">
<p><strong>UPRAWA:</strong><br>Młode są nieco wrażliwe na mrozy &#8211; w chłodniejszych rejonach kraju wskazane zabezpieczanie małych roślin. Z tego też względu nie powinien być sadzony na stanowiskach nadmiernie wilgotnych &#8211; w takich warunkach rośnie bardzo bujnie, ale ma większe skłonności do podmarzania. (W Ameryce ambrowce rosnące nad rzekami osiągają największe rozmiary).&nbsp;<br>&nbsp;&nbsp;&nbsp;Najpiękniej przebarwiają się i mają najładniejszy pokrój drzewa rosnące na stanowiskach słonecznych.</p>
</div>



<div class="wp-block-column is-layout-flow wp-block-column-is-layout-flow">
<div class="wp-block-image"><figure class="aligncenter size-large"><img loading="lazy" decoding="async" width="500" height="989" src="https://www.ogrodnick.pl/word/wp-content/uploads/2020/03/liquidambar_styraciflua_mlodyjesien2.jpg" alt="" class="wp-image-811" srcset="https://www.ogrodnick.pl/word/wp-content/uploads/2020/03/liquidambar_styraciflua_mlodyjesien2.jpg 500w, https://www.ogrodnick.pl/word/wp-content/uploads/2020/03/liquidambar_styraciflua_mlodyjesien2-152x300.jpg 152w" sizes="auto, (max-width: 500px) 100vw, 500px" /></figure></div>
</div>
</div>



<div class="wp-block-columns alignfull is-layout-flex wp-container-core-columns-is-layout-9d6595d7 wp-block-columns-is-layout-flex">
<div class="wp-block-column is-layout-flow wp-block-column-is-layout-flow">
<div class="wp-block-image"><figure class="aligncenter size-large"><img loading="lazy" decoding="async" width="500" height="991" src="https://www.ogrodnick.pl/word/wp-content/uploads/2020/03/liquidambar_styraciflua_mlodyjesien.jpg" alt="" class="wp-image-810" srcset="https://www.ogrodnick.pl/word/wp-content/uploads/2020/03/liquidambar_styraciflua_mlodyjesien.jpg 500w, https://www.ogrodnick.pl/word/wp-content/uploads/2020/03/liquidambar_styraciflua_mlodyjesien-151x300.jpg 151w" sizes="auto, (max-width: 500px) 100vw, 500px" /></figure></div>



<div class="wp-block-image"><figure class="aligncenter size-large"><img loading="lazy" decoding="async" width="500" height="373" src="https://www.ogrodnick.pl/word/wp-content/uploads/2020/03/liquidambar_styraciflua_liscie.jpg" alt="" class="wp-image-808" srcset="https://www.ogrodnick.pl/word/wp-content/uploads/2020/03/liquidambar_styraciflua_liscie.jpg 500w, https://www.ogrodnick.pl/word/wp-content/uploads/2020/03/liquidambar_styraciflua_liscie-300x224.jpg 300w" sizes="auto, (max-width: 500px) 100vw, 500px" /></figure></div>
</div>



<div class="wp-block-column is-layout-flow wp-block-column-is-layout-flow">
<div class="wp-block-image"><figure class="aligncenter size-large"><img loading="lazy" decoding="async" width="501" height="373" src="https://www.ogrodnick.pl/word/wp-content/uploads/2020/03/liquidambar_styraciflua_liscieowoce_jesien.jpg" alt="" class="wp-image-809" srcset="https://www.ogrodnick.pl/word/wp-content/uploads/2020/03/liquidambar_styraciflua_liscieowoce_jesien.jpg 501w, https://www.ogrodnick.pl/word/wp-content/uploads/2020/03/liquidambar_styraciflua_liscieowoce_jesien-300x223.jpg 300w" sizes="auto, (max-width: 501px) 100vw, 501px" /></figure></div>



<div class="wp-block-image"><figure class="aligncenter size-large"><img loading="lazy" decoding="async" width="500" height="572" src="https://www.ogrodnick.pl/word/wp-content/uploads/2020/03/liquidambar_styraciflua_owoc.jpg" alt="" class="wp-image-812" srcset="https://www.ogrodnick.pl/word/wp-content/uploads/2020/03/liquidambar_styraciflua_owoc.jpg 500w, https://www.ogrodnick.pl/word/wp-content/uploads/2020/03/liquidambar_styraciflua_owoc-262x300.jpg 262w" sizes="auto, (max-width: 500px) 100vw, 500px" /></figure></div>



<div class="wp-block-image"><figure class="aligncenter size-large"><img loading="lazy" decoding="async" width="500" height="501" src="https://www.ogrodnick.pl/word/wp-content/uploads/2020/03/liquidambar_styraciflua_kora.jpg" alt="" class="wp-image-807" srcset="https://www.ogrodnick.pl/word/wp-content/uploads/2020/03/liquidambar_styraciflua_kora.jpg 500w, https://www.ogrodnick.pl/word/wp-content/uploads/2020/03/liquidambar_styraciflua_kora-300x300.jpg 300w, https://www.ogrodnick.pl/word/wp-content/uploads/2020/03/liquidambar_styraciflua_kora-150x150.jpg 150w" sizes="auto, (max-width: 500px) 100vw, 500px" /></figure></div>
</div>
</div>

<p>Ambrowiec amerykański&nbsp;(Liquidambar styraciflua)&nbsp;rośnie we wschodniej części Ameryki Północnej &#8211; od Kanady po Meksyk i góry Gwatemali. OPIS:&nbsp;&nbsp;&nbsp;Ambrowiec amerykański jest drzewem o prostym pniu i regularnej koronie &#8211; w młodości stożkowatej, w starszym wieku owalnej. W ojczyźnie osiąga nawet 45 metrów wysokości, w Polsce najwyżej połowę tego.&nbsp;&nbsp;&nbsp;&nbsp;Liście, kształtem podobne do klonowych, przepięknie przebarwiają się jesienią. Najczęściej [&hellip;]</p>
