{"id":458,"date":"2020-03-14T12:04:17","date_gmt":"2020-03-14T12:04:17","guid":{"rendered":"http:\/\/www.ogrodnick.pl\/word\/?page_id=458"},"modified":"2020-03-23T10:39:39","modified_gmt":"2020-03-23T10:39:39","slug":"suchodrzew-alpejski-lonicera-alpigena","status":"publish","type":"page","link":"https:\/\/www.ogrodnick.pl\/word\/suchodrzew-alpejski-lonicera-alpigena\/","title":{"rendered":"Suchodrzew alpejski (Lonicera alpigena)"},"content":{"rendered":"\n<div class=\"wp-block-group alignfull\"><div class=\"wp-block-group__inner-container is-layout-flow wp-block-group-is-layout-flow\">\n<p>Suchodrzew alpejski&nbsp;<em>(Lonicera alpigena)<\/em>&nbsp;wyst\u0119puje w g\u00f3rach centralnej i po\u0142udniowej Europy.<\/p>\n<\/div><\/div>\n\n\n\n<div class=\"wp-block-columns alignfull is-layout-flex wp-container-core-columns-is-layout-9d6595d7 wp-block-columns-is-layout-flex\">\n<div class=\"wp-block-column is-layout-flow wp-block-column-is-layout-flow\">\n<p><strong>OPIS:<br><\/strong>&nbsp;&nbsp;&nbsp;Suchodrzew alpejski jest g\u0119stym, kulistym krzewem o sztywnych, wyprostowanych p\u0119dach. Ro\u015bnie bardzo powoli, osi\u0105ga najwy\u017cej 1,5 m wysoko\u015bci i tak\u0105 sam\u0105 szeroko\u015b\u0107. &nbsp;&nbsp;&nbsp; Przez ca\u0142y sezon suchodrzew alpejski jest efektowny za spraw\u0105 l\u015bni\u0105cych, sztywnych li\u015bci. W maju-czerwcu pojawiaj\u0105 si\u0119 ciemnoczerwone lub pomara\u0144czowe kwiatki, natomiast jesieni\u0105 zdobi\u0105 go owoce &#8211; liczne jaskrawoczerwone jagody na d\u0142ugich ogonkach.<\/p>\n<\/div>\n\n\n\n<div class=\"wp-block-column is-layout-flow wp-block-column-is-layout-flow\">\n<div class=\"wp-block-image\"><figure class=\"aligncenter size-large\"><img loading=\"lazy\" decoding=\"async\" width=\"500\" height=\"579\" src=\"https:\/\/www.ogrodnick.pl\/word\/wp-content\/uploads\/2020\/03\/lonicera_alpigena_krzew.jpg\" alt=\"\" class=\"wp-image-813\" srcset=\"https:\/\/www.ogrodnick.pl\/word\/wp-content\/uploads\/2020\/03\/lonicera_alpigena_krzew.jpg 500w, https:\/\/www.ogrodnick.pl\/word\/wp-content\/uploads\/2020\/03\/lonicera_alpigena_krzew-259x300.jpg 259w\" sizes=\"auto, (max-width: 500px) 100vw, 500px\" \/><\/figure><\/div>\n<\/div>\n<\/div>\n\n\n\n<div class=\"wp-block-columns alignfull is-layout-flex wp-container-core-columns-is-layout-9d6595d7 wp-block-columns-is-layout-flex\">\n<div class=\"wp-block-column is-layout-flow wp-block-column-is-layout-flow\">\n<p><strong>UPRAWA:<\/strong>&nbsp;<br>&nbsp;&nbsp;&nbsp;Odporny na mr\u00f3z i susz\u0119, niewybredny co do gleby, doskonale ro\u015bnie r\u00f3wnie\u017c w cieniu.<br>&nbsp;&nbsp;&nbsp;Kwitn\u0105 ju\u017c ma\u0142e, czasem ledwie dwuletnie krzewy.<\/p>\n<\/div>\n\n\n\n<div class=\"wp-block-column is-layout-flow wp-block-column-is-layout-flow\">\n<div class=\"wp-block-image\"><figure class=\"aligncenter size-large\"><img loading=\"lazy\" decoding=\"async\" width=\"500\" height=\"394\" src=\"https:\/\/www.ogrodnick.pl\/word\/wp-content\/uploads\/2020\/03\/lonicera_alpigena_kwiatki.jpg\" alt=\"\" class=\"wp-image-815\" srcset=\"https:\/\/www.ogrodnick.pl\/word\/wp-content\/uploads\/2020\/03\/lonicera_alpigena_kwiatki.jpg 500w, https:\/\/www.ogrodnick.pl\/word\/wp-content\/uploads\/2020\/03\/lonicera_alpigena_kwiatki-300x236.jpg 300w\" sizes=\"auto, (max-width: 500px) 100vw, 500px\" \/><\/figure><\/div>\n<\/div>\n<\/div>\n\n\n\n<div class=\"wp-block-image\"><figure class=\"aligncenter size-large\"><img loading=\"lazy\" decoding=\"async\" width=\"500\" height=\"558\" src=\"https:\/\/www.ogrodnick.pl\/word\/wp-content\/uploads\/2020\/03\/lonicera_alpigena_krzewzowocami.jpg\" alt=\"\" class=\"wp-image-814\" srcset=\"https:\/\/www.ogrodnick.pl\/word\/wp-content\/uploads\/2020\/03\/lonicera_alpigena_krzewzowocami.jpg 500w, https:\/\/www.ogrodnick.pl\/word\/wp-content\/uploads\/2020\/03\/lonicera_alpigena_krzewzowocami-269x300.jpg 269w\" sizes=\"auto, (max-width: 500px) 100vw, 500px\" \/><\/figure><\/div>\n","protected":false},"excerpt":{"rendered":"<p>Suchodrzew alpejski&nbsp;(Lonicera alpigena)&nbsp;wyst\u0119puje w g\u00f3rach centralnej i po\u0142udniowej Europy. OPIS:&nbsp;&nbsp;&nbsp;Suchodrzew alpejski jest g\u0119stym, kulistym krzewem o sztywnych, wyprostowanych p\u0119dach. Ro\u015bnie bardzo powoli, osi\u0105ga najwy\u017cej 1,5 m wysoko\u015bci i tak\u0105 sam\u0105 szeroko\u015b\u0107. &nbsp;&nbsp;&nbsp; Przez ca\u0142y sezon suchodrzew alpejski jest efektowny za spraw\u0105 l\u015bni\u0105cych, sztywnych li\u015bci. W maju-czerwcu pojawiaj\u0105 si\u0119 ciemnoczerwone lub pomara\u0144czowe kwiatki, natomiast jesieni\u0105 zdobi\u0105 [&hellip;]<\/p>\n","protected":false},"author":1,"featured_media":0,"parent":0,"menu_order":0,"comment_status":"closed","ping_status":"closed","template":"","meta":{"footnotes":""},"class_list":["post-458","page","type-page","status-publish","hentry"],"_links":{"self":[{"href":"https:\/\/www.ogrodnick.pl\/word\/wp-json\/wp\/v2\/pages\/458","targetHints":{"allow":["GET"]}}],"collection":[{"href":"https:\/\/www.ogrodnick.pl\/word\/wp-json\/wp\/v2\/pages"}],"about":[{"href":"https:\/\/www.ogrodnick.pl\/word\/wp-json\/wp\/v2\/types\/page"}],"author":[{"embeddable":true,"href":"https:\/\/www.ogrodnick.pl\/word\/wp-json\/wp\/v2\/users\/1"}],"replies":[{"embeddable":true,"href":"https:\/\/www.ogrodnick.pl\/word\/wp-json\/wp\/v2\/comments?post=458"}],"version-history":[{"count":2,"href":"https:\/\/www.ogrodnick.pl\/word\/wp-json\/wp\/v2\/pages\/458\/revisions"}],"predecessor-version":[{"id":1104,"href":"https:\/\/www.ogrodnick.pl\/word\/wp-json\/wp\/v2\/pages\/458\/revisions\/1104"}],"wp:attachment":[{"href":"https:\/\/www.ogrodnick.pl\/word\/wp-json\/wp\/v2\/media?parent=458"}],"curies":[{"name":"wp","href":"https:\/\/api.w.org\/{rel}","templated":true}]}}

<div class="wp-block-group alignfull"><div class="wp-block-group__inner-container is-layout-flow wp-block-group-is-layout-flow">
<p>Suchodrzew alpejski&nbsp;<em>(Lonicera alpigena)</em>&nbsp;występuje w górach centralnej i południowej Europy.</p>
</div></div>



<div class="wp-block-columns alignfull is-layout-flex wp-container-core-columns-is-layout-9d6595d7 wp-block-columns-is-layout-flex">
<div class="wp-block-column is-layout-flow wp-block-column-is-layout-flow">
<p><strong>OPIS:<br></strong>&nbsp;&nbsp;&nbsp;Suchodrzew alpejski jest gęstym, kulistym krzewem o sztywnych, wyprostowanych pędach. Rośnie bardzo powoli, osiąga najwyżej 1,5 m wysokości i taką samą szerokość. &nbsp;&nbsp;&nbsp; Przez cały sezon suchodrzew alpejski jest efektowny za sprawą lśniących, sztywnych liści. W maju-czerwcu pojawiają się ciemnoczerwone lub pomarańczowe kwiatki, natomiast jesienią zdobią go owoce &#8211; liczne jaskrawoczerwone jagody na długich ogonkach.</p>
</div>



<div class="wp-block-column is-layout-flow wp-block-column-is-layout-flow">
<div class="wp-block-image"><figure class="aligncenter size-large"><img loading="lazy" decoding="async" width="500" height="579" src="https://www.ogrodnick.pl/word/wp-content/uploads/2020/03/lonicera_alpigena_krzew.jpg" alt="" class="wp-image-813" srcset="https://www.ogrodnick.pl/word/wp-content/uploads/2020/03/lonicera_alpigena_krzew.jpg 500w, https://www.ogrodnick.pl/word/wp-content/uploads/2020/03/lonicera_alpigena_krzew-259x300.jpg 259w" sizes="auto, (max-width: 500px) 100vw, 500px" /></figure></div>
</div>
</div>



<div class="wp-block-columns alignfull is-layout-flex wp-container-core-columns-is-layout-9d6595d7 wp-block-columns-is-layout-flex">
<div class="wp-block-column is-layout-flow wp-block-column-is-layout-flow">
<p><strong>UPRAWA:</strong>&nbsp;<br>&nbsp;&nbsp;&nbsp;Odporny na mróz i suszę, niewybredny co do gleby, doskonale rośnie również w cieniu.<br>&nbsp;&nbsp;&nbsp;Kwitną już małe, czasem ledwie dwuletnie krzewy.</p>
</div>



<div class="wp-block-column is-layout-flow wp-block-column-is-layout-flow">
<div class="wp-block-image"><figure class="aligncenter size-large"><img loading="lazy" decoding="async" width="500" height="394" src="https://www.ogrodnick.pl/word/wp-content/uploads/2020/03/lonicera_alpigena_kwiatki.jpg" alt="" class="wp-image-815" srcset="https://www.ogrodnick.pl/word/wp-content/uploads/2020/03/lonicera_alpigena_kwiatki.jpg 500w, https://www.ogrodnick.pl/word/wp-content/uploads/2020/03/lonicera_alpigena_kwiatki-300x236.jpg 300w" sizes="auto, (max-width: 500px) 100vw, 500px" /></figure></div>
</div>
</div>



<div class="wp-block-image"><figure class="aligncenter size-large"><img loading="lazy" decoding="async" width="500" height="558" src="https://www.ogrodnick.pl/word/wp-content/uploads/2020/03/lonicera_alpigena_krzewzowocami.jpg" alt="" class="wp-image-814" srcset="https://www.ogrodnick.pl/word/wp-content/uploads/2020/03/lonicera_alpigena_krzewzowocami.jpg 500w, https://www.ogrodnick.pl/word/wp-content/uploads/2020/03/lonicera_alpigena_krzewzowocami-269x300.jpg 269w" sizes="auto, (max-width: 500px) 100vw, 500px" /></figure></div>

<p>Suchodrzew alpejski&nbsp;(Lonicera alpigena)&nbsp;występuje w górach centralnej i południowej Europy. OPIS:&nbsp;&nbsp;&nbsp;Suchodrzew alpejski jest gęstym, kulistym krzewem o sztywnych, wyprostowanych pędach. Rośnie bardzo powoli, osiąga najwyżej 1,5 m wysokości i taką samą szerokość. &nbsp;&nbsp;&nbsp; Przez cały sezon suchodrzew alpejski jest efektowny za sprawą lśniących, sztywnych liści. W maju-czerwcu pojawiają się ciemnoczerwone lub pomarańczowe kwiatki, natomiast jesienią zdobią [&hellip;]</p>
