{"id":456,"date":"2020-03-14T12:07:21","date_gmt":"2020-03-14T12:07:21","guid":{"rendered":"http:\/\/www.ogrodnick.pl\/word\/?page_id=456"},"modified":"2020-03-21T12:12:41","modified_gmt":"2020-03-21T12:12:41","slug":"miesiecznik-kanadyjski-menispermum-canadense","status":"publish","type":"page","link":"https:\/\/www.ogrodnick.pl\/word\/miesiecznik-kanadyjski-menispermum-canadense\/","title":{"rendered":"Miesi\u0119cznik kanadyjski (Menispermum canadense)"},"content":{"rendered":"\n<div class=\"wp-block-group alignfull\"><div class=\"wp-block-group__inner-container is-layout-flow wp-block-group-is-layout-flow\">\n<p>Miesi\u0119cznik kanadyjski <em>(Menispermum canadense)<\/em>, ang.&nbsp;<em>Canada moonseed<\/em>) wyst\u0119puje we wschodniej cz\u0119\u015bci Ameryki P\u00f3\u0142nocnej.<\/p>\n<\/div><\/div>\n\n\n\n<div class=\"wp-block-columns alignfull is-layout-flex wp-container-core-columns-is-layout-9d6595d7 wp-block-columns-is-layout-flex\">\n<div class=\"wp-block-column is-layout-flow wp-block-column-is-layout-flow\">\n<p><strong>OPIS:<br><\/strong>&nbsp;&nbsp;&nbsp;Miesi\u0119cznik kanadyjski jest bardzo szybko rosn\u0105cym pn\u0105czem owijaj\u0105cym si\u0119 p\u0119dami, potrafi wspi\u0105\u0107 si\u0119 na wysoko\u015b\u0107 czterech metr\u00f3w. P\u0119dy ciasno przylegaj\u0105 do podp\u00f3r, dach\u00f3wkowato u\u0142o\u017cone li\u015bcie tworz\u0105 szczeln\u0105 zas\u0142on\u0119.&nbsp;<br>&nbsp;&nbsp;&nbsp;Niezwyk\u0142y jest kszta\u0142t li\u015bci miesi\u0119cznika &#8211; ogonek jest po\u0142\u0105czony nie z brzegiem blaszki li\u015bciowej, ale z jej \u015brodkiem. Jesieni\u0105 li\u015bcie przybieraj\u0105 pi\u0119kny \u017c\u00f3\u0142ty kolor.&nbsp;<br>&nbsp;&nbsp;&nbsp;Ro\u015blina stosowana w medycynie, truj\u0105ca &#8211;&nbsp;bardzo truj\u0105ce&nbsp;i bardzo gorzkie s\u0105 granatowe jagody przypominaj\u0105ce owoce winogron. Miesi\u0119cznik kanadyjski jest dwupienny &#8211; \u017ceby owocowa\u0142 musz\u0105 rosn\u0105\u0107 obok siebie ro\u015bliny r\u00f3\u017cnych p\u0142ci. Jeden egzemplarz jest zupe\u0142nie niegro\u017any.<\/p>\n<\/div>\n\n\n\n<div class=\"wp-block-column is-layout-flow wp-block-column-is-layout-flow\">\n<div class=\"wp-block-image\"><figure class=\"aligncenter size-large\"><img loading=\"lazy\" decoding=\"async\" width=\"500\" height=\"749\" src=\"https:\/\/www.ogrodnick.pl\/word\/wp-content\/uploads\/2020\/03\/menispermum_canadense_drzwi.jpg\" alt=\"\" class=\"wp-image-822\" srcset=\"https:\/\/www.ogrodnick.pl\/word\/wp-content\/uploads\/2020\/03\/menispermum_canadense_drzwi.jpg 500w, https:\/\/www.ogrodnick.pl\/word\/wp-content\/uploads\/2020\/03\/menispermum_canadense_drzwi-200x300.jpg 200w\" sizes=\"auto, (max-width: 500px) 100vw, 500px\" \/><\/figure><\/div>\n<\/div>\n<\/div>\n\n\n\n<div class=\"wp-block-columns alignfull is-layout-flex wp-container-core-columns-is-layout-9d6595d7 wp-block-columns-is-layout-flex\">\n<div class=\"wp-block-column is-layout-flow wp-block-column-is-layout-flow\">\n<p><strong>UPRAWA:<\/strong>&nbsp;<br>&nbsp;&nbsp;&nbsp;Dobrze znosi ocienienie. Co do gleby niewybredny, ale nie lubi stanowisk bardzo suchych i gor\u0105cych (raczej nie przy po\u0142udniowej \u015bcianie).&nbsp;<br>&nbsp;&nbsp;&nbsp;Miesi\u0119cznik zimy znosi dobrze. Mo\u017ce cierpie\u0107 od p\u00f3\u017anych przymrozk\u00f3w, ale znakomicie regeneruje.&nbsp;<br>&nbsp;&nbsp;&nbsp;Wybieraj\u0105c dla niego miejsce, prosz\u0119 wzi\u0105\u0107 pod uwag\u0119, \u017ce miesi\u0119cznik rozrasta si\u0119 podziemnymi roz\u0142ogami. Nie jest zbyt ekspansywny, warto t\u0119 cech\u0119 wykorzysta\u0107 przy obsadzaniu pergoli lub ogrodzenia.<\/p>\n<\/div>\n\n\n\n<div class=\"wp-block-column is-layout-flow wp-block-column-is-layout-flow\">\n<div class=\"wp-block-image\"><figure class=\"aligncenter size-large\"><img loading=\"lazy\" decoding=\"async\" width=\"500\" height=\"375\" src=\"https:\/\/www.ogrodnick.pl\/word\/wp-content\/uploads\/2020\/03\/menispermum_canadense_liscie.jpg\" alt=\"\" class=\"wp-image-823\" srcset=\"https:\/\/www.ogrodnick.pl\/word\/wp-content\/uploads\/2020\/03\/menispermum_canadense_liscie.jpg 500w, https:\/\/www.ogrodnick.pl\/word\/wp-content\/uploads\/2020\/03\/menispermum_canadense_liscie-300x225.jpg 300w\" sizes=\"auto, (max-width: 500px) 100vw, 500px\" \/><\/figure><\/div>\n<\/div>\n<\/div>\n\n\n\n<div class=\"wp-block-image\"><figure class=\"aligncenter size-large\"><img loading=\"lazy\" decoding=\"async\" width=\"499\" height=\"406\" src=\"https:\/\/www.ogrodnick.pl\/word\/wp-content\/uploads\/2020\/03\/menispermum_canadense_slup.jpg\" alt=\"\" class=\"wp-image-824\" srcset=\"https:\/\/www.ogrodnick.pl\/word\/wp-content\/uploads\/2020\/03\/menispermum_canadense_slup.jpg 499w, https:\/\/www.ogrodnick.pl\/word\/wp-content\/uploads\/2020\/03\/menispermum_canadense_slup-300x244.jpg 300w\" sizes=\"auto, (max-width: 499px) 100vw, 499px\" \/><\/figure><\/div>\n","protected":false},"excerpt":{"rendered":"<p>Miesi\u0119cznik kanadyjski (Menispermum canadense), ang.&nbsp;Canada moonseed) wyst\u0119puje we wschodniej cz\u0119\u015bci Ameryki P\u00f3\u0142nocnej. OPIS:&nbsp;&nbsp;&nbsp;Miesi\u0119cznik kanadyjski jest bardzo szybko rosn\u0105cym pn\u0105czem owijaj\u0105cym si\u0119 p\u0119dami, potrafi wspi\u0105\u0107 si\u0119 na wysoko\u015b\u0107 czterech metr\u00f3w. P\u0119dy ciasno przylegaj\u0105 do podp\u00f3r, dach\u00f3wkowato u\u0142o\u017cone li\u015bcie tworz\u0105 szczeln\u0105 zas\u0142on\u0119.&nbsp;&nbsp;&nbsp;&nbsp;Niezwyk\u0142y jest kszta\u0142t li\u015bci miesi\u0119cznika &#8211; ogonek jest po\u0142\u0105czony nie z brzegiem blaszki li\u015bciowej, ale z [&hellip;]<\/p>\n","protected":false},"author":1,"featured_media":0,"parent":0,"menu_order":0,"comment_status":"closed","ping_status":"closed","template":"","meta":{"footnotes":""},"class_list":["post-456","page","type-page","status-publish","hentry"],"_links":{"self":[{"href":"https:\/\/www.ogrodnick.pl\/word\/wp-json\/wp\/v2\/pages\/456","targetHints":{"allow":["GET"]}}],"collection":[{"href":"https:\/\/www.ogrodnick.pl\/word\/wp-json\/wp\/v2\/pages"}],"about":[{"href":"https:\/\/www.ogrodnick.pl\/word\/wp-json\/wp\/v2\/types\/page"}],"author":[{"embeddable":true,"href":"https:\/\/www.ogrodnick.pl\/word\/wp-json\/wp\/v2\/users\/1"}],"replies":[{"embeddable":true,"href":"https:\/\/www.ogrodnick.pl\/word\/wp-json\/wp\/v2\/comments?post=456"}],"version-history":[{"count":2,"href":"https:\/\/www.ogrodnick.pl\/word\/wp-json\/wp\/v2\/pages\/456\/revisions"}],"predecessor-version":[{"id":1070,"href":"https:\/\/www.ogrodnick.pl\/word\/wp-json\/wp\/v2\/pages\/456\/revisions\/1070"}],"wp:attachment":[{"href":"https:\/\/www.ogrodnick.pl\/word\/wp-json\/wp\/v2\/media?parent=456"}],"curies":[{"name":"wp","href":"https:\/\/api.w.org\/{rel}","templated":true}]}}

Miesięcznik kanadyjski (Menispermum canadense)

<div class="wp-block-group alignfull"><div class="wp-block-group__inner-container is-layout-flow wp-block-group-is-layout-flow">
<p>Miesięcznik kanadyjski <em>(Menispermum canadense)</em>, ang.&nbsp;<em>Canada moonseed</em>) występuje we wschodniej części Ameryki Północnej.</p>
</div></div>



<div class="wp-block-columns alignfull is-layout-flex wp-container-core-columns-is-layout-9d6595d7 wp-block-columns-is-layout-flex">
<div class="wp-block-column is-layout-flow wp-block-column-is-layout-flow">
<p><strong>OPIS:<br></strong>&nbsp;&nbsp;&nbsp;Miesięcznik kanadyjski jest bardzo szybko rosnącym pnączem owijającym się pędami, potrafi wspiąć się na wysokość czterech metrów. Pędy ciasno przylegają do podpór, dachówkowato ułożone liście tworzą szczelną zasłonę.&nbsp;<br>&nbsp;&nbsp;&nbsp;Niezwykły jest kształt liści miesięcznika &#8211; ogonek jest połączony nie z brzegiem blaszki liściowej, ale z jej środkiem. Jesienią liście przybierają piękny żółty kolor.&nbsp;<br>&nbsp;&nbsp;&nbsp;Roślina stosowana w medycynie, trująca &#8211;&nbsp;bardzo trujące&nbsp;i bardzo gorzkie są granatowe jagody przypominające owoce winogron. Miesięcznik kanadyjski jest dwupienny &#8211; żeby owocował muszą rosnąć obok siebie rośliny różnych płci. Jeden egzemplarz jest zupełnie niegroźny.</p>
</div>



<div class="wp-block-column is-layout-flow wp-block-column-is-layout-flow">
<div class="wp-block-image"><figure class="aligncenter size-large"><img loading="lazy" decoding="async" width="500" height="749" src="https://www.ogrodnick.pl/word/wp-content/uploads/2020/03/menispermum_canadense_drzwi.jpg" alt="" class="wp-image-822" srcset="https://www.ogrodnick.pl/word/wp-content/uploads/2020/03/menispermum_canadense_drzwi.jpg 500w, https://www.ogrodnick.pl/word/wp-content/uploads/2020/03/menispermum_canadense_drzwi-200x300.jpg 200w" sizes="auto, (max-width: 500px) 100vw, 500px" /></figure></div>
</div>
</div>



<div class="wp-block-columns alignfull is-layout-flex wp-container-core-columns-is-layout-9d6595d7 wp-block-columns-is-layout-flex">
<div class="wp-block-column is-layout-flow wp-block-column-is-layout-flow">
<p><strong>UPRAWA:</strong>&nbsp;<br>&nbsp;&nbsp;&nbsp;Dobrze znosi ocienienie. Co do gleby niewybredny, ale nie lubi stanowisk bardzo suchych i gorących (raczej nie przy południowej ścianie).&nbsp;<br>&nbsp;&nbsp;&nbsp;Miesięcznik zimy znosi dobrze. Może cierpieć od późnych przymrozków, ale znakomicie regeneruje.&nbsp;<br>&nbsp;&nbsp;&nbsp;Wybierając dla niego miejsce, proszę wziąć pod uwagę, że miesięcznik rozrasta się podziemnymi rozłogami. Nie jest zbyt ekspansywny, warto tę cechę wykorzystać przy obsadzaniu pergoli lub ogrodzenia.</p>
</div>



<div class="wp-block-column is-layout-flow wp-block-column-is-layout-flow">
<div class="wp-block-image"><figure class="aligncenter size-large"><img loading="lazy" decoding="async" width="500" height="375" src="https://www.ogrodnick.pl/word/wp-content/uploads/2020/03/menispermum_canadense_liscie.jpg" alt="" class="wp-image-823" srcset="https://www.ogrodnick.pl/word/wp-content/uploads/2020/03/menispermum_canadense_liscie.jpg 500w, https://www.ogrodnick.pl/word/wp-content/uploads/2020/03/menispermum_canadense_liscie-300x225.jpg 300w" sizes="auto, (max-width: 500px) 100vw, 500px" /></figure></div>
</div>
</div>



<div class="wp-block-image"><figure class="aligncenter size-large"><img loading="lazy" decoding="async" width="499" height="406" src="https://www.ogrodnick.pl/word/wp-content/uploads/2020/03/menispermum_canadense_slup.jpg" alt="" class="wp-image-824" srcset="https://www.ogrodnick.pl/word/wp-content/uploads/2020/03/menispermum_canadense_slup.jpg 499w, https://www.ogrodnick.pl/word/wp-content/uploads/2020/03/menispermum_canadense_slup-300x244.jpg 300w" sizes="auto, (max-width: 499px) 100vw, 499px" /></figure></div>

<p>Miesięcznik kanadyjski (Menispermum canadense), ang.&nbsp;Canada moonseed) występuje we wschodniej części Ameryki Północnej. OPIS:&nbsp;&nbsp;&nbsp;Miesięcznik kanadyjski jest bardzo szybko rosnącym pnączem owijającym się pędami, potrafi wspiąć się na wysokość czterech metrów. Pędy ciasno przylegają do podpór, dachówkowato ułożone liście tworzą szczelną zasłonę.&nbsp;&nbsp;&nbsp;&nbsp;Niezwykły jest kształt liści miesięcznika &#8211; ogonek jest połączony nie z brzegiem blaszki liściowej, ale z [&hellip;]</p>
