{"id":455,"date":"2020-03-14T12:09:09","date_gmt":"2020-03-14T12:09:09","guid":{"rendered":"http:\/\/www.ogrodnick.pl\/word\/?page_id=455"},"modified":"2024-04-23T05:59:17","modified_gmt":"2024-04-23T05:59:17","slug":"woskownica-pensylwanska-myrica-pensylvanica-morella-pensylwanica","status":"publish","type":"page","link":"https:\/\/www.ogrodnick.pl\/word\/woskownica-pensylwanska-myrica-pensylvanica-morella-pensylwanica\/","title":{"rendered":"Woskownica pensylwa\u0144ska (Myrica pensylvanica, Norella pensylwanica)"},"content":{"rendered":"\n<div class=\"wp-block-group alignfull\"><div class=\"wp-block-group__inner-container is-layout-flow wp-block-group-is-layout-flow\">\n<p>Woskownica pensylwa\u0144ska<em>\u00a0(Myrica pensylvanica, Norella pensylwanica)\u00a0<\/em>ro\u015bnie na wschodzie Stan\u00f3w Zjednoczonych, g\u0142\u00f3wnie w w\u0105skim pasie nad Atlantykiem i w rejonie jeziora Eire.<\/p>\n<\/div><\/div>\n\n\n\n<div class=\"wp-block-columns alignfull is-layout-flex wp-container-core-columns-is-layout-9d6595d7 wp-block-columns-is-layout-flex\">\n<div class=\"wp-block-column is-layout-flow wp-block-column-is-layout-flow\">\n<p><strong>OPIS:<\/strong><br>&nbsp;&nbsp;&nbsp;Woskownica pensylwa\u0144ska w naturze jest krzewem osi\u0105gaj\u0105cym zwykle p\u00f3\u0142tora do czterech metr\u00f3w wysoko\u015bci. Na mokrych glebach czasem tworzy kolonie &#8211; rozprzestrzenia si\u0119 przy pomocy odrost\u00f3w korzeniowych.&nbsp;<br>&nbsp;&nbsp;&nbsp;L\u015bni\u0105ce, sk\u00f3rzaste li\u015bcie bardzo d\u0142ugo utrzymuj\u0105ce si\u0119 na ga\u0142\u0105zkach ( w \u0142agodnym klimacie woskownica jest zimozielona), mn\u00f3stwo niebieskawych owoc\u00f3w oblepiaj\u0105cych ga\u0142\u0105zki egzemplarzy \u017ce\u0144skich (ro\u015blina dwupienna) i efektowna b\u0142yszcz\u0105ca kora to powody dla kt\u00f3rych woskownice s\u0105 w Ameryce cz\u0119sto sadzone w ogrodach i terenach zieleni. Utworzone z nich g\u0119ste szpalery i \u017cywop\u0142oty s\u0105 zielone niemal przez ca\u0142y rok.&nbsp;<br>&nbsp;&nbsp;&nbsp;Woskownice maj\u0105 walory nie tylko estetyczne:&nbsp;<br>-olejek uzyskiwany z aromatycznych li\u015bci jest stosowany w przemy\u015ble kosmetycznym i do aromatyzowania \u017cywno\u015bci, same li\u015bcie u\u017cywane s\u0105 do warzenia piwa.&nbsp;<br>-dekoracyjne owoce b\u0119d\u0105ce pokarmem dla wielu gatunk\u00f3w ptak\u00f3w pokryte s\u0105 woskiem kt\u00f3ry od stuleci u\u017cywany jest do wyrobu spalaj\u0105cych si\u0119 bez dymu, wydzielaj\u0105cych przyjemny zapach \u015bwiec. Wosk stanowi oko\u0142o 1\/4 masy owoc\u00f3w, pozyskuje si\u0119 go bardzo prosto. Jako \u017ce topi si\u0119 ju\u017c w temperaturze nieco poni\u017cej 50 C wi\u0119c wystarczy wrzuci\u0107 owoce do gor\u0105cej wody i zebra\u0107 unosz\u0105cy si\u0119 na powierzchni.<\/p>\n<\/div>\n\n\n\n<div class=\"wp-block-column is-layout-flow wp-block-column-is-layout-flow\"><div class=\"wp-block-image\">\n<figure class=\"aligncenter size-large\"><img loading=\"lazy\" decoding=\"async\" width=\"500\" height=\"667\" src=\"https:\/\/www.ogrodnick.pl\/word\/wp-content\/uploads\/2020\/03\/myrica_pensylvanica_drzewko500.jpg\" alt=\"\" class=\"wp-image-826\" srcset=\"https:\/\/www.ogrodnick.pl\/word\/wp-content\/uploads\/2020\/03\/myrica_pensylvanica_drzewko500.jpg 500w, https:\/\/www.ogrodnick.pl\/word\/wp-content\/uploads\/2020\/03\/myrica_pensylvanica_drzewko500-225x300.jpg 225w\" sizes=\"auto, (max-width: 500px) 100vw, 500px\" \/><\/figure>\n<\/div><\/div>\n<\/div>\n\n\n\n<div class=\"wp-block-columns alignfull is-layout-flex wp-container-core-columns-is-layout-9d6595d7 wp-block-columns-is-layout-flex\">\n<div class=\"wp-block-column is-layout-flow wp-block-column-is-layout-flow\">\n<p><strong>UPRAWA:<\/strong>&nbsp;<br>&nbsp;&nbsp;&nbsp;Woskownice mog\u0105 rosn\u0105\u0107 dos\u0142ownie wsz\u0119dzie. W \u0142agodnym klimacie zimozielone, bez \u017cadnych uszkodze\u0144 znosz\u0105 40-stopniowe mrozy. Mog\u0105 rosn\u0105\u0107 na bagnach (wtedy w\u0142a\u015bnie wydaj\u0105 odrosty ze znajduj\u0105cych si\u0119 tu\u017c pod powierzchni\u0105 korzeni) a zarazem s\u0105 bardzo odporne na susz\u0119. Wsp\u00f3\u0142\u017cyj\u0105 z bakteriami glebowymi dlatego radz\u0105 sobie nawet na ja\u0142owych wydmach. Mog\u0105 rosn\u0105\u0107 w s\u0142o\u0144cu i w cieniu, na glebach kwa\u015bnych i na wyra\u017anie zasadowych, niestraszna im jest u\u017cywana zim\u0105 s\u00f3l drogowa.&nbsp;<br>&nbsp;&nbsp;&nbsp;Woskownice rosn\u0105 powoli &#8211; w Polsce jako krzewy zapewne nie b\u0119d\u0105 wi\u0119ksze ni\u017c dwumetrowe, uformowane w drzewka b\u0119d\u0105 nieco wy\u017csze.<\/p>\n<\/div>\n\n\n\n<div class=\"wp-block-column is-layout-flow wp-block-column-is-layout-flow\"><div class=\"wp-block-image\">\n<figure class=\"aligncenter size-large\"><img loading=\"lazy\" decoding=\"async\" width=\"500\" height=\"337\" src=\"https:\/\/www.ogrodnick.pl\/word\/wp-content\/uploads\/2020\/03\/myrica_pensylvanica_owoce500.jpg\" alt=\"\" class=\"wp-image-828\" srcset=\"https:\/\/www.ogrodnick.pl\/word\/wp-content\/uploads\/2020\/03\/myrica_pensylvanica_owoce500.jpg 500w, https:\/\/www.ogrodnick.pl\/word\/wp-content\/uploads\/2020\/03\/myrica_pensylvanica_owoce500-300x202.jpg 300w\" sizes=\"auto, (max-width: 500px) 100vw, 500px\" \/><\/figure>\n<\/div><\/div>\n<\/div>\n\n\n\n<div class=\"wp-block-columns alignfull is-layout-flex wp-container-core-columns-is-layout-9d6595d7 wp-block-columns-is-layout-flex\">\n<div class=\"wp-block-column is-layout-flow wp-block-column-is-layout-flow\"><div class=\"wp-block-image\">\n<figure class=\"aligncenter size-large\"><img loading=\"lazy\" decoding=\"async\" width=\"500\" height=\"355\" src=\"https:\/\/www.ogrodnick.pl\/word\/wp-content\/uploads\/2020\/03\/myrica_pensylvanica_zima500.jpg\" alt=\"\" class=\"wp-image-830\" srcset=\"https:\/\/www.ogrodnick.pl\/word\/wp-content\/uploads\/2020\/03\/myrica_pensylvanica_zima500.jpg 500w, https:\/\/www.ogrodnick.pl\/word\/wp-content\/uploads\/2020\/03\/myrica_pensylvanica_zima500-300x213.jpg 300w\" sizes=\"auto, (max-width: 500px) 100vw, 500px\" \/><\/figure>\n<\/div>\n\n<div class=\"wp-block-image\">\n<figure class=\"aligncenter size-large\"><img loading=\"lazy\" decoding=\"async\" width=\"500\" height=\"336\" src=\"https:\/\/www.ogrodnick.pl\/word\/wp-content\/uploads\/2020\/03\/myrica_pensylvanica_zywoplot500.jpg\" alt=\"\" class=\"wp-image-831\" srcset=\"https:\/\/www.ogrodnick.pl\/word\/wp-content\/uploads\/2020\/03\/myrica_pensylvanica_zywoplot500.jpg 500w, https:\/\/www.ogrodnick.pl\/word\/wp-content\/uploads\/2020\/03\/myrica_pensylvanica_zywoplot500-300x202.jpg 300w\" sizes=\"auto, (max-width: 500px) 100vw, 500px\" \/><\/figure>\n<\/div><\/div>\n\n\n\n<div class=\"wp-block-column is-layout-flow wp-block-column-is-layout-flow\"><div class=\"wp-block-image\">\n<figure class=\"aligncenter size-large\"><img loading=\"lazy\" decoding=\"async\" width=\"500\" height=\"316\" src=\"https:\/\/www.ogrodnick.pl\/word\/wp-content\/uploads\/2020\/03\/myrica_pensylvanica_liscie500.jpg\" alt=\"\" class=\"wp-image-827\" srcset=\"https:\/\/www.ogrodnick.pl\/word\/wp-content\/uploads\/2020\/03\/myrica_pensylvanica_liscie500.jpg 500w, https:\/\/www.ogrodnick.pl\/word\/wp-content\/uploads\/2020\/03\/myrica_pensylvanica_liscie500-300x190.jpg 300w\" sizes=\"auto, (max-width: 500px) 100vw, 500px\" \/><\/figure>\n<\/div>\n\n<div class=\"wp-block-image\">\n<figure class=\"aligncenter size-large\"><img loading=\"lazy\" decoding=\"async\" width=\"500\" height=\"335\" src=\"https:\/\/www.ogrodnick.pl\/word\/wp-content\/uploads\/2020\/03\/myrica_pensylvanica_szpaler500.jpg\" alt=\"\" class=\"wp-image-829\" srcset=\"https:\/\/www.ogrodnick.pl\/word\/wp-content\/uploads\/2020\/03\/myrica_pensylvanica_szpaler500.jpg 500w, https:\/\/www.ogrodnick.pl\/word\/wp-content\/uploads\/2020\/03\/myrica_pensylvanica_szpaler500-300x201.jpg 300w\" sizes=\"auto, (max-width: 500px) 100vw, 500px\" \/><\/figure>\n<\/div><\/div>\n<\/div>\n","protected":false},"excerpt":{"rendered":"<p>Woskownica pensylwa\u0144ska\u00a0(Myrica pensylvanica, Norella pensylwanica)\u00a0ro\u015bnie na wschodzie Stan\u00f3w Zjednoczonych, g\u0142\u00f3wnie w w\u0105skim pasie nad Atlantykiem i w rejonie jeziora Eire. OPIS:&nbsp;&nbsp;&nbsp;Woskownica pensylwa\u0144ska w naturze jest krzewem osi\u0105gaj\u0105cym zwykle p\u00f3\u0142tora do czterech metr\u00f3w wysoko\u015bci. Na mokrych glebach czasem tworzy kolonie &#8211; rozprzestrzenia si\u0119 przy pomocy odrost\u00f3w korzeniowych.&nbsp;&nbsp;&nbsp;&nbsp;L\u015bni\u0105ce, sk\u00f3rzaste li\u015bcie bardzo d\u0142ugo utrzymuj\u0105ce si\u0119 na ga\u0142\u0105zkach ( [&hellip;]<\/p>\n","protected":false},"author":1,"featured_media":0,"parent":0,"menu_order":0,"comment_status":"closed","ping_status":"closed","template":"","meta":{"footnotes":""},"class_list":["post-455","page","type-page","status-publish","hentry"],"_links":{"self":[{"href":"https:\/\/www.ogrodnick.pl\/word\/wp-json\/wp\/v2\/pages\/455","targetHints":{"allow":["GET"]}}],"collection":[{"href":"https:\/\/www.ogrodnick.pl\/word\/wp-json\/wp\/v2\/pages"}],"about":[{"href":"https:\/\/www.ogrodnick.pl\/word\/wp-json\/wp\/v2\/types\/page"}],"author":[{"embeddable":true,"href":"https:\/\/www.ogrodnick.pl\/word\/wp-json\/wp\/v2\/users\/1"}],"replies":[{"embeddable":true,"href":"https:\/\/www.ogrodnick.pl\/word\/wp-json\/wp\/v2\/comments?post=455"}],"version-history":[{"count":3,"href":"https:\/\/www.ogrodnick.pl\/word\/wp-json\/wp\/v2\/pages\/455\/revisions"}],"predecessor-version":[{"id":1536,"href":"https:\/\/www.ogrodnick.pl\/word\/wp-json\/wp\/v2\/pages\/455\/revisions\/1536"}],"wp:attachment":[{"href":"https:\/\/www.ogrodnick.pl\/word\/wp-json\/wp\/v2\/media?parent=455"}],"curies":[{"name":"wp","href":"https:\/\/api.w.org\/{rel}","templated":true}]}}

Woskownica pensylwańska (Myrica pensylvanica, Norella pensylwanica)

<div class="wp-block-group alignfull"><div class="wp-block-group__inner-container is-layout-flow wp-block-group-is-layout-flow">
<p>Woskownica pensylwańska<em> (Myrica pensylvanica, Norella pensylwanica) </em>rośnie na wschodzie Stanów Zjednoczonych, głównie w wąskim pasie nad Atlantykiem i w rejonie jeziora Eire.</p>
</div></div>



<div class="wp-block-columns alignfull is-layout-flex wp-container-core-columns-is-layout-9d6595d7 wp-block-columns-is-layout-flex">
<div class="wp-block-column is-layout-flow wp-block-column-is-layout-flow">
<p><strong>OPIS:</strong><br>&nbsp;&nbsp;&nbsp;Woskownica pensylwańska w naturze jest krzewem osiągającym zwykle półtora do czterech metrów wysokości. Na mokrych glebach czasem tworzy kolonie &#8211; rozprzestrzenia się przy pomocy odrostów korzeniowych.&nbsp;<br>&nbsp;&nbsp;&nbsp;Lśniące, skórzaste liście bardzo długo utrzymujące się na gałązkach ( w łagodnym klimacie woskownica jest zimozielona), mnóstwo niebieskawych owoców oblepiających gałązki egzemplarzy żeńskich (roślina dwupienna) i efektowna błyszcząca kora to powody dla których woskownice są w Ameryce często sadzone w ogrodach i terenach zieleni. Utworzone z nich gęste szpalery i żywopłoty są zielone niemal przez cały rok.&nbsp;<br>&nbsp;&nbsp;&nbsp;Woskownice mają walory nie tylko estetyczne:&nbsp;<br>-olejek uzyskiwany z aromatycznych liści jest stosowany w przemyśle kosmetycznym i do aromatyzowania żywności, same liście używane są do warzenia piwa.&nbsp;<br>-dekoracyjne owoce będące pokarmem dla wielu gatunków ptaków pokryte są woskiem który od stuleci używany jest do wyrobu spalających się bez dymu, wydzielających przyjemny zapach świec. Wosk stanowi około 1/4 masy owoców, pozyskuje się go bardzo prosto. Jako że topi się już w temperaturze nieco poniżej 50 C więc wystarczy wrzucić owoce do gorącej wody i zebrać unoszący się na powierzchni.</p>
</div>



<div class="wp-block-column is-layout-flow wp-block-column-is-layout-flow"><div class="wp-block-image">
<figure class="aligncenter size-large"><img loading="lazy" decoding="async" width="500" height="667" src="https://www.ogrodnick.pl/word/wp-content/uploads/2020/03/myrica_pensylvanica_drzewko500.jpg" alt="" class="wp-image-826" srcset="https://www.ogrodnick.pl/word/wp-content/uploads/2020/03/myrica_pensylvanica_drzewko500.jpg 500w, https://www.ogrodnick.pl/word/wp-content/uploads/2020/03/myrica_pensylvanica_drzewko500-225x300.jpg 225w" sizes="auto, (max-width: 500px) 100vw, 500px" /></figure>
</div></div>
</div>



<div class="wp-block-columns alignfull is-layout-flex wp-container-core-columns-is-layout-9d6595d7 wp-block-columns-is-layout-flex">
<div class="wp-block-column is-layout-flow wp-block-column-is-layout-flow">
<p><strong>UPRAWA:</strong>&nbsp;<br>&nbsp;&nbsp;&nbsp;Woskownice mogą rosnąć dosłownie wszędzie. W łagodnym klimacie zimozielone, bez żadnych uszkodzeń znoszą 40-stopniowe mrozy. Mogą rosnąć na bagnach (wtedy właśnie wydają odrosty ze znajdujących się tuż pod powierzchnią korzeni) a zarazem są bardzo odporne na suszę. Współżyją z bakteriami glebowymi dlatego radzą sobie nawet na jałowych wydmach. Mogą rosnąć w słońcu i w cieniu, na glebach kwaśnych i na wyraźnie zasadowych, niestraszna im jest używana zimą sól drogowa.&nbsp;<br>&nbsp;&nbsp;&nbsp;Woskownice rosną powoli &#8211; w Polsce jako krzewy zapewne nie będą większe niż dwumetrowe, uformowane w drzewka będą nieco wyższe.</p>
</div>



<div class="wp-block-column is-layout-flow wp-block-column-is-layout-flow"><div class="wp-block-image">
<figure class="aligncenter size-large"><img loading="lazy" decoding="async" width="500" height="337" src="https://www.ogrodnick.pl/word/wp-content/uploads/2020/03/myrica_pensylvanica_owoce500.jpg" alt="" class="wp-image-828" srcset="https://www.ogrodnick.pl/word/wp-content/uploads/2020/03/myrica_pensylvanica_owoce500.jpg 500w, https://www.ogrodnick.pl/word/wp-content/uploads/2020/03/myrica_pensylvanica_owoce500-300x202.jpg 300w" sizes="auto, (max-width: 500px) 100vw, 500px" /></figure>
</div></div>
</div>



<div class="wp-block-columns alignfull is-layout-flex wp-container-core-columns-is-layout-9d6595d7 wp-block-columns-is-layout-flex">
<div class="wp-block-column is-layout-flow wp-block-column-is-layout-flow"><div class="wp-block-image">
<figure class="aligncenter size-large"><img loading="lazy" decoding="async" width="500" height="355" src="https://www.ogrodnick.pl/word/wp-content/uploads/2020/03/myrica_pensylvanica_zima500.jpg" alt="" class="wp-image-830" srcset="https://www.ogrodnick.pl/word/wp-content/uploads/2020/03/myrica_pensylvanica_zima500.jpg 500w, https://www.ogrodnick.pl/word/wp-content/uploads/2020/03/myrica_pensylvanica_zima500-300x213.jpg 300w" sizes="auto, (max-width: 500px) 100vw, 500px" /></figure>
</div>

<div class="wp-block-image">
<figure class="aligncenter size-large"><img loading="lazy" decoding="async" width="500" height="336" src="https://www.ogrodnick.pl/word/wp-content/uploads/2020/03/myrica_pensylvanica_zywoplot500.jpg" alt="" class="wp-image-831" srcset="https://www.ogrodnick.pl/word/wp-content/uploads/2020/03/myrica_pensylvanica_zywoplot500.jpg 500w, https://www.ogrodnick.pl/word/wp-content/uploads/2020/03/myrica_pensylvanica_zywoplot500-300x202.jpg 300w" sizes="auto, (max-width: 500px) 100vw, 500px" /></figure>
</div></div>



<div class="wp-block-column is-layout-flow wp-block-column-is-layout-flow"><div class="wp-block-image">
<figure class="aligncenter size-large"><img loading="lazy" decoding="async" width="500" height="316" src="https://www.ogrodnick.pl/word/wp-content/uploads/2020/03/myrica_pensylvanica_liscie500.jpg" alt="" class="wp-image-827" srcset="https://www.ogrodnick.pl/word/wp-content/uploads/2020/03/myrica_pensylvanica_liscie500.jpg 500w, https://www.ogrodnick.pl/word/wp-content/uploads/2020/03/myrica_pensylvanica_liscie500-300x190.jpg 300w" sizes="auto, (max-width: 500px) 100vw, 500px" /></figure>
</div>

<div class="wp-block-image">
<figure class="aligncenter size-large"><img loading="lazy" decoding="async" width="500" height="335" src="https://www.ogrodnick.pl/word/wp-content/uploads/2020/03/myrica_pensylvanica_szpaler500.jpg" alt="" class="wp-image-829" srcset="https://www.ogrodnick.pl/word/wp-content/uploads/2020/03/myrica_pensylvanica_szpaler500.jpg 500w, https://www.ogrodnick.pl/word/wp-content/uploads/2020/03/myrica_pensylvanica_szpaler500-300x201.jpg 300w" sizes="auto, (max-width: 500px) 100vw, 500px" /></figure>
</div></div>
</div>

<p>Woskownica pensylwańska (Myrica pensylvanica, Norella pensylwanica) rośnie na wschodzie Stanów Zjednoczonych, głównie w wąskim pasie nad Atlantykiem i w rejonie jeziora Eire. OPIS:&nbsp;&nbsp;&nbsp;Woskownica pensylwańska w naturze jest krzewem osiągającym zwykle półtora do czterech metrów wysokości. Na mokrych glebach czasem tworzy kolonie &#8211; rozprzestrzenia się przy pomocy odrostów korzeniowych.&nbsp;&nbsp;&nbsp;&nbsp;Lśniące, skórzaste liście bardzo długo utrzymujące się na gałązkach ( [&hellip;]</p>
