{"id":441,"date":"2020-03-14T11:44:39","date_gmt":"2020-03-14T11:44:39","guid":{"rendered":"http:\/\/www.ogrodnick.pl\/word\/?page_id=441"},"modified":"2020-03-21T15:03:59","modified_gmt":"2020-03-21T15:03:59","slug":"osnieza-karolinska-halesia-carolina","status":"publish","type":"page","link":"https:\/\/www.ogrodnick.pl\/word\/osnieza-karolinska-halesia-carolina\/","title":{"rendered":"O\u015bnie\u017ca karoli\u0144ska (Halesia carolina)"},"content":{"rendered":"\n<div class=\"wp-block-group alignfull\"><div class=\"wp-block-group__inner-container is-layout-flow wp-block-group-is-layout-flow\">\n<p>O\u015bnie\u017ca karoli\u0144ska&nbsp;<em>(Halesia carolina)<\/em>&nbsp; pochodzi z wschodniej cz\u0119\u015bci Stan\u00f3w Zjednoczonych.<\/p>\n<\/div><\/div>\n\n\n\n<div class=\"wp-block-columns alignfull is-layout-flex wp-container-core-columns-is-layout-9d6595d7 wp-block-columns-is-layout-flex\">\n<div class=\"wp-block-column is-layout-flow wp-block-column-is-layout-flow\">\n<p><strong>OPIS:<br><\/strong>&nbsp;&nbsp;&nbsp;O\u015bnie\u017ca to wysoki krzew, czasem ma\u0142e drzewko &#8211; zwykle nisko rozga\u0142\u0119zione.&nbsp;<br>&nbsp;&nbsp;&nbsp;Gdyby by\u0142a efektem krzy\u017cowania albo in\u017cynierii genetycznej, to jaka\u015b wielka firma by j\u0105 opatentowa\u0142a i pisano by o niej w poczytnych gazetach. Jako \u017ce jest ca\u0142kowicie naturalna i nie mo\u017cna jej zaw\u0142aszczy\u0107, pozostaje prawie nieznana.<br>&nbsp;&nbsp;&nbsp; Najwi\u0119ksz\u0105 jej ozdob\u0105 s\u0105 pachn\u0105ce p\u00f3\u0142toracentymetrowe dzwonkowate kwiatki. W ko\u0144cu kwietnia i w maju, z g\u0119sto obwieszonymi ga\u0142\u0105zkami wygl\u0105da przepi\u0119knie!. Cz\u0119sto kwitn\u0105 ju\u017c niewiele ponad metrowej wysoko\u015bci krzewy.&nbsp;<br>&nbsp;&nbsp;&nbsp;Jesieni\u0105 li\u015bcie o\u015bnie\u017cy \u017c\u00f3\u0142kn\u0105, interesuj\u0105co wygl\u0105daj\u0105 pozostaj\u0105ce po ich opadni\u0119ciu zwykle bardzo liczne oskrzylone owoce (mo\u017cna je \u017cu\u0107 &#8211; maj\u0105 przyjemny, kwaskowy smak).<\/p>\n<\/div>\n\n\n\n<div class=\"wp-block-column is-layout-flow wp-block-column-is-layout-flow\">\n<div class=\"wp-block-image\"><figure class=\"aligncenter size-large\"><img loading=\"lazy\" decoding=\"async\" width=\"500\" height=\"330\" src=\"https:\/\/www.ogrodnick.pl\/word\/wp-content\/uploads\/2020\/03\/halesia_carolina_jesien.jpg\" alt=\"\" class=\"wp-image-772\" srcset=\"https:\/\/www.ogrodnick.pl\/word\/wp-content\/uploads\/2020\/03\/halesia_carolina_jesien.jpg 500w, https:\/\/www.ogrodnick.pl\/word\/wp-content\/uploads\/2020\/03\/halesia_carolina_jesien-300x198.jpg 300w\" sizes=\"auto, (max-width: 500px) 100vw, 500px\" \/><\/figure><\/div>\n<\/div>\n<\/div>\n\n\n\n<div class=\"wp-block-columns alignfull is-layout-flex wp-container-core-columns-is-layout-9d6595d7 wp-block-columns-is-layout-flex\">\n<div class=\"wp-block-column is-layout-flow wp-block-column-is-layout-flow\">\n<p><strong>UPRAWA:<\/strong>&nbsp;<br>&nbsp;&nbsp;&nbsp;Doros\u0142e o\u015bnie\u017ce s\u0105 zupe\u0142nie odporne na mrozy. Najlepiej rosn\u0105 i kwitn\u0105 na stanowiskach s\u0142onecznych lub lekko ocieninych, wymagaj\u0105 gleb przepuszczalnych i lekko kwa\u015bnych. Wolne od chor\u00f3b i szkodnik\u00f3w.&nbsp;<br>&nbsp;&nbsp;&nbsp;Po posadzeniu nale\u017cy uwa\u017ca\u0107 aby &#8222;nie przedobrzy\u0107&#8221; z nawo\u017ceniem &#8211; o\u015bnie\u017ce \u017ale znosz\u0105 nadmiar azotu. W pierwszym roku warto je nieco zasili\u0107 jedynie fosforem (stymuluje wzrost korzeni).<\/p>\n<\/div>\n\n\n\n<div class=\"wp-block-column is-layout-flow wp-block-column-is-layout-flow\">\n<div class=\"wp-block-image\"><figure class=\"aligncenter size-large\"><img loading=\"lazy\" decoding=\"async\" width=\"500\" height=\"407\" src=\"https:\/\/www.ogrodnick.pl\/word\/wp-content\/uploads\/2020\/03\/halesia_carolina_kwitnacagalazka.jpg\" alt=\"\" class=\"wp-image-774\" srcset=\"https:\/\/www.ogrodnick.pl\/word\/wp-content\/uploads\/2020\/03\/halesia_carolina_kwitnacagalazka.jpg 500w, https:\/\/www.ogrodnick.pl\/word\/wp-content\/uploads\/2020\/03\/halesia_carolina_kwitnacagalazka-300x244.jpg 300w\" sizes=\"auto, (max-width: 500px) 100vw, 500px\" \/><\/figure><\/div>\n<\/div>\n<\/div>\n\n\n\n<div class=\"wp-block-image\"><figure class=\"aligncenter size-large\"><img loading=\"lazy\" decoding=\"async\" width=\"500\" height=\"386\" src=\"https:\/\/www.ogrodnick.pl\/word\/wp-content\/uploads\/2020\/03\/halesia_carolina_galazka_owoce.jpg\" alt=\"\" class=\"wp-image-771\" srcset=\"https:\/\/www.ogrodnick.pl\/word\/wp-content\/uploads\/2020\/03\/halesia_carolina_galazka_owoce.jpg 500w, https:\/\/www.ogrodnick.pl\/word\/wp-content\/uploads\/2020\/03\/halesia_carolina_galazka_owoce-300x232.jpg 300w\" sizes=\"auto, (max-width: 500px) 100vw, 500px\" \/><\/figure><\/div>\n","protected":false},"excerpt":{"rendered":"<p>O\u015bnie\u017ca karoli\u0144ska&nbsp;(Halesia carolina)&nbsp; pochodzi z wschodniej cz\u0119\u015bci Stan\u00f3w Zjednoczonych. OPIS:&nbsp;&nbsp;&nbsp;O\u015bnie\u017ca to wysoki krzew, czasem ma\u0142e drzewko &#8211; zwykle nisko rozga\u0142\u0119zione.&nbsp;&nbsp;&nbsp;&nbsp;Gdyby by\u0142a efektem krzy\u017cowania albo in\u017cynierii genetycznej, to jaka\u015b wielka firma by j\u0105 opatentowa\u0142a i pisano by o niej w poczytnych gazetach. Jako \u017ce jest ca\u0142kowicie naturalna i nie mo\u017cna jej zaw\u0142aszczy\u0107, pozostaje prawie nieznana.&nbsp;&nbsp;&nbsp; Najwi\u0119ksz\u0105 [&hellip;]<\/p>\n","protected":false},"author":1,"featured_media":0,"parent":0,"menu_order":0,"comment_status":"closed","ping_status":"closed","template":"","meta":{"footnotes":""},"class_list":["post-441","page","type-page","status-publish","hentry"],"_links":{"self":[{"href":"https:\/\/www.ogrodnick.pl\/word\/wp-json\/wp\/v2\/pages\/441","targetHints":{"allow":["GET"]}}],"collection":[{"href":"https:\/\/www.ogrodnick.pl\/word\/wp-json\/wp\/v2\/pages"}],"about":[{"href":"https:\/\/www.ogrodnick.pl\/word\/wp-json\/wp\/v2\/types\/page"}],"author":[{"embeddable":true,"href":"https:\/\/www.ogrodnick.pl\/word\/wp-json\/wp\/v2\/users\/1"}],"replies":[{"embeddable":true,"href":"https:\/\/www.ogrodnick.pl\/word\/wp-json\/wp\/v2\/comments?post=441"}],"version-history":[{"count":2,"href":"https:\/\/www.ogrodnick.pl\/word\/wp-json\/wp\/v2\/pages\/441\/revisions"}],"predecessor-version":[{"id":1081,"href":"https:\/\/www.ogrodnick.pl\/word\/wp-json\/wp\/v2\/pages\/441\/revisions\/1081"}],"wp:attachment":[{"href":"https:\/\/www.ogrodnick.pl\/word\/wp-json\/wp\/v2\/media?parent=441"}],"curies":[{"name":"wp","href":"https:\/\/api.w.org\/{rel}","templated":true}]}}

Ośnieża karolińska (Halesia carolina)

<div class="wp-block-group alignfull"><div class="wp-block-group__inner-container is-layout-flow wp-block-group-is-layout-flow">
<p>Ośnieża karolińska&nbsp;<em>(Halesia carolina)</em>&nbsp; pochodzi z wschodniej części Stanów Zjednoczonych.</p>
</div></div>



<div class="wp-block-columns alignfull is-layout-flex wp-container-core-columns-is-layout-9d6595d7 wp-block-columns-is-layout-flex">
<div class="wp-block-column is-layout-flow wp-block-column-is-layout-flow">
<p><strong>OPIS:<br></strong>&nbsp;&nbsp;&nbsp;Ośnieża to wysoki krzew, czasem małe drzewko &#8211; zwykle nisko rozgałęzione.&nbsp;<br>&nbsp;&nbsp;&nbsp;Gdyby była efektem krzyżowania albo inżynierii genetycznej, to jakaś wielka firma by ją opatentowała i pisano by o niej w poczytnych gazetach. Jako że jest całkowicie naturalna i nie można jej zawłaszczyć, pozostaje prawie nieznana.<br>&nbsp;&nbsp;&nbsp; Największą jej ozdobą są pachnące półtoracentymetrowe dzwonkowate kwiatki. W końcu kwietnia i w maju, z gęsto obwieszonymi gałązkami wygląda przepięknie!. Często kwitną już niewiele ponad metrowej wysokości krzewy.&nbsp;<br>&nbsp;&nbsp;&nbsp;Jesienią liście ośnieży żółkną, interesująco wyglądają pozostające po ich opadnięciu zwykle bardzo liczne oskrzylone owoce (można je żuć &#8211; mają przyjemny, kwaskowy smak).</p>
</div>



<div class="wp-block-column is-layout-flow wp-block-column-is-layout-flow">
<div class="wp-block-image"><figure class="aligncenter size-large"><img loading="lazy" decoding="async" width="500" height="330" src="https://www.ogrodnick.pl/word/wp-content/uploads/2020/03/halesia_carolina_jesien.jpg" alt="" class="wp-image-772" srcset="https://www.ogrodnick.pl/word/wp-content/uploads/2020/03/halesia_carolina_jesien.jpg 500w, https://www.ogrodnick.pl/word/wp-content/uploads/2020/03/halesia_carolina_jesien-300x198.jpg 300w" sizes="auto, (max-width: 500px) 100vw, 500px" /></figure></div>
</div>
</div>



<div class="wp-block-columns alignfull is-layout-flex wp-container-core-columns-is-layout-9d6595d7 wp-block-columns-is-layout-flex">
<div class="wp-block-column is-layout-flow wp-block-column-is-layout-flow">
<p><strong>UPRAWA:</strong>&nbsp;<br>&nbsp;&nbsp;&nbsp;Dorosłe ośnieże są zupełnie odporne na mrozy. Najlepiej rosną i kwitną na stanowiskach słonecznych lub lekko ocieninych, wymagają gleb przepuszczalnych i lekko kwaśnych. Wolne od chorób i szkodników.&nbsp;<br>&nbsp;&nbsp;&nbsp;Po posadzeniu należy uważać aby &#8222;nie przedobrzyć&#8221; z nawożeniem &#8211; ośnieże źle znoszą nadmiar azotu. W pierwszym roku warto je nieco zasilić jedynie fosforem (stymuluje wzrost korzeni).</p>
</div>



<div class="wp-block-column is-layout-flow wp-block-column-is-layout-flow">
<div class="wp-block-image"><figure class="aligncenter size-large"><img loading="lazy" decoding="async" width="500" height="407" src="https://www.ogrodnick.pl/word/wp-content/uploads/2020/03/halesia_carolina_kwitnacagalazka.jpg" alt="" class="wp-image-774" srcset="https://www.ogrodnick.pl/word/wp-content/uploads/2020/03/halesia_carolina_kwitnacagalazka.jpg 500w, https://www.ogrodnick.pl/word/wp-content/uploads/2020/03/halesia_carolina_kwitnacagalazka-300x244.jpg 300w" sizes="auto, (max-width: 500px) 100vw, 500px" /></figure></div>
</div>
</div>



<div class="wp-block-image"><figure class="aligncenter size-large"><img loading="lazy" decoding="async" width="500" height="386" src="https://www.ogrodnick.pl/word/wp-content/uploads/2020/03/halesia_carolina_galazka_owoce.jpg" alt="" class="wp-image-771" srcset="https://www.ogrodnick.pl/word/wp-content/uploads/2020/03/halesia_carolina_galazka_owoce.jpg 500w, https://www.ogrodnick.pl/word/wp-content/uploads/2020/03/halesia_carolina_galazka_owoce-300x232.jpg 300w" sizes="auto, (max-width: 500px) 100vw, 500px" /></figure></div>

<p>Ośnieża karolińska&nbsp;(Halesia carolina)&nbsp; pochodzi z wschodniej części Stanów Zjednoczonych. OPIS:&nbsp;&nbsp;&nbsp;Ośnieża to wysoki krzew, czasem małe drzewko &#8211; zwykle nisko rozgałęzione.&nbsp;&nbsp;&nbsp;&nbsp;Gdyby była efektem krzyżowania albo inżynierii genetycznej, to jakaś wielka firma by ją opatentowała i pisano by o niej w poczytnych gazetach. Jako że jest całkowicie naturalna i nie można jej zawłaszczyć, pozostaje prawie nieznana.&nbsp;&nbsp;&nbsp; Największą [&hellip;]</p>
