{"id":440,"date":"2020-03-14T11:46:15","date_gmt":"2020-03-14T11:46:15","guid":{"rendered":"http:\/\/www.ogrodnick.pl\/word\/?page_id=440"},"modified":"2020-03-21T15:14:35","modified_gmt":"2020-03-21T15:14:35","slug":"pelnokreznik-roznobarwny-holodiscus-discolor","status":"publish","type":"page","link":"https:\/\/www.ogrodnick.pl\/word\/pelnokreznik-roznobarwny-holodiscus-discolor\/","title":{"rendered":"Pe\u0142nokr\u0119\u017cnik r\u00f3\u017cnobarwny (Holodiscus discolor)"},"content":{"rendered":"\n<div class=\"wp-block-group alignfull\"><div class=\"wp-block-group__inner-container is-layout-flow wp-block-group-is-layout-flow\">\n<p>Pe\u0142nokr\u0119\u017cnik r\u00f3\u017cnobarwny&nbsp;(<em>Holodiscus discolor<\/em>)&nbsp;(cz\u0119sto spotykana nazwa &#8222;Pustokr\u0119\u017cnik r\u00f3\u017cnobarwny&#8221; to b\u0142\u0119dne t\u0142umaczenie nazwy \u0142aci\u0144skiej) wyst\u0119puje w zachodniej cz\u0119\u015bci Stan\u00f3w Zjednoczonych i Kanady.<\/p>\n<\/div><\/div>\n\n\n\n<div class=\"wp-block-columns alignfull is-layout-flex wp-container-core-columns-is-layout-9d6595d7 wp-block-columns-is-layout-flex\">\n<div class=\"wp-block-column is-layout-flow wp-block-column-is-layout-flow\">\n<p><strong>OPIS:<br><\/strong>&nbsp;&nbsp;&nbsp;W ojczy\u017anie osi\u0105ga 4-5 metr\u00f3w, w Polsce najwy\u017cej 2 do 3 przy takiej samej szeroko\u015bci.<br>&nbsp;&nbsp;&nbsp; Kwitnie w czerwcu i lipcu, drobne jasnokremowe lub lekko zaczerwienione kwiatki zebrane s\u0105 w wiechy o d\u0142ugo\u015bci do 25 cm.&nbsp;<br>&nbsp;&nbsp;&nbsp;Krzew do eksponowania. Z ga\u0142\u0105zkami \u0142ukowato wygi\u0119tymi pod ci\u0119\u017carem kwiat\u00f3w wygl\u0105da bardzo &#8222;elegancko&#8221;.<\/p>\n<\/div>\n\n\n\n<div class=\"wp-block-column is-layout-flow wp-block-column-is-layout-flow\">\n<div class=\"wp-block-image\"><figure class=\"aligncenter size-large\"><img loading=\"lazy\" decoding=\"async\" width=\"500\" height=\"362\" src=\"https:\/\/www.ogrodnick.pl\/word\/wp-content\/uploads\/2020\/03\/holodiscus_discolor_krzew.jpg\" alt=\"\" class=\"wp-image-775\" srcset=\"https:\/\/www.ogrodnick.pl\/word\/wp-content\/uploads\/2020\/03\/holodiscus_discolor_krzew.jpg 500w, https:\/\/www.ogrodnick.pl\/word\/wp-content\/uploads\/2020\/03\/holodiscus_discolor_krzew-300x217.jpg 300w\" sizes=\"auto, (max-width: 500px) 100vw, 500px\" \/><\/figure><\/div>\n<\/div>\n<\/div>\n\n\n\n<div class=\"wp-block-columns alignfull is-layout-flex wp-container-core-columns-is-layout-9d6595d7 wp-block-columns-is-layout-flex\">\n<div class=\"wp-block-column is-layout-flow wp-block-column-is-layout-flow\">\n<p><strong>UPRAWA:<\/strong><br>&nbsp;&nbsp;&nbsp;Niewymagaj\u0105cy co do gleby, wytrzyma\u0142y na mrozy &#8211; mo\u017ce podmarza\u0107 podczas surowych zim, ale i tak dobrze jest go co kilka lat przyci\u0105\u0107.&nbsp;<br>&nbsp;&nbsp;&nbsp; Dobrze ro\u015bnie ocieniony, jednak najlepiej kwitnie na stanowiskach s\u0142onecznych.<\/p>\n<\/div>\n\n\n\n<div class=\"wp-block-column is-layout-flow wp-block-column-is-layout-flow\">\n<div class=\"wp-block-image\"><figure class=\"aligncenter size-large\"><img loading=\"lazy\" decoding=\"async\" width=\"500\" height=\"406\" src=\"https:\/\/www.ogrodnick.pl\/word\/wp-content\/uploads\/2020\/03\/holodiscus_discolor_kwiatostan.jpg\" alt=\"\" class=\"wp-image-776\" srcset=\"https:\/\/www.ogrodnick.pl\/word\/wp-content\/uploads\/2020\/03\/holodiscus_discolor_kwiatostan.jpg 500w, https:\/\/www.ogrodnick.pl\/word\/wp-content\/uploads\/2020\/03\/holodiscus_discolor_kwiatostan-300x244.jpg 300w\" sizes=\"auto, (max-width: 500px) 100vw, 500px\" \/><\/figure><\/div>\n<\/div>\n<\/div>\n\n\n","protected":false},"excerpt":{"rendered":"<p>Pe\u0142nokr\u0119\u017cnik r\u00f3\u017cnobarwny&nbsp;(Holodiscus discolor)&nbsp;(cz\u0119sto spotykana nazwa &#8222;Pustokr\u0119\u017cnik r\u00f3\u017cnobarwny&#8221; to b\u0142\u0119dne t\u0142umaczenie nazwy \u0142aci\u0144skiej) wyst\u0119puje w zachodniej cz\u0119\u015bci Stan\u00f3w Zjednoczonych i Kanady. OPIS:&nbsp;&nbsp;&nbsp;W ojczy\u017anie osi\u0105ga 4-5 metr\u00f3w, w Polsce najwy\u017cej 2 do 3 przy takiej samej szeroko\u015bci.&nbsp;&nbsp;&nbsp; Kwitnie w czerwcu i lipcu, drobne jasnokremowe lub lekko zaczerwienione kwiatki zebrane s\u0105 w wiechy o d\u0142ugo\u015bci do 25 cm.&nbsp;&nbsp;&nbsp;&nbsp;Krzew [&hellip;]<\/p>\n","protected":false},"author":1,"featured_media":0,"parent":0,"menu_order":0,"comment_status":"closed","ping_status":"closed","template":"","meta":{"footnotes":""},"class_list":["post-440","page","type-page","status-publish","hentry"],"_links":{"self":[{"href":"https:\/\/www.ogrodnick.pl\/word\/wp-json\/wp\/v2\/pages\/440","targetHints":{"allow":["GET"]}}],"collection":[{"href":"https:\/\/www.ogrodnick.pl\/word\/wp-json\/wp\/v2\/pages"}],"about":[{"href":"https:\/\/www.ogrodnick.pl\/word\/wp-json\/wp\/v2\/types\/page"}],"author":[{"embeddable":true,"href":"https:\/\/www.ogrodnick.pl\/word\/wp-json\/wp\/v2\/users\/1"}],"replies":[{"embeddable":true,"href":"https:\/\/www.ogrodnick.pl\/word\/wp-json\/wp\/v2\/comments?post=440"}],"version-history":[{"count":2,"href":"https:\/\/www.ogrodnick.pl\/word\/wp-json\/wp\/v2\/pages\/440\/revisions"}],"predecessor-version":[{"id":1088,"href":"https:\/\/www.ogrodnick.pl\/word\/wp-json\/wp\/v2\/pages\/440\/revisions\/1088"}],"wp:attachment":[{"href":"https:\/\/www.ogrodnick.pl\/word\/wp-json\/wp\/v2\/media?parent=440"}],"curies":[{"name":"wp","href":"https:\/\/api.w.org\/{rel}","templated":true}]}}

Pełnokrężnik różnobarwny (Holodiscus discolor)

<div class="wp-block-group alignfull"><div class="wp-block-group__inner-container is-layout-flow wp-block-group-is-layout-flow">
<p>Pełnokrężnik różnobarwny&nbsp;(<em>Holodiscus discolor</em>)&nbsp;(często spotykana nazwa &#8222;Pustokrężnik różnobarwny&#8221; to błędne tłumaczenie nazwy łacińskiej) występuje w zachodniej części Stanów Zjednoczonych i Kanady.</p>
</div></div>



<div class="wp-block-columns alignfull is-layout-flex wp-container-core-columns-is-layout-9d6595d7 wp-block-columns-is-layout-flex">
<div class="wp-block-column is-layout-flow wp-block-column-is-layout-flow">
<p><strong>OPIS:<br></strong>&nbsp;&nbsp;&nbsp;W ojczyźnie osiąga 4-5 metrów, w Polsce najwyżej 2 do 3 przy takiej samej szerokości.<br>&nbsp;&nbsp;&nbsp; Kwitnie w czerwcu i lipcu, drobne jasnokremowe lub lekko zaczerwienione kwiatki zebrane są w wiechy o długości do 25 cm.&nbsp;<br>&nbsp;&nbsp;&nbsp;Krzew do eksponowania. Z gałązkami łukowato wygiętymi pod ciężarem kwiatów wygląda bardzo &#8222;elegancko&#8221;.</p>
</div>



<div class="wp-block-column is-layout-flow wp-block-column-is-layout-flow">
<div class="wp-block-image"><figure class="aligncenter size-large"><img loading="lazy" decoding="async" width="500" height="362" src="https://www.ogrodnick.pl/word/wp-content/uploads/2020/03/holodiscus_discolor_krzew.jpg" alt="" class="wp-image-775" srcset="https://www.ogrodnick.pl/word/wp-content/uploads/2020/03/holodiscus_discolor_krzew.jpg 500w, https://www.ogrodnick.pl/word/wp-content/uploads/2020/03/holodiscus_discolor_krzew-300x217.jpg 300w" sizes="auto, (max-width: 500px) 100vw, 500px" /></figure></div>
</div>
</div>



<div class="wp-block-columns alignfull is-layout-flex wp-container-core-columns-is-layout-9d6595d7 wp-block-columns-is-layout-flex">
<div class="wp-block-column is-layout-flow wp-block-column-is-layout-flow">
<p><strong>UPRAWA:</strong><br>&nbsp;&nbsp;&nbsp;Niewymagający co do gleby, wytrzymały na mrozy &#8211; może podmarzać podczas surowych zim, ale i tak dobrze jest go co kilka lat przyciąć.&nbsp;<br>&nbsp;&nbsp;&nbsp; Dobrze rośnie ocieniony, jednak najlepiej kwitnie na stanowiskach słonecznych.</p>
</div>



<div class="wp-block-column is-layout-flow wp-block-column-is-layout-flow">
<div class="wp-block-image"><figure class="aligncenter size-large"><img loading="lazy" decoding="async" width="500" height="406" src="https://www.ogrodnick.pl/word/wp-content/uploads/2020/03/holodiscus_discolor_kwiatostan.jpg" alt="" class="wp-image-776" srcset="https://www.ogrodnick.pl/word/wp-content/uploads/2020/03/holodiscus_discolor_kwiatostan.jpg 500w, https://www.ogrodnick.pl/word/wp-content/uploads/2020/03/holodiscus_discolor_kwiatostan-300x244.jpg 300w" sizes="auto, (max-width: 500px) 100vw, 500px" /></figure></div>
</div>
</div>

<p>Pełnokrężnik różnobarwny&nbsp;(Holodiscus discolor)&nbsp;(często spotykana nazwa &#8222;Pustokrężnik różnobarwny&#8221; to błędne tłumaczenie nazwy łacińskiej) występuje w zachodniej części Stanów Zjednoczonych i Kanady. OPIS:&nbsp;&nbsp;&nbsp;W ojczyźnie osiąga 4-5 metrów, w Polsce najwyżej 2 do 3 przy takiej samej szerokości.&nbsp;&nbsp;&nbsp; Kwitnie w czerwcu i lipcu, drobne jasnokremowe lub lekko zaczerwienione kwiatki zebrane są w wiechy o długości do 25 cm.&nbsp;&nbsp;&nbsp;&nbsp;Krzew [&hellip;]</p>
