{"id":438,"date":"2020-03-14T11:49:22","date_gmt":"2020-03-14T11:49:22","guid":{"rendered":"http:\/\/www.ogrodnick.pl\/word\/?page_id=438"},"modified":"2020-03-21T14:58:38","modified_gmt":"2020-03-21T14:58:38","slug":"orzech-szary-juglans-cinerea","status":"publish","type":"page","link":"https:\/\/www.ogrodnick.pl\/word\/orzech-szary-juglans-cinerea\/","title":{"rendered":"Orzech szary (Juglans cinerea)"},"content":{"rendered":"\n<div class=\"wp-block-group alignfull\"><div class=\"wp-block-group__inner-container is-layout-flow wp-block-group-is-layout-flow\">\n<p>Orzech szary&nbsp;<em>(Juglans cinerea)<\/em>&nbsp;ro\u015bnie we wschodniej cz\u0119\u015bci Stan\u00f3w Zjednoczonych.<\/p>\n<\/div><\/div>\n\n\n\n<div class=\"wp-block-columns alignfull is-layout-flex wp-container-core-columns-is-layout-9d6595d7 wp-block-columns-is-layout-flex\">\n<div class=\"wp-block-column is-layout-flow wp-block-column-is-layout-flow\">\n<p><strong>OPIS:<br><\/strong>&nbsp;&nbsp;&nbsp;Orzech szary uznawany jest za najszybciej rosn\u0105ce drzewo ze wszystkich jakie mo\u017cna bez zastrze\u017ce\u0144 uprawia\u0107 w Polsce. W lasach osi\u0105ga 25 metr\u00f3w wysoko\u015bci, swobodnie rosn\u0105cy jest ni\u017cszy, pokr\u00f3j ma zupe\u0142nie inny ni\u017c jego bliski, bardziej znany kuzyn orzech czarny&nbsp;<em>(Juglans nigra)<\/em>. Orzech szary rosn\u0105cy na s\u0142onecznym stanowisku zwykle ma kr\u00f3tki pie\u0144 i szerok\u0105, g\u0119st\u0105, kulist\u0105 koron\u0119. Jego bardzo du\u017ce li\u015bcie (nawet do 70 cm. d\u0142ugo\u015bci) z\u0142o\u017cone s\u0105 z 11-19 listk\u00f3w.&nbsp;<br>&nbsp;&nbsp;&nbsp;W swojej ojczy\u017anie jego odmiany s\u0105 uprawiane jako drzewa owocowe, jest ameryka\u0144skim odpowiednikiem europejskiego orzecha w\u0142oskiego. Owoce wyd\u0142u\u017cone do 7 cm. skupione po kilka sztuk, skorupy orzech\u00f3w twarde i grube &#8211; u odmian uprawnych cie\u0144sze. Cz\u0119\u015b\u0107 jadalna t\u0142usta, smaczna. Jako sk\u0142adnik diety owoce orzecha szarego powoduj\u0105 spadek poziomu cholesterolu.&nbsp;<br>&nbsp;&nbsp;&nbsp;Owocowa\u0107 zaczynaj\u0105 ju\u017c m\u0142ode, 5-8 letnie drzewa.&nbsp;<br>&nbsp;&nbsp;&nbsp; W medycynie s\u0105 stosowane r\u00f3wnie\u017c inne cz\u0119\u015bci (kora, okrywy owoc\u00f3w, li\u015bcie).<br>&nbsp;&nbsp;&nbsp;Drewno bardzo cenione, u\u017cywane przede wszystkim do wyrobu mebli.<\/p>\n<\/div>\n\n\n\n<div class=\"wp-block-column is-layout-flow wp-block-column-is-layout-flow\">\n<div class=\"wp-block-image\"><figure class=\"aligncenter size-large\"><img loading=\"lazy\" decoding=\"async\" width=\"495\" height=\"398\" src=\"https:\/\/www.ogrodnick.pl\/word\/wp-content\/uploads\/2020\/03\/juglans_cinerea_drzewo.jpg\" alt=\"\" class=\"wp-image-787\" srcset=\"https:\/\/www.ogrodnick.pl\/word\/wp-content\/uploads\/2020\/03\/juglans_cinerea_drzewo.jpg 495w, https:\/\/www.ogrodnick.pl\/word\/wp-content\/uploads\/2020\/03\/juglans_cinerea_drzewo-300x241.jpg 300w\" sizes=\"auto, (max-width: 495px) 100vw, 495px\" \/><\/figure><\/div>\n<\/div>\n<\/div>\n\n\n\n<div class=\"wp-block-columns alignfull is-layout-flex wp-container-core-columns-is-layout-9d6595d7 wp-block-columns-is-layout-flex\">\n<div class=\"wp-block-column is-layout-flow wp-block-column-is-layout-flow\">\n<p><strong>UPRAWA:<br><\/strong>&nbsp;&nbsp;&nbsp;Zupe\u0142nie odporny na mrozy w ca\u0142ym kraju. Mo\u017ce rosn\u0105\u0107 na niemal ka\u017cdej glebie (niezbyt lubi ci\u0119\u017ckie gliny), na dobrych glebach&nbsp;ro\u015bnie niezwykle szybko&nbsp;.&nbsp;<br>&nbsp;&nbsp;&nbsp;Pi\u0119kn\u0105, regularn\u0105 koron\u0119 maj\u0105 orzechy szare rosn\u0105ce na stanowiskach s\u0142onecznych.<br>&nbsp;&nbsp;&nbsp;Nie lubi ci\u0119cia &#8211; je\u015bli trzeba, to nale\u017cy go przycina\u0107 zim\u0105 lub w pe\u0142ni wegetacji. Nie nale\u017cy ci\u0105\u0107 wiosn\u0105 &#8211; &#8222;p\u0142acze&#8221;.&nbsp;<br>&nbsp;&nbsp;&nbsp;\u0179le znosi przesadzanie.<\/p>\n<\/div>\n\n\n\n<div class=\"wp-block-column is-layout-flow wp-block-column-is-layout-flow\">\n<div class=\"wp-block-image\"><figure class=\"aligncenter size-large\"><img loading=\"lazy\" decoding=\"async\" width=\"496\" height=\"368\" src=\"https:\/\/www.ogrodnick.pl\/word\/wp-content\/uploads\/2020\/03\/juglans_cinerea_skorupa.jpg\" alt=\"\" class=\"wp-image-789\" srcset=\"https:\/\/www.ogrodnick.pl\/word\/wp-content\/uploads\/2020\/03\/juglans_cinerea_skorupa.jpg 496w, https:\/\/www.ogrodnick.pl\/word\/wp-content\/uploads\/2020\/03\/juglans_cinerea_skorupa-300x223.jpg 300w\" sizes=\"auto, (max-width: 496px) 100vw, 496px\" \/><\/figure><\/div>\n<\/div>\n<\/div>\n\n\n\n<div class=\"wp-block-image\"><figure class=\"aligncenter size-large\"><img loading=\"lazy\" decoding=\"async\" width=\"500\" height=\"463\" src=\"https:\/\/www.ogrodnick.pl\/word\/wp-content\/uploads\/2020\/03\/juglans_cinerea_owoce.jpg\" alt=\"\" class=\"wp-image-788\" srcset=\"https:\/\/www.ogrodnick.pl\/word\/wp-content\/uploads\/2020\/03\/juglans_cinerea_owoce.jpg 500w, https:\/\/www.ogrodnick.pl\/word\/wp-content\/uploads\/2020\/03\/juglans_cinerea_owoce-300x278.jpg 300w\" sizes=\"auto, (max-width: 500px) 100vw, 500px\" \/><\/figure><\/div>\n\n\n\n<p><\/p>\n","protected":false},"excerpt":{"rendered":"<p>Orzech szary&nbsp;(Juglans cinerea)&nbsp;ro\u015bnie we wschodniej cz\u0119\u015bci Stan\u00f3w Zjednoczonych. OPIS:&nbsp;&nbsp;&nbsp;Orzech szary uznawany jest za najszybciej rosn\u0105ce drzewo ze wszystkich jakie mo\u017cna bez zastrze\u017ce\u0144 uprawia\u0107 w Polsce. W lasach osi\u0105ga 25 metr\u00f3w wysoko\u015bci, swobodnie rosn\u0105cy jest ni\u017cszy, pokr\u00f3j ma zupe\u0142nie inny ni\u017c jego bliski, bardziej znany kuzyn orzech czarny&nbsp;(Juglans nigra). Orzech szary rosn\u0105cy na s\u0142onecznym stanowisku zwykle [&hellip;]<\/p>\n","protected":false},"author":1,"featured_media":0,"parent":0,"menu_order":0,"comment_status":"closed","ping_status":"closed","template":"","meta":{"footnotes":""},"class_list":["post-438","page","type-page","status-publish","hentry"],"_links":{"self":[{"href":"https:\/\/www.ogrodnick.pl\/word\/wp-json\/wp\/v2\/pages\/438","targetHints":{"allow":["GET"]}}],"collection":[{"href":"https:\/\/www.ogrodnick.pl\/word\/wp-json\/wp\/v2\/pages"}],"about":[{"href":"https:\/\/www.ogrodnick.pl\/word\/wp-json\/wp\/v2\/types\/page"}],"author":[{"embeddable":true,"href":"https:\/\/www.ogrodnick.pl\/word\/wp-json\/wp\/v2\/users\/1"}],"replies":[{"embeddable":true,"href":"https:\/\/www.ogrodnick.pl\/word\/wp-json\/wp\/v2\/comments?post=438"}],"version-history":[{"count":2,"href":"https:\/\/www.ogrodnick.pl\/word\/wp-json\/wp\/v2\/pages\/438\/revisions"}],"predecessor-version":[{"id":1077,"href":"https:\/\/www.ogrodnick.pl\/word\/wp-json\/wp\/v2\/pages\/438\/revisions\/1077"}],"wp:attachment":[{"href":"https:\/\/www.ogrodnick.pl\/word\/wp-json\/wp\/v2\/media?parent=438"}],"curies":[{"name":"wp","href":"https:\/\/api.w.org\/{rel}","templated":true}]}}

<div class="wp-block-group alignfull"><div class="wp-block-group__inner-container is-layout-flow wp-block-group-is-layout-flow">
<p>Orzech szary&nbsp;<em>(Juglans cinerea)</em>&nbsp;rośnie we wschodniej części Stanów Zjednoczonych.</p>
</div></div>



<div class="wp-block-columns alignfull is-layout-flex wp-container-core-columns-is-layout-9d6595d7 wp-block-columns-is-layout-flex">
<div class="wp-block-column is-layout-flow wp-block-column-is-layout-flow">
<p><strong>OPIS:<br></strong>&nbsp;&nbsp;&nbsp;Orzech szary uznawany jest za najszybciej rosnące drzewo ze wszystkich jakie można bez zastrzeżeń uprawiać w Polsce. W lasach osiąga 25 metrów wysokości, swobodnie rosnący jest niższy, pokrój ma zupełnie inny niż jego bliski, bardziej znany kuzyn orzech czarny&nbsp;<em>(Juglans nigra)</em>. Orzech szary rosnący na słonecznym stanowisku zwykle ma krótki pień i szeroką, gęstą, kulistą koronę. Jego bardzo duże liście (nawet do 70 cm. długości) złożone są z 11-19 listków.&nbsp;<br>&nbsp;&nbsp;&nbsp;W swojej ojczyźnie jego odmiany są uprawiane jako drzewa owocowe, jest amerykańskim odpowiednikiem europejskiego orzecha włoskiego. Owoce wydłużone do 7 cm. skupione po kilka sztuk, skorupy orzechów twarde i grube &#8211; u odmian uprawnych cieńsze. Część jadalna tłusta, smaczna. Jako składnik diety owoce orzecha szarego powodują spadek poziomu cholesterolu.&nbsp;<br>&nbsp;&nbsp;&nbsp;Owocować zaczynają już młode, 5-8 letnie drzewa.&nbsp;<br>&nbsp;&nbsp;&nbsp; W medycynie są stosowane również inne części (kora, okrywy owoców, liście).<br>&nbsp;&nbsp;&nbsp;Drewno bardzo cenione, używane przede wszystkim do wyrobu mebli.</p>
</div>



<div class="wp-block-column is-layout-flow wp-block-column-is-layout-flow">
<div class="wp-block-image"><figure class="aligncenter size-large"><img loading="lazy" decoding="async" width="495" height="398" src="https://www.ogrodnick.pl/word/wp-content/uploads/2020/03/juglans_cinerea_drzewo.jpg" alt="" class="wp-image-787" srcset="https://www.ogrodnick.pl/word/wp-content/uploads/2020/03/juglans_cinerea_drzewo.jpg 495w, https://www.ogrodnick.pl/word/wp-content/uploads/2020/03/juglans_cinerea_drzewo-300x241.jpg 300w" sizes="auto, (max-width: 495px) 100vw, 495px" /></figure></div>
</div>
</div>



<div class="wp-block-columns alignfull is-layout-flex wp-container-core-columns-is-layout-9d6595d7 wp-block-columns-is-layout-flex">
<div class="wp-block-column is-layout-flow wp-block-column-is-layout-flow">
<p><strong>UPRAWA:<br></strong>&nbsp;&nbsp;&nbsp;Zupełnie odporny na mrozy w całym kraju. Może rosnąć na niemal każdej glebie (niezbyt lubi ciężkie gliny), na dobrych glebach&nbsp;rośnie niezwykle szybko&nbsp;.&nbsp;<br>&nbsp;&nbsp;&nbsp;Piękną, regularną koronę mają orzechy szare rosnące na stanowiskach słonecznych.<br>&nbsp;&nbsp;&nbsp;Nie lubi cięcia &#8211; jeśli trzeba, to należy go przycinać zimą lub w pełni wegetacji. Nie należy ciąć wiosną &#8211; &#8222;płacze&#8221;.&nbsp;<br>&nbsp;&nbsp;&nbsp;Źle znosi przesadzanie.</p>
</div>



<div class="wp-block-column is-layout-flow wp-block-column-is-layout-flow">
<div class="wp-block-image"><figure class="aligncenter size-large"><img loading="lazy" decoding="async" width="496" height="368" src="https://www.ogrodnick.pl/word/wp-content/uploads/2020/03/juglans_cinerea_skorupa.jpg" alt="" class="wp-image-789" srcset="https://www.ogrodnick.pl/word/wp-content/uploads/2020/03/juglans_cinerea_skorupa.jpg 496w, https://www.ogrodnick.pl/word/wp-content/uploads/2020/03/juglans_cinerea_skorupa-300x223.jpg 300w" sizes="auto, (max-width: 496px) 100vw, 496px" /></figure></div>
</div>
</div>



<div class="wp-block-image"><figure class="aligncenter size-large"><img loading="lazy" decoding="async" width="500" height="463" src="https://www.ogrodnick.pl/word/wp-content/uploads/2020/03/juglans_cinerea_owoce.jpg" alt="" class="wp-image-788" srcset="https://www.ogrodnick.pl/word/wp-content/uploads/2020/03/juglans_cinerea_owoce.jpg 500w, https://www.ogrodnick.pl/word/wp-content/uploads/2020/03/juglans_cinerea_owoce-300x278.jpg 300w" sizes="auto, (max-width: 500px) 100vw, 500px" /></figure></div>



<p></p>

<p>Orzech szary&nbsp;(Juglans cinerea)&nbsp;rośnie we wschodniej części Stanów Zjednoczonych. OPIS:&nbsp;&nbsp;&nbsp;Orzech szary uznawany jest za najszybciej rosnące drzewo ze wszystkich jakie można bez zastrzeżeń uprawiać w Polsce. W lasach osiąga 25 metrów wysokości, swobodnie rosnący jest niższy, pokrój ma zupełnie inny niż jego bliski, bardziej znany kuzyn orzech czarny&nbsp;(Juglans nigra). Orzech szary rosnący na słonecznym stanowisku zwykle [&hellip;]</p>
