{"id":436,"date":"2020-03-14T11:54:17","date_gmt":"2020-03-14T11:54:17","guid":{"rendered":"http:\/\/www.ogrodnick.pl\/word\/?page_id=436"},"modified":"2020-03-21T14:44:36","modified_gmt":"2020-03-21T14:44:36","slug":"orzech-czarny-juglans-nigra","status":"publish","type":"page","link":"https:\/\/www.ogrodnick.pl\/word\/orzech-czarny-juglans-nigra\/","title":{"rendered":"Orzech czarny (Juglans nigra)"},"content":{"rendered":"\n<div class=\"wp-block-group alignfull\"><div class=\"wp-block-group__inner-container is-layout-flow wp-block-group-is-layout-flow\">\n<p>Orzech czarny&nbsp;(<em>Juglans nigra<\/em>)&nbsp;ro\u015bnie we wschodniej cz\u0119\u015bci Stan\u00f3w Zjednoczonych.<\/p>\n<\/div><\/div>\n\n\n\n<div class=\"wp-block-columns alignfull is-layout-flex wp-container-core-columns-is-layout-9d6595d7 wp-block-columns-is-layout-flex\">\n<div class=\"wp-block-column is-layout-flow wp-block-column-is-layout-flow\">\n<p><strong>OPIS:<br><\/strong>&nbsp;&nbsp;&nbsp; Na dobrych glebach ro\u015bnie szybko , najwi\u0119kszy z orzech\u00f3w. W Ameryce osi\u0105ga 50 metr\u00f3w wysoko\u015bci, w Polsce ponad po\u0142ow\u0119 tego.&nbsp;<br>&nbsp;&nbsp;&nbsp;Orzech czarny jest pi\u0119knym drzewem z wyra\u017anym, d\u0142ugim, prostym pniem pokrytym czarn\u0105 kor\u0105. Drzewa rosn\u0105ce na stanowiskach s\u0142onecznych maj\u0105 regularne korony &#8211; w m\u0142odo\u015bci sto\u017ckowate, potem owalne lub kuliste.&nbsp;<br>&nbsp;&nbsp;&nbsp;Du\u017ce, nawet 60 cm d\u0142ugie li\u015bcie sk\u0142adaj\u0105 si\u0119 z 15-23 listk\u00f3w (najwi\u0119cej spo\u015br\u00f3d wszystkich orzech\u00f3w), s\u0105 bardzo aromatyczne. Intensywnie, przyjemnie pachn\u0105 nie tylko roztarte, ale nawet poruszane wiatrem.&nbsp;<br>&nbsp;&nbsp;&nbsp; Jeszcze silniej pachn\u0105 grube okrywy owoc\u00f3w &#8211; kuliste orzechy maj\u0105 do 6 cm \u015brednicy, opadaj\u0105 zielone p\u00f3\u017ano, cz\u0119sto ju\u017c po opadni\u0119ciu li\u015bci. Owocowa\u0107 zaczynaj\u0105 zwykle oko\u0142o 12-letnie drzewa.&nbsp;<br>Po\u017cytki z orzecha czarnego s\u0105 r\u00f3\u017cne:&nbsp;<br>&#8211; orzechy (to co w \u015brodku) po\u017cywne, t\u0142uste, ale trudno je wyd\u0142uba\u0107 i niezbyt smaczne. Niedojrza\u0142e, ca\u0142e owoce z \u0142upin\u0105 bywaj\u0105 marynowane &#8211; tak, jak to kiedy\u015b robiono z owocami orzecha w\u0142oskiego.&nbsp;<br>&#8211; sok (z drzewa) mo\u017cna pi\u0107 lub zrobi\u0107 syrop &#8211; jak z klonu lub brzozy.&nbsp;<br>&#8211; b. cenne drewno &#8211; z tego powodu niemal zupe\u0142nie wyci\u0119to go w lasach 100 lat temu.&nbsp;<br>&#8211; kora, li\u015bcie i okrywy owoc\u00f3w stosowane w medycynie &#8211; chor\u00f3b lecz\u0105 pewnie p\u00f3\u0142 setki!&nbsp;<br>&#8211; \u017c\u00f3\u0142ty i br\u0105zowy barwnik mo\u017cna z niego uzyska\u0107.&nbsp;<br>&#8211; roztarte li\u015bcie mo\u017cna stosowa\u0107 jako repelent. Wystarczy si\u0119 posmarowa\u0107 i mucha nie siada.&nbsp;<br>&#8211; li\u015bcie dodane do kompostu przyspieszaj\u0105 jego rozk\u0142ad.&nbsp;<\/p>\n<\/div>\n\n\n\n<div class=\"wp-block-column is-layout-flow wp-block-column-is-layout-flow\">\n<div class=\"wp-block-image\"><figure class=\"aligncenter size-large\"><img loading=\"lazy\" decoding=\"async\" width=\"500\" height=\"576\" src=\"https:\/\/www.ogrodnick.pl\/word\/wp-content\/uploads\/2020\/03\/juglans_nigra_mlody_Pulawy.jpg\" alt=\"\" class=\"wp-image-790\" srcset=\"https:\/\/www.ogrodnick.pl\/word\/wp-content\/uploads\/2020\/03\/juglans_nigra_mlody_Pulawy.jpg 500w, https:\/\/www.ogrodnick.pl\/word\/wp-content\/uploads\/2020\/03\/juglans_nigra_mlody_Pulawy-260x300.jpg 260w\" sizes=\"auto, (max-width: 500px) 100vw, 500px\" \/><\/figure><\/div>\n<\/div>\n<\/div>\n\n\n\n<div class=\"wp-block-columns alignfull is-layout-flex wp-container-core-columns-is-layout-9d6595d7 wp-block-columns-is-layout-flex\">\n<div class=\"wp-block-column is-layout-flow wp-block-column-is-layout-flow\">\n<p><strong>UPRAWA:<\/strong>&nbsp;<br>&nbsp;&nbsp;&nbsp;Orzech czarny nie nadaje si\u0119 na gleby suche i ubogie.&nbsp;<br>&nbsp;&nbsp;&nbsp;Doros\u0142e s\u0105 zupe\u0142nie odporne na mrozy, m\u0142ode w ch\u0142odniejszych rejonach kraju mog\u0105 ucierpie\u0107 podczas &#8222;zim stulecia&#8221;, czasem p\u00f3\u017ane przymrozki uszkadzaj\u0105 m\u0142ode listki.&nbsp;<br>&nbsp;&nbsp;&nbsp;Orzech czarny, bardziej ni\u017c inne orzechy, wydziela do gleby substancje utrudniaj\u0105ce rozw\u00f3j innych ro\u015blin. Szczeg\u00f3lnie wra\u017cliwe s\u0105 r\u00f3\u017cowate &#8211; trzeba to mie\u0107 na uwadze przy wyborze miejsca dla niego.&nbsp;<br>&nbsp;&nbsp;&nbsp;\u0179le znosi przesadzanie.&nbsp;<br>&nbsp;&nbsp;&nbsp;Nie lubi ci\u0119cia &#8211; zw\u0142aszcza wiosn\u0105 nie nale\u017cy ci\u0105\u0107, bardzo &#8222;p\u0142acze&#8221;.<\/p>\n<\/div>\n\n\n\n<div class=\"wp-block-column is-layout-flow wp-block-column-is-layout-flow\">\n<div class=\"wp-block-image\"><figure class=\"aligncenter size-large\"><img loading=\"lazy\" decoding=\"async\" width=\"500\" height=\"579\" src=\"https:\/\/www.ogrodnick.pl\/word\/wp-content\/uploads\/2020\/03\/juglans_nigra_owoce.jpg\" alt=\"\" class=\"wp-image-792\" srcset=\"https:\/\/www.ogrodnick.pl\/word\/wp-content\/uploads\/2020\/03\/juglans_nigra_owoce.jpg 500w, https:\/\/www.ogrodnick.pl\/word\/wp-content\/uploads\/2020\/03\/juglans_nigra_owoce-259x300.jpg 259w\" sizes=\"auto, (max-width: 500px) 100vw, 500px\" \/><\/figure><\/div>\n<\/div>\n<\/div>\n\n\n\n<div class=\"wp-block-image\"><figure class=\"aligncenter size-large\"><img loading=\"lazy\" decoding=\"async\" width=\"500\" height=\"563\" src=\"https:\/\/www.ogrodnick.pl\/word\/wp-content\/uploads\/2020\/03\/juglans_nigra_Pulawy.jpg\" alt=\"\" class=\"wp-image-793\" srcset=\"https:\/\/www.ogrodnick.pl\/word\/wp-content\/uploads\/2020\/03\/juglans_nigra_Pulawy.jpg 500w, https:\/\/www.ogrodnick.pl\/word\/wp-content\/uploads\/2020\/03\/juglans_nigra_Pulawy-266x300.jpg 266w\" sizes=\"auto, (max-width: 500px) 100vw, 500px\" \/><\/figure><\/div>\n","protected":false},"excerpt":{"rendered":"<p>Orzech czarny&nbsp;(Juglans nigra)&nbsp;ro\u015bnie we wschodniej cz\u0119\u015bci Stan\u00f3w Zjednoczonych. OPIS:&nbsp;&nbsp;&nbsp; Na dobrych glebach ro\u015bnie szybko , najwi\u0119kszy z orzech\u00f3w. W Ameryce osi\u0105ga 50 metr\u00f3w wysoko\u015bci, w Polsce ponad po\u0142ow\u0119 tego.&nbsp;&nbsp;&nbsp;&nbsp;Orzech czarny jest pi\u0119knym drzewem z wyra\u017anym, d\u0142ugim, prostym pniem pokrytym czarn\u0105 kor\u0105. Drzewa rosn\u0105ce na stanowiskach s\u0142onecznych maj\u0105 regularne korony &#8211; w m\u0142odo\u015bci sto\u017ckowate, potem owalne [&hellip;]<\/p>\n","protected":false},"author":1,"featured_media":0,"parent":0,"menu_order":0,"comment_status":"closed","ping_status":"closed","template":"","meta":{"footnotes":""},"class_list":["post-436","page","type-page","status-publish","hentry"],"_links":{"self":[{"href":"https:\/\/www.ogrodnick.pl\/word\/wp-json\/wp\/v2\/pages\/436","targetHints":{"allow":["GET"]}}],"collection":[{"href":"https:\/\/www.ogrodnick.pl\/word\/wp-json\/wp\/v2\/pages"}],"about":[{"href":"https:\/\/www.ogrodnick.pl\/word\/wp-json\/wp\/v2\/types\/page"}],"author":[{"embeddable":true,"href":"https:\/\/www.ogrodnick.pl\/word\/wp-json\/wp\/v2\/users\/1"}],"replies":[{"embeddable":true,"href":"https:\/\/www.ogrodnick.pl\/word\/wp-json\/wp\/v2\/comments?post=436"}],"version-history":[{"count":2,"href":"https:\/\/www.ogrodnick.pl\/word\/wp-json\/wp\/v2\/pages\/436\/revisions"}],"predecessor-version":[{"id":1075,"href":"https:\/\/www.ogrodnick.pl\/word\/wp-json\/wp\/v2\/pages\/436\/revisions\/1075"}],"wp:attachment":[{"href":"https:\/\/www.ogrodnick.pl\/word\/wp-json\/wp\/v2\/media?parent=436"}],"curies":[{"name":"wp","href":"https:\/\/api.w.org\/{rel}","templated":true}]}}

<div class="wp-block-group alignfull"><div class="wp-block-group__inner-container is-layout-flow wp-block-group-is-layout-flow">
<p>Orzech czarny&nbsp;(<em>Juglans nigra</em>)&nbsp;rośnie we wschodniej części Stanów Zjednoczonych.</p>
</div></div>



<div class="wp-block-columns alignfull is-layout-flex wp-container-core-columns-is-layout-9d6595d7 wp-block-columns-is-layout-flex">
<div class="wp-block-column is-layout-flow wp-block-column-is-layout-flow">
<p><strong>OPIS:<br></strong>&nbsp;&nbsp;&nbsp; Na dobrych glebach rośnie szybko , największy z orzechów. W Ameryce osiąga 50 metrów wysokości, w Polsce ponad połowę tego.&nbsp;<br>&nbsp;&nbsp;&nbsp;Orzech czarny jest pięknym drzewem z wyraźnym, długim, prostym pniem pokrytym czarną korą. Drzewa rosnące na stanowiskach słonecznych mają regularne korony &#8211; w młodości stożkowate, potem owalne lub kuliste.&nbsp;<br>&nbsp;&nbsp;&nbsp;Duże, nawet 60 cm długie liście składają się z 15-23 listków (najwięcej spośród wszystkich orzechów), są bardzo aromatyczne. Intensywnie, przyjemnie pachną nie tylko roztarte, ale nawet poruszane wiatrem.&nbsp;<br>&nbsp;&nbsp;&nbsp; Jeszcze silniej pachną grube okrywy owoców &#8211; kuliste orzechy mają do 6 cm średnicy, opadają zielone późno, często już po opadnięciu liści. Owocować zaczynają zwykle około 12-letnie drzewa.&nbsp;<br>Pożytki z orzecha czarnego są różne:&nbsp;<br>&#8211; orzechy (to co w środku) pożywne, tłuste, ale trudno je wydłubać i niezbyt smaczne. Niedojrzałe, całe owoce z łupiną bywają marynowane &#8211; tak, jak to kiedyś robiono z owocami orzecha włoskiego.&nbsp;<br>&#8211; sok (z drzewa) można pić lub zrobić syrop &#8211; jak z klonu lub brzozy.&nbsp;<br>&#8211; b. cenne drewno &#8211; z tego powodu niemal zupełnie wycięto go w lasach 100 lat temu.&nbsp;<br>&#8211; kora, liście i okrywy owoców stosowane w medycynie &#8211; chorób leczą pewnie pół setki!&nbsp;<br>&#8211; żółty i brązowy barwnik można z niego uzyskać.&nbsp;<br>&#8211; roztarte liście można stosować jako repelent. Wystarczy się posmarować i mucha nie siada.&nbsp;<br>&#8211; liście dodane do kompostu przyspieszają jego rozkład.&nbsp;</p>
</div>



<div class="wp-block-column is-layout-flow wp-block-column-is-layout-flow">
<div class="wp-block-image"><figure class="aligncenter size-large"><img loading="lazy" decoding="async" width="500" height="576" src="https://www.ogrodnick.pl/word/wp-content/uploads/2020/03/juglans_nigra_mlody_Pulawy.jpg" alt="" class="wp-image-790" srcset="https://www.ogrodnick.pl/word/wp-content/uploads/2020/03/juglans_nigra_mlody_Pulawy.jpg 500w, https://www.ogrodnick.pl/word/wp-content/uploads/2020/03/juglans_nigra_mlody_Pulawy-260x300.jpg 260w" sizes="auto, (max-width: 500px) 100vw, 500px" /></figure></div>
</div>
</div>



<div class="wp-block-columns alignfull is-layout-flex wp-container-core-columns-is-layout-9d6595d7 wp-block-columns-is-layout-flex">
<div class="wp-block-column is-layout-flow wp-block-column-is-layout-flow">
<p><strong>UPRAWA:</strong>&nbsp;<br>&nbsp;&nbsp;&nbsp;Orzech czarny nie nadaje się na gleby suche i ubogie.&nbsp;<br>&nbsp;&nbsp;&nbsp;Dorosłe są zupełnie odporne na mrozy, młode w chłodniejszych rejonach kraju mogą ucierpieć podczas &#8222;zim stulecia&#8221;, czasem późne przymrozki uszkadzają młode listki.&nbsp;<br>&nbsp;&nbsp;&nbsp;Orzech czarny, bardziej niż inne orzechy, wydziela do gleby substancje utrudniające rozwój innych roślin. Szczególnie wrażliwe są różowate &#8211; trzeba to mieć na uwadze przy wyborze miejsca dla niego.&nbsp;<br>&nbsp;&nbsp;&nbsp;Źle znosi przesadzanie.&nbsp;<br>&nbsp;&nbsp;&nbsp;Nie lubi cięcia &#8211; zwłaszcza wiosną nie należy ciąć, bardzo &#8222;płacze&#8221;.</p>
</div>



<div class="wp-block-column is-layout-flow wp-block-column-is-layout-flow">
<div class="wp-block-image"><figure class="aligncenter size-large"><img loading="lazy" decoding="async" width="500" height="579" src="https://www.ogrodnick.pl/word/wp-content/uploads/2020/03/juglans_nigra_owoce.jpg" alt="" class="wp-image-792" srcset="https://www.ogrodnick.pl/word/wp-content/uploads/2020/03/juglans_nigra_owoce.jpg 500w, https://www.ogrodnick.pl/word/wp-content/uploads/2020/03/juglans_nigra_owoce-259x300.jpg 259w" sizes="auto, (max-width: 500px) 100vw, 500px" /></figure></div>
</div>
</div>



<div class="wp-block-image"><figure class="aligncenter size-large"><img loading="lazy" decoding="async" width="500" height="563" src="https://www.ogrodnick.pl/word/wp-content/uploads/2020/03/juglans_nigra_Pulawy.jpg" alt="" class="wp-image-793" srcset="https://www.ogrodnick.pl/word/wp-content/uploads/2020/03/juglans_nigra_Pulawy.jpg 500w, https://www.ogrodnick.pl/word/wp-content/uploads/2020/03/juglans_nigra_Pulawy-266x300.jpg 266w" sizes="auto, (max-width: 500px) 100vw, 500px" /></figure></div>

<p>Orzech czarny&nbsp;(Juglans nigra)&nbsp;rośnie we wschodniej części Stanów Zjednoczonych. OPIS:&nbsp;&nbsp;&nbsp; Na dobrych glebach rośnie szybko , największy z orzechów. W Ameryce osiąga 50 metrów wysokości, w Polsce ponad połowę tego.&nbsp;&nbsp;&nbsp;&nbsp;Orzech czarny jest pięknym drzewem z wyraźnym, długim, prostym pniem pokrytym czarną korą. Drzewa rosnące na stanowiskach słonecznych mają regularne korony &#8211; w młodości stożkowate, potem owalne [&hellip;]</p>
