{"id":434,"date":"2020-03-14T11:56:43","date_gmt":"2020-03-14T11:56:43","guid":{"rendered":"http:\/\/www.ogrodnick.pl\/word\/?page_id=434"},"modified":"2020-03-21T11:10:46","modified_gmt":"2020-03-21T11:10:46","slug":"kolkwicja-chinska-kolkwitzia-amabilis","status":"publish","type":"page","link":"https:\/\/www.ogrodnick.pl\/word\/kolkwicja-chinska-kolkwitzia-amabilis\/","title":{"rendered":"Kolkwicja chi\u0144ska (Kolkwitzia amabilis)"},"content":{"rendered":"\n<div class=\"wp-block-group alignfull\"><div class=\"wp-block-group__inner-container is-layout-flow wp-block-group-is-layout-flow\">\n<p>Kolkwicja chi\u0144ska&nbsp;(<em>Kolkwitzia amabilis)<\/em>&nbsp; ro\u015bnie w \u015brodkowych Chinach.<\/p>\n<\/div><\/div>\n\n\n\n<div class=\"wp-block-columns alignfull is-layout-flex wp-container-core-columns-is-layout-9d6595d7 wp-block-columns-is-layout-flex\">\n<div class=\"wp-block-column is-layout-flow wp-block-column-is-layout-flow\">\n<p><strong>OPIS:<br><\/strong>&nbsp;&nbsp;&nbsp;Kolkwicja to g\u0119sty krzew z \u0142ukowato przewieszaj\u0105cymi si\u0119 p\u0119dami, w Polsce osi\u0105ga nieco ponad dwa metry wysoko\u015bci.&nbsp;<br>&nbsp;&nbsp;&nbsp;Najefektowniej wygl\u0105da na prze\u0142omie maja i czerwca, wtedy jest dos\u0142ownie oblepiona jasnor\u00f3\u017cowymi kwiatkami. Pod wzgl\u0119dem obfito\u015bci kwitnienia nie ma sobie r\u00f3wnych. Przez ca\u0142y rok godna uwagi ze wzgl\u0119du na oryginalny pokr\u00f3j i obfite ulistnienie, jesieni\u0105 wspaniale przebarwia si\u0119 na czerwono.&nbsp;<\/p>\n<\/div>\n\n\n\n<div class=\"wp-block-column is-layout-flow wp-block-column-is-layout-flow\">\n<div class=\"wp-block-image\"><figure class=\"aligncenter size-large\"><img loading=\"lazy\" decoding=\"async\" width=\"500\" height=\"375\" src=\"https:\/\/www.ogrodnick.pl\/word\/wp-content\/uploads\/2020\/03\/kolkwitzia_amabilis_krzew.jpg\" alt=\"\" class=\"wp-image-801\" srcset=\"https:\/\/www.ogrodnick.pl\/word\/wp-content\/uploads\/2020\/03\/kolkwitzia_amabilis_krzew.jpg 500w, https:\/\/www.ogrodnick.pl\/word\/wp-content\/uploads\/2020\/03\/kolkwitzia_amabilis_krzew-300x225.jpg 300w\" sizes=\"auto, (max-width: 500px) 100vw, 500px\" \/><\/figure><\/div>\n<\/div>\n<\/div>\n\n\n\n<div class=\"wp-block-columns alignfull is-layout-flex wp-container-core-columns-is-layout-9d6595d7 wp-block-columns-is-layout-flex\">\n<div class=\"wp-block-column is-layout-flow wp-block-column-is-layout-flow\">\n<p><strong>UPRAWA:<\/strong><br>&nbsp;&nbsp;&nbsp;Niewybredna co do gleby, odporna na mrozy i susz\u0119, znosi ocienienie &#8211; ale wtedy s\u0142abiej kwitnie.<\/p>\n<\/div>\n\n\n\n<div class=\"wp-block-column is-layout-flow wp-block-column-is-layout-flow\">\n<div class=\"wp-block-image\"><figure class=\"aligncenter size-large\"><img loading=\"lazy\" decoding=\"async\" width=\"500\" height=\"326\" src=\"https:\/\/www.ogrodnick.pl\/word\/wp-content\/uploads\/2020\/03\/kolkwitzia_amabilis_sadz_jesien.jpg\" alt=\"\" class=\"wp-image-803\" srcset=\"https:\/\/www.ogrodnick.pl\/word\/wp-content\/uploads\/2020\/03\/kolkwitzia_amabilis_sadz_jesien.jpg 500w, https:\/\/www.ogrodnick.pl\/word\/wp-content\/uploads\/2020\/03\/kolkwitzia_amabilis_sadz_jesien-300x196.jpg 300w\" sizes=\"auto, (max-width: 500px) 100vw, 500px\" \/><\/figure><\/div>\n<\/div>\n<\/div>\n\n\n\n<div class=\"wp-block-image\"><figure class=\"aligncenter size-large\"><img loading=\"lazy\" decoding=\"async\" width=\"500\" height=\"392\" src=\"https:\/\/www.ogrodnick.pl\/word\/wp-content\/uploads\/2020\/03\/kolkwitzia_amabilis_kwiatki.jpg\" alt=\"\" class=\"wp-image-802\" srcset=\"https:\/\/www.ogrodnick.pl\/word\/wp-content\/uploads\/2020\/03\/kolkwitzia_amabilis_kwiatki.jpg 500w, https:\/\/www.ogrodnick.pl\/word\/wp-content\/uploads\/2020\/03\/kolkwitzia_amabilis_kwiatki-300x235.jpg 300w\" sizes=\"auto, (max-width: 500px) 100vw, 500px\" \/><\/figure><\/div>\n","protected":false},"excerpt":{"rendered":"<p>Kolkwicja chi\u0144ska&nbsp;(Kolkwitzia amabilis)&nbsp; ro\u015bnie w \u015brodkowych Chinach. OPIS:&nbsp;&nbsp;&nbsp;Kolkwicja to g\u0119sty krzew z \u0142ukowato przewieszaj\u0105cymi si\u0119 p\u0119dami, w Polsce osi\u0105ga nieco ponad dwa metry wysoko\u015bci.&nbsp;&nbsp;&nbsp;&nbsp;Najefektowniej wygl\u0105da na prze\u0142omie maja i czerwca, wtedy jest dos\u0142ownie oblepiona jasnor\u00f3\u017cowymi kwiatkami. Pod wzgl\u0119dem obfito\u015bci kwitnienia nie ma sobie r\u00f3wnych. Przez ca\u0142y rok godna uwagi ze wzgl\u0119du na oryginalny pokr\u00f3j i [&hellip;]<\/p>\n","protected":false},"author":1,"featured_media":0,"parent":0,"menu_order":0,"comment_status":"closed","ping_status":"closed","template":"","meta":{"footnotes":""},"class_list":["post-434","page","type-page","status-publish","hentry"],"_links":{"self":[{"href":"https:\/\/www.ogrodnick.pl\/word\/wp-json\/wp\/v2\/pages\/434","targetHints":{"allow":["GET"]}}],"collection":[{"href":"https:\/\/www.ogrodnick.pl\/word\/wp-json\/wp\/v2\/pages"}],"about":[{"href":"https:\/\/www.ogrodnick.pl\/word\/wp-json\/wp\/v2\/types\/page"}],"author":[{"embeddable":true,"href":"https:\/\/www.ogrodnick.pl\/word\/wp-json\/wp\/v2\/users\/1"}],"replies":[{"embeddable":true,"href":"https:\/\/www.ogrodnick.pl\/word\/wp-json\/wp\/v2\/comments?post=434"}],"version-history":[{"count":2,"href":"https:\/\/www.ogrodnick.pl\/word\/wp-json\/wp\/v2\/pages\/434\/revisions"}],"predecessor-version":[{"id":1058,"href":"https:\/\/www.ogrodnick.pl\/word\/wp-json\/wp\/v2\/pages\/434\/revisions\/1058"}],"wp:attachment":[{"href":"https:\/\/www.ogrodnick.pl\/word\/wp-json\/wp\/v2\/media?parent=434"}],"curies":[{"name":"wp","href":"https:\/\/api.w.org\/{rel}","templated":true}]}}

Kolkwicja chińska (Kolkwitzia amabilis)

<div class="wp-block-group alignfull"><div class="wp-block-group__inner-container is-layout-flow wp-block-group-is-layout-flow">
<p>Kolkwicja chińska&nbsp;(<em>Kolkwitzia amabilis)</em>&nbsp; rośnie w środkowych Chinach.</p>
</div></div>



<div class="wp-block-columns alignfull is-layout-flex wp-container-core-columns-is-layout-9d6595d7 wp-block-columns-is-layout-flex">
<div class="wp-block-column is-layout-flow wp-block-column-is-layout-flow">
<p><strong>OPIS:<br></strong>&nbsp;&nbsp;&nbsp;Kolkwicja to gęsty krzew z łukowato przewieszającymi się pędami, w Polsce osiąga nieco ponad dwa metry wysokości.&nbsp;<br>&nbsp;&nbsp;&nbsp;Najefektowniej wygląda na przełomie maja i czerwca, wtedy jest dosłownie oblepiona jasnoróżowymi kwiatkami. Pod względem obfitości kwitnienia nie ma sobie równych. Przez cały rok godna uwagi ze względu na oryginalny pokrój i obfite ulistnienie, jesienią wspaniale przebarwia się na czerwono.&nbsp;</p>
</div>



<div class="wp-block-column is-layout-flow wp-block-column-is-layout-flow">
<div class="wp-block-image"><figure class="aligncenter size-large"><img loading="lazy" decoding="async" width="500" height="375" src="https://www.ogrodnick.pl/word/wp-content/uploads/2020/03/kolkwitzia_amabilis_krzew.jpg" alt="" class="wp-image-801" srcset="https://www.ogrodnick.pl/word/wp-content/uploads/2020/03/kolkwitzia_amabilis_krzew.jpg 500w, https://www.ogrodnick.pl/word/wp-content/uploads/2020/03/kolkwitzia_amabilis_krzew-300x225.jpg 300w" sizes="auto, (max-width: 500px) 100vw, 500px" /></figure></div>
</div>
</div>



<div class="wp-block-columns alignfull is-layout-flex wp-container-core-columns-is-layout-9d6595d7 wp-block-columns-is-layout-flex">
<div class="wp-block-column is-layout-flow wp-block-column-is-layout-flow">
<p><strong>UPRAWA:</strong><br>&nbsp;&nbsp;&nbsp;Niewybredna co do gleby, odporna na mrozy i suszę, znosi ocienienie &#8211; ale wtedy słabiej kwitnie.</p>
</div>



<div class="wp-block-column is-layout-flow wp-block-column-is-layout-flow">
<div class="wp-block-image"><figure class="aligncenter size-large"><img loading="lazy" decoding="async" width="500" height="326" src="https://www.ogrodnick.pl/word/wp-content/uploads/2020/03/kolkwitzia_amabilis_sadz_jesien.jpg" alt="" class="wp-image-803" srcset="https://www.ogrodnick.pl/word/wp-content/uploads/2020/03/kolkwitzia_amabilis_sadz_jesien.jpg 500w, https://www.ogrodnick.pl/word/wp-content/uploads/2020/03/kolkwitzia_amabilis_sadz_jesien-300x196.jpg 300w" sizes="auto, (max-width: 500px) 100vw, 500px" /></figure></div>
</div>
</div>



<div class="wp-block-image"><figure class="aligncenter size-large"><img loading="lazy" decoding="async" width="500" height="392" src="https://www.ogrodnick.pl/word/wp-content/uploads/2020/03/kolkwitzia_amabilis_kwiatki.jpg" alt="" class="wp-image-802" srcset="https://www.ogrodnick.pl/word/wp-content/uploads/2020/03/kolkwitzia_amabilis_kwiatki.jpg 500w, https://www.ogrodnick.pl/word/wp-content/uploads/2020/03/kolkwitzia_amabilis_kwiatki-300x235.jpg 300w" sizes="auto, (max-width: 500px) 100vw, 500px" /></figure></div>

<p>Kolkwicja chińska&nbsp;(Kolkwitzia amabilis)&nbsp; rośnie w środkowych Chinach. OPIS:&nbsp;&nbsp;&nbsp;Kolkwicja to gęsty krzew z łukowato przewieszającymi się pędami, w Polsce osiąga nieco ponad dwa metry wysokości.&nbsp;&nbsp;&nbsp;&nbsp;Najefektowniej wygląda na przełomie maja i czerwca, wtedy jest dosłownie oblepiona jasnoróżowymi kwiatkami. Pod względem obfitości kwitnienia nie ma sobie równych. Przez cały rok godna uwagi ze względu na oryginalny pokrój i [&hellip;]</p>
