{"id":423,"date":"2020-03-14T10:10:55","date_gmt":"2020-03-14T10:10:55","guid":{"rendered":"http:\/\/www.ogrodnick.pl\/word\/?page_id=423"},"modified":"2020-03-19T12:57:54","modified_gmt":"2020-03-19T12:57:54","slug":"dawidia-chinska-davidia-involucrata-var-vilmoriniana","status":"publish","type":"page","link":"https:\/\/www.ogrodnick.pl\/word\/dawidia-chinska-davidia-involucrata-var-vilmoriniana\/","title":{"rendered":"Dawidia chi\u0144ska (Davidia involucrata var. vilmoriniana)"},"content":{"rendered":"\n<div class=\"wp-block-group alignfull\"><div class=\"wp-block-group__inner-container is-layout-flow wp-block-group-is-layout-flow\">\n<p>Dawidia chi\u0144ska&nbsp;(<em>&nbsp;Davidia involucrata var. vilmoriniana<\/em>)&nbsp;pochodzi z g\u00f3r w po\u0142udniowo-zachodniej cz\u0119\u015bci Chin. Odkry\u0142 j\u0105 w 1871 roku francuski misjonarz i przyrodnik Armand David (ten sam kt\u00f3ry jako pierwszy opisa\u0142 pand\u0119 wielk\u0105). W roku 1897 inny francuski misjonarz i botanik Paul Guillaume Farges wys\u0142a\u0142 kilkana\u015bcie cennych nasion de Vilmorin&#8217;owi, pierwsza dawidia zakwit\u0142a w Europie w roku 1907.<\/p>\n<\/div><\/div>\n\n\n\n<div class=\"wp-block-columns alignfull is-layout-flex wp-container-core-columns-is-layout-9d6595d7 wp-block-columns-is-layout-flex\">\n<div class=\"wp-block-column is-layout-flow wp-block-column-is-layout-flow\">\n<p><strong>OPIS:<br><\/strong>&nbsp;&nbsp;&nbsp; Dawidie chi\u0144skie maj\u0105 w m\u0142odo\u015bci regularne, sto\u017ckowate korony, u starszych drzew zaokr\u0105glone. Mog\u0105 osi\u0105ga\u0107 20 metr\u00f3w wysoko\u015bci.&nbsp;<br>&nbsp;&nbsp;&nbsp;Nazywana na r\u00f3\u017cne sposoby: &#8222;drzewo duch\u00f3w&#8221;, &#8222;drzewo chusteczkowe&#8221;, &#8222;go\u0142\u0119bie drzewo&#8221; &#8211; wszystko za spraw\u0105 wielkich, nawet 25-centymetrowych podsadek (takie nibyp\u0142atki, jak np. u derenia kousa &#8211; u tego ostatniego kilkakrotnie mniejsze) os\u0142aniaj\u0105cych kuliste kwiatostany.&nbsp;<br>&nbsp;&nbsp;&nbsp;Podczas kwitnienia dawidie wygl\u0105daj\u0105 niesamowicie &#8211; w maju do park\u00f3w i ogrod\u00f3w botanicznych przeje\u017cd\u017caj\u0105 wycieczki specjalnie aby je podziwia\u0107.&nbsp;<\/p>\n<\/div>\n\n\n\n<div class=\"wp-block-column is-layout-flow wp-block-column-is-layout-flow\">\n<div class=\"wp-block-image\"><figure class=\"aligncenter size-large\"><img loading=\"lazy\" decoding=\"async\" width=\"500\" height=\"382\" src=\"https:\/\/www.ogrodnick.pl\/word\/wp-content\/uploads\/2020\/03\/davidia_involucrata_lkwitnienie.jpg\" alt=\"\" class=\"wp-image-723\" srcset=\"https:\/\/www.ogrodnick.pl\/word\/wp-content\/uploads\/2020\/03\/davidia_involucrata_lkwitnienie.jpg 500w, https:\/\/www.ogrodnick.pl\/word\/wp-content\/uploads\/2020\/03\/davidia_involucrata_lkwitnienie-300x229.jpg 300w\" sizes=\"auto, (max-width: 500px) 100vw, 500px\" \/><\/figure><\/div>\n<\/div>\n<\/div>\n\n\n\n<div class=\"wp-block-columns alignfull is-layout-flex wp-container-core-columns-is-layout-9d6595d7 wp-block-columns-is-layout-flex\">\n<div class=\"wp-block-column is-layout-flow wp-block-column-is-layout-flow\">\n<p><strong>UPRAWA:<\/strong>&nbsp;<br>&nbsp;&nbsp;&nbsp;W m\u0142odo\u015bci dawidie s\u0105 wra\u017cliwe na mrozy, bardzo wra\u017cliwe na p\u00f3\u017ane przymrozki(trzeba okrywa\u0107!). Doros\u0142e w znacznym stopniu odporne, ale nie zalecam sadzenia na wsch\u00f3d od Wis\u0142y. W ch\u0142odniejszych rejonach mo\u017ce ucierpie\u0107 podczas surowej zimy.&nbsp;<br>&nbsp;&nbsp;&nbsp; Na nieco wilgotnej i kwa\u015bnej glebie m\u0142ode dawidie rosn\u0105 bardzo szybko. W pierwszych latach s\u0142u\u017cy im cie\u0144, pe\u0142ne s\u0142o\u0144ce jest niewskazane.&nbsp;<\/p>\n<\/div>\n\n\n\n<div class=\"wp-block-column is-layout-flow wp-block-column-is-layout-flow\">\n<div class=\"wp-block-image\"><figure class=\"aligncenter size-large\"><img loading=\"lazy\" decoding=\"async\" width=\"500\" height=\"641\" src=\"https:\/\/www.ogrodnick.pl\/word\/wp-content\/uploads\/2020\/03\/davidia_involucrata_lisc_jesien.jpg\" alt=\"\" class=\"wp-image-722\" srcset=\"https:\/\/www.ogrodnick.pl\/word\/wp-content\/uploads\/2020\/03\/davidia_involucrata_lisc_jesien.jpg 500w, https:\/\/www.ogrodnick.pl\/word\/wp-content\/uploads\/2020\/03\/davidia_involucrata_lisc_jesien-234x300.jpg 234w\" sizes=\"auto, (max-width: 500px) 100vw, 500px\" \/><\/figure><\/div>\n<\/div>\n<\/div>\n\n\n\n<div class=\"wp-block-image\"><figure class=\"aligncenter size-large\"><img loading=\"lazy\" decoding=\"async\" width=\"500\" height=\"424\" src=\"https:\/\/www.ogrodnick.pl\/word\/wp-content\/uploads\/2020\/03\/davidia_involucrata_galazka_kwiaty.jpg\" alt=\"\" class=\"wp-image-720\" srcset=\"https:\/\/www.ogrodnick.pl\/word\/wp-content\/uploads\/2020\/03\/davidia_involucrata_galazka_kwiaty.jpg 500w, https:\/\/www.ogrodnick.pl\/word\/wp-content\/uploads\/2020\/03\/davidia_involucrata_galazka_kwiaty-300x254.jpg 300w\" sizes=\"auto, (max-width: 500px) 100vw, 500px\" \/><\/figure><\/div>\n","protected":false},"excerpt":{"rendered":"<p>Dawidia chi\u0144ska&nbsp;(&nbsp;Davidia involucrata var. vilmoriniana)&nbsp;pochodzi z g\u00f3r w po\u0142udniowo-zachodniej cz\u0119\u015bci Chin. Odkry\u0142 j\u0105 w 1871 roku francuski misjonarz i przyrodnik Armand David (ten sam kt\u00f3ry jako pierwszy opisa\u0142 pand\u0119 wielk\u0105). W roku 1897 inny francuski misjonarz i botanik Paul Guillaume Farges wys\u0142a\u0142 kilkana\u015bcie cennych nasion de Vilmorin&#8217;owi, pierwsza dawidia zakwit\u0142a w Europie w roku 1907. [&hellip;]<\/p>\n","protected":false},"author":1,"featured_media":0,"parent":0,"menu_order":0,"comment_status":"closed","ping_status":"closed","template":"","meta":{"footnotes":""},"class_list":["post-423","page","type-page","status-publish","hentry"],"_links":{"self":[{"href":"https:\/\/www.ogrodnick.pl\/word\/wp-json\/wp\/v2\/pages\/423","targetHints":{"allow":["GET"]}}],"collection":[{"href":"https:\/\/www.ogrodnick.pl\/word\/wp-json\/wp\/v2\/pages"}],"about":[{"href":"https:\/\/www.ogrodnick.pl\/word\/wp-json\/wp\/v2\/types\/page"}],"author":[{"embeddable":true,"href":"https:\/\/www.ogrodnick.pl\/word\/wp-json\/wp\/v2\/users\/1"}],"replies":[{"embeddable":true,"href":"https:\/\/www.ogrodnick.pl\/word\/wp-json\/wp\/v2\/comments?post=423"}],"version-history":[{"count":2,"href":"https:\/\/www.ogrodnick.pl\/word\/wp-json\/wp\/v2\/pages\/423\/revisions"}],"predecessor-version":[{"id":1032,"href":"https:\/\/www.ogrodnick.pl\/word\/wp-json\/wp\/v2\/pages\/423\/revisions\/1032"}],"wp:attachment":[{"href":"https:\/\/www.ogrodnick.pl\/word\/wp-json\/wp\/v2\/media?parent=423"}],"curies":[{"name":"wp","href":"https:\/\/api.w.org\/{rel}","templated":true}]}}

Dawidia chińska (Davidia involucrata var. vilmoriniana)

<div class="wp-block-group alignfull"><div class="wp-block-group__inner-container is-layout-flow wp-block-group-is-layout-flow">
<p>Dawidia chińska&nbsp;(<em>&nbsp;Davidia involucrata var. vilmoriniana</em>)&nbsp;pochodzi z gór w południowo-zachodniej części Chin. Odkrył ją w 1871 roku francuski misjonarz i przyrodnik Armand David (ten sam który jako pierwszy opisał pandę wielką). W roku 1897 inny francuski misjonarz i botanik Paul Guillaume Farges wysłał kilkanaście cennych nasion de Vilmorin&#8217;owi, pierwsza dawidia zakwitła w Europie w roku 1907.</p>
</div></div>



<div class="wp-block-columns alignfull is-layout-flex wp-container-core-columns-is-layout-9d6595d7 wp-block-columns-is-layout-flex">
<div class="wp-block-column is-layout-flow wp-block-column-is-layout-flow">
<p><strong>OPIS:<br></strong>&nbsp;&nbsp;&nbsp; Dawidie chińskie mają w młodości regularne, stożkowate korony, u starszych drzew zaokrąglone. Mogą osiągać 20 metrów wysokości.&nbsp;<br>&nbsp;&nbsp;&nbsp;Nazywana na różne sposoby: &#8222;drzewo duchów&#8221;, &#8222;drzewo chusteczkowe&#8221;, &#8222;gołębie drzewo&#8221; &#8211; wszystko za sprawą wielkich, nawet 25-centymetrowych podsadek (takie nibypłatki, jak np. u derenia kousa &#8211; u tego ostatniego kilkakrotnie mniejsze) osłaniających kuliste kwiatostany.&nbsp;<br>&nbsp;&nbsp;&nbsp;Podczas kwitnienia dawidie wyglądają niesamowicie &#8211; w maju do parków i ogrodów botanicznych przejeżdżają wycieczki specjalnie aby je podziwiać.&nbsp;</p>
</div>



<div class="wp-block-column is-layout-flow wp-block-column-is-layout-flow">
<div class="wp-block-image"><figure class="aligncenter size-large"><img loading="lazy" decoding="async" width="500" height="382" src="https://www.ogrodnick.pl/word/wp-content/uploads/2020/03/davidia_involucrata_lkwitnienie.jpg" alt="" class="wp-image-723" srcset="https://www.ogrodnick.pl/word/wp-content/uploads/2020/03/davidia_involucrata_lkwitnienie.jpg 500w, https://www.ogrodnick.pl/word/wp-content/uploads/2020/03/davidia_involucrata_lkwitnienie-300x229.jpg 300w" sizes="auto, (max-width: 500px) 100vw, 500px" /></figure></div>
</div>
</div>



<div class="wp-block-columns alignfull is-layout-flex wp-container-core-columns-is-layout-9d6595d7 wp-block-columns-is-layout-flex">
<div class="wp-block-column is-layout-flow wp-block-column-is-layout-flow">
<p><strong>UPRAWA:</strong>&nbsp;<br>&nbsp;&nbsp;&nbsp;W młodości dawidie są wrażliwe na mrozy, bardzo wrażliwe na późne przymrozki(trzeba okrywać!). Dorosłe w znacznym stopniu odporne, ale nie zalecam sadzenia na wschód od Wisły. W chłodniejszych rejonach może ucierpieć podczas surowej zimy.&nbsp;<br>&nbsp;&nbsp;&nbsp; Na nieco wilgotnej i kwaśnej glebie młode dawidie rosną bardzo szybko. W pierwszych latach służy im cień, pełne słońce jest niewskazane.&nbsp;</p>
</div>



<div class="wp-block-column is-layout-flow wp-block-column-is-layout-flow">
<div class="wp-block-image"><figure class="aligncenter size-large"><img loading="lazy" decoding="async" width="500" height="641" src="https://www.ogrodnick.pl/word/wp-content/uploads/2020/03/davidia_involucrata_lisc_jesien.jpg" alt="" class="wp-image-722" srcset="https://www.ogrodnick.pl/word/wp-content/uploads/2020/03/davidia_involucrata_lisc_jesien.jpg 500w, https://www.ogrodnick.pl/word/wp-content/uploads/2020/03/davidia_involucrata_lisc_jesien-234x300.jpg 234w" sizes="auto, (max-width: 500px) 100vw, 500px" /></figure></div>
</div>
</div>



<div class="wp-block-image"><figure class="aligncenter size-large"><img loading="lazy" decoding="async" width="500" height="424" src="https://www.ogrodnick.pl/word/wp-content/uploads/2020/03/davidia_involucrata_galazka_kwiaty.jpg" alt="" class="wp-image-720" srcset="https://www.ogrodnick.pl/word/wp-content/uploads/2020/03/davidia_involucrata_galazka_kwiaty.jpg 500w, https://www.ogrodnick.pl/word/wp-content/uploads/2020/03/davidia_involucrata_galazka_kwiaty-300x254.jpg 300w" sizes="auto, (max-width: 500px) 100vw, 500px" /></figure></div>

<p>Dawidia chińska&nbsp;(&nbsp;Davidia involucrata var. vilmoriniana)&nbsp;pochodzi z gór w południowo-zachodniej części Chin. Odkrył ją w 1871 roku francuski misjonarz i przyrodnik Armand David (ten sam który jako pierwszy opisał pandę wielką). W roku 1897 inny francuski misjonarz i botanik Paul Guillaume Farges wysłał kilkanaście cennych nasion de Vilmorin&#8217;owi, pierwsza dawidia zakwitła w Europie w roku 1907. [&hellip;]</p>
