{"id":421,"date":"2020-03-14T10:14:22","date_gmt":"2020-03-14T10:14:22","guid":{"rendered":"http:\/\/www.ogrodnick.pl\/word\/?page_id=421"},"modified":"2020-03-20T12:57:34","modified_gmt":"2020-03-20T12:57:34","slug":"hebanowiec-lotosowy-hurma-kaukaska-diospyros-lotus","status":"publish","type":"page","link":"https:\/\/www.ogrodnick.pl\/word\/hebanowiec-lotosowy-hurma-kaukaska-diospyros-lotus\/","title":{"rendered":"Hebanowiec lotosowy, hurma kaukaska (Diospyros lotus)"},"content":{"rendered":"\n<div class=\"wp-block-group alignfull\"><div class=\"wp-block-group__inner-container is-layout-flow wp-block-group-is-layout-flow\">\n<p>Hebanowiec lotosowy, hurma kaukaska&nbsp;<em>(Diospyros lotus)<\/em>&nbsp; wyst\u0119puje na Kaukazie, w Azji Mniejszej, w Azji \u015arodkowej, na p\u00f3\u0142nocy Chin i w Japonii.<\/p>\n<\/div><\/div>\n\n\n\n<div class=\"wp-block-columns alignfull is-layout-flex wp-container-core-columns-is-layout-9d6595d7 wp-block-columns-is-layout-flex\">\n<div class=\"wp-block-column is-layout-flow wp-block-column-is-layout-flow\">\n<p><strong>OPIS:<br><\/strong>&nbsp;&nbsp;&nbsp;Hurma kaukaska to \u015bredniej wielko\u015bci drzewo z koron\u0105 w m\u0142odo\u015bci sto\u017ckowat\u0105, potem zaokr\u0105glon\u0105. Poza obszarem naturalnego wyst\u0119powania uprawiana w licznych odmianach jako drzewo owocowe, r\u00f3wnie\u017c na po\u0142udniu Europy (W\u0142ochy, Mo\u0142dawia).&nbsp;<br>&nbsp;&nbsp;&nbsp;Owoce hebanowca lotosowego maj\u0105 zwykle 2 cm \u015brednicy, dojrzewaj\u0105 w pa\u017adzierniku i s\u0105 wtedy bardzo smaczne. Owoce pozostaj\u0105 na drzewach d\u0142ugo po opadni\u0119ciu li\u015bci. Bardzo je cenili staro\u017cytni grecy &#8211; nazywali je &#8222;Dios pyros&#8221;, &#8222;owoce Bog\u00f3w&#8221;. Wspomniane s\u0105 w Odysei &#8211; kto ich skosztowa\u0142, zapomina\u0142 o domu, pragn\u0105\u0142 na zawsze pozosta\u0107 tam, gdzie rosn\u0105. Je\u015b\u0107 je mo\u017cna na surowo lub suszone (zawieraj\u0105 blisko 50% cukr\u00f3w), w j\u0119zykach narod\u00f3w zamieszkuj\u0105cych p\u00f3\u0142noc Iraku i Iranu okre\u015blane s\u0105 tym samym s\u0142owem co daktyle. Niedojrza\u0142e zawieraj\u0105 bardzo du\u017co taniny i s\u0105 niezwykle cierpkie &#8211; smaczne robi\u0119 si\u0119 po przemro\u017ceniu.&nbsp;<br>&nbsp;&nbsp;&nbsp;Wszystkie hebanowce s\u0105 dwupienne, owocuj\u0105 tylko egzemplarze \u017ce\u0144skie. Owoce zawi\u0105zuj\u0105 si\u0119 r\u00f3wnie\u017c na &#8222;paniach&#8221; rosn\u0105cych samotnie, powsta\u0142e z niezapylonego kwiatu nie maj\u0105 pestek ( w\u0142a\u015bnie takie &#8222;kaki&#8221; s\u0105 dost\u0119pne w handlu). Egzemplarze m\u0119skie pozostan\u0105 drzewkami ozdobnymi(pi\u0119kne l\u015bni\u0105ce li\u015bcie maj\u0105 do 15 cm. d\u0142ugo\u015bci).&nbsp;<br>&nbsp;&nbsp;&nbsp;Bardzo cenione jest drewno &#8211; &#8222;zielony heban&#8221;.&nbsp;<br>&nbsp;&nbsp;&nbsp;Owoce obradzaj\u0105 ma\u0142e, kilkuletnie drzewka.&nbsp;<\/p>\n<\/div>\n\n\n\n<div class=\"wp-block-column is-layout-flow wp-block-column-is-layout-flow\">\n<div class=\"wp-block-image\"><figure class=\"aligncenter size-large\"><img loading=\"lazy\" decoding=\"async\" width=\"500\" height=\"568\" src=\"https:\/\/www.ogrodnick.pl\/word\/wp-content\/uploads\/2020\/03\/diospyros_lotus_owoce.jpg\" alt=\"\" class=\"wp-image-731\" srcset=\"https:\/\/www.ogrodnick.pl\/word\/wp-content\/uploads\/2020\/03\/diospyros_lotus_owoce.jpg 500w, https:\/\/www.ogrodnick.pl\/word\/wp-content\/uploads\/2020\/03\/diospyros_lotus_owoce-264x300.jpg 264w\" sizes=\"auto, (max-width: 500px) 100vw, 500px\" \/><\/figure><\/div>\n<\/div>\n<\/div>\n\n\n\n<div class=\"wp-block-columns alignfull is-layout-flex wp-container-core-columns-is-layout-9d6595d7 wp-block-columns-is-layout-flex\">\n<div class=\"wp-block-column is-layout-flow wp-block-column-is-layout-flow\">\n<p><strong>UPRAWA:<\/strong>&nbsp;<br>&nbsp;&nbsp;&nbsp;Wg. r\u00f3\u017cnych \u017ar\u00f3de\u0142 doros\u0142e znosz\u0105 bez szkody mrozy do -25 lub nawet-30 C. Nie lubi\u0105 gleb podmok\u0142ych i kwa\u015bnych. Stanowiska s\u0142oneczne.&nbsp;<br>&nbsp;&nbsp;&nbsp;Nie lubi\u0105 przesadzania, na miejsca sta\u0142e najlepiej sadzi\u0107 m\u0142ode drzewka i w pierwszych latach zabezpiecza\u0107 na zim\u0119.<\/p>\n<\/div>\n\n\n\n<div class=\"wp-block-column is-layout-flow wp-block-column-is-layout-flow\">\n<div class=\"wp-block-image\"><figure class=\"aligncenter size-large\"><img loading=\"lazy\" decoding=\"async\" width=\"500\" height=\"387\" src=\"https:\/\/www.ogrodnick.pl\/word\/wp-content\/uploads\/2020\/03\/diospyros_lotus_kwiatki.jpg\" alt=\"\" class=\"wp-image-729\" srcset=\"https:\/\/www.ogrodnick.pl\/word\/wp-content\/uploads\/2020\/03\/diospyros_lotus_kwiatki.jpg 500w, https:\/\/www.ogrodnick.pl\/word\/wp-content\/uploads\/2020\/03\/diospyros_lotus_kwiatki-300x232.jpg 300w\" sizes=\"auto, (max-width: 500px) 100vw, 500px\" \/><\/figure><\/div>\n<\/div>\n<\/div>\n\n\n\n<div class=\"wp-block-image\"><figure class=\"aligncenter size-large\"><img loading=\"lazy\" decoding=\"async\" width=\"499\" height=\"399\" src=\"https:\/\/www.ogrodnick.pl\/word\/wp-content\/uploads\/2020\/03\/diospyros_lotus_owoc.jpg\" alt=\"\" class=\"wp-image-730\" srcset=\"https:\/\/www.ogrodnick.pl\/word\/wp-content\/uploads\/2020\/03\/diospyros_lotus_owoc.jpg 499w, https:\/\/www.ogrodnick.pl\/word\/wp-content\/uploads\/2020\/03\/diospyros_lotus_owoc-300x240.jpg 300w\" sizes=\"auto, (max-width: 499px) 100vw, 499px\" \/><\/figure><\/div>\n","protected":false},"excerpt":{"rendered":"<p>Hebanowiec lotosowy, hurma kaukaska&nbsp;(Diospyros lotus)&nbsp; wyst\u0119puje na Kaukazie, w Azji Mniejszej, w Azji \u015arodkowej, na p\u00f3\u0142nocy Chin i w Japonii. OPIS:&nbsp;&nbsp;&nbsp;Hurma kaukaska to \u015bredniej wielko\u015bci drzewo z koron\u0105 w m\u0142odo\u015bci sto\u017ckowat\u0105, potem zaokr\u0105glon\u0105. Poza obszarem naturalnego wyst\u0119powania uprawiana w licznych odmianach jako drzewo owocowe, r\u00f3wnie\u017c na po\u0142udniu Europy (W\u0142ochy, Mo\u0142dawia).&nbsp;&nbsp;&nbsp;&nbsp;Owoce hebanowca lotosowego maj\u0105 zwykle 2 [&hellip;]<\/p>\n","protected":false},"author":1,"featured_media":0,"parent":0,"menu_order":0,"comment_status":"closed","ping_status":"closed","template":"","meta":{"footnotes":""},"class_list":["post-421","page","type-page","status-publish","hentry"],"_links":{"self":[{"href":"https:\/\/www.ogrodnick.pl\/word\/wp-json\/wp\/v2\/pages\/421","targetHints":{"allow":["GET"]}}],"collection":[{"href":"https:\/\/www.ogrodnick.pl\/word\/wp-json\/wp\/v2\/pages"}],"about":[{"href":"https:\/\/www.ogrodnick.pl\/word\/wp-json\/wp\/v2\/types\/page"}],"author":[{"embeddable":true,"href":"https:\/\/www.ogrodnick.pl\/word\/wp-json\/wp\/v2\/users\/1"}],"replies":[{"embeddable":true,"href":"https:\/\/www.ogrodnick.pl\/word\/wp-json\/wp\/v2\/comments?post=421"}],"version-history":[{"count":2,"href":"https:\/\/www.ogrodnick.pl\/word\/wp-json\/wp\/v2\/pages\/421\/revisions"}],"predecessor-version":[{"id":1042,"href":"https:\/\/www.ogrodnick.pl\/word\/wp-json\/wp\/v2\/pages\/421\/revisions\/1042"}],"wp:attachment":[{"href":"https:\/\/www.ogrodnick.pl\/word\/wp-json\/wp\/v2\/media?parent=421"}],"curies":[{"name":"wp","href":"https:\/\/api.w.org\/{rel}","templated":true}]}}