{"id":419,"date":"2020-03-14T10:17:25","date_gmt":"2020-03-14T10:17:25","guid":{"rendered":"http:\/\/www.ogrodnick.pl\/word\/?page_id=419"},"modified":"2020-03-21T12:16:31","modified_gmt":"2020-03-21T12:16:31","slug":"oliwnik-waskolistny-elaeagnus-angustifolia","status":"publish","type":"page","link":"https:\/\/www.ogrodnick.pl\/word\/oliwnik-waskolistny-elaeagnus-angustifolia\/","title":{"rendered":"Oliwnik w\u0105skolistny (Elaeagnus angustifolia)"},"content":{"rendered":"\n<div class=\"wp-block-group alignfull\"><div class=\"wp-block-group__inner-container is-layout-flow wp-block-group-is-layout-flow\">\n<p>Oliwnik w\u0105skolistny<em>&nbsp;(Elaeagnus angustifolia)&nbsp;<\/em>w wielu j\u0119zykach nazywany&nbsp;<em>rosyjska oliwka<\/em>&nbsp;dziko ro\u015bnie w rejonie Morza \u015ar\u00f3dziemnego oraz w zachodniej cz\u0119\u015bci Azji &#8211; Iran, Chiny, Mongolia.<\/p>\n<\/div><\/div>\n\n\n\n<div class=\"wp-block-columns alignfull is-layout-flex wp-container-core-columns-is-layout-9d6595d7 wp-block-columns-is-layout-flex\">\n<div class=\"wp-block-column is-layout-flow wp-block-column-is-layout-flow\">\n<p><strong>OPIS:<\/strong><br>&nbsp;&nbsp;&nbsp;Oliwniki w m\u0142odo\u015bci zwykle rosn\u0105 krzewiasto. Na dobrych glebach wyrastaj\u0105 w ma\u0142e drzewka z kr\u00f3tkim pniem i szerok\u0105 koron\u0105, natomiast rosn\u0105ce na glebach suchych i ubogich bywaj\u0105 bardziej cierniste, pozostaj\u0105 wysokimi krzewami.&nbsp;<br>&nbsp;&nbsp;&nbsp;Li\u015bcie oliwnik\u00f3w s\u0105 srebrzystobia\u0142e (najwi\u0119kszy efekt wiosn\u0105 i w pierwszej po\u0142owie lata), znakomicie wygl\u0105daj\u0105 w zestawieniu z ro\u015blinami o ciemnej barwie. Dwubarwne, \u017c\u00f3\u0142to-srebrzyste silnie pachn\u0105ce miodem kwiatki rozkwitaj\u0105 w pocz\u0105tku czerwca, cz\u0119sto oliwniki s\u0105 sadzone w\u0142a\u015bnie dla ich pi\u0119knego zapachu. Oko\u0142o 1,5 cm d\u0142ugie owoce oliwnik\u00f3w maj\u0105 jadalny, s\u0142odki mi\u0105\u017csz.<\/p>\n<\/div>\n\n\n\n<div class=\"wp-block-column is-layout-flow wp-block-column-is-layout-flow\">\n<div class=\"wp-block-image\"><figure class=\"aligncenter size-large\"><img loading=\"lazy\" decoding=\"async\" width=\"500\" height=\"640\" src=\"https:\/\/www.ogrodnick.pl\/word\/wp-content\/uploads\/2020\/03\/elaeagnus_angustifolia_drzewko.jpg\" alt=\"\" class=\"wp-image-736\" srcset=\"https:\/\/www.ogrodnick.pl\/word\/wp-content\/uploads\/2020\/03\/elaeagnus_angustifolia_drzewko.jpg 500w, https:\/\/www.ogrodnick.pl\/word\/wp-content\/uploads\/2020\/03\/elaeagnus_angustifolia_drzewko-234x300.jpg 234w\" sizes=\"auto, (max-width: 500px) 100vw, 500px\" \/><\/figure><\/div>\n<\/div>\n<\/div>\n\n\n\n<div class=\"wp-block-columns alignfull is-layout-flex wp-container-core-columns-is-layout-9d6595d7 wp-block-columns-is-layout-flex\">\n<div class=\"wp-block-column is-layout-flow wp-block-column-is-layout-flow\">\n<p><strong>UPRAWA:<\/strong>&nbsp;<br>&nbsp;&nbsp;&nbsp;Oliwniki s\u0105 zupe\u0142nie odporne na mrozy, mog\u0105 rosn\u0105\u0107 na ka\u017cdej glebie nie wy\u0142\u0105czaj\u0105c ja\u0142owych piask\u00f3w (dzi\u0119ki symbiozie z mikroorganizmami mog\u0105 przyswaja\u0107 azot z powietrza &#8211; podobnie jak ro\u015bliny motylkowe). Doskonale rosn\u0105 w warunkach miejskich i przy drogach, toleruj\u0105 zanieczyszczenie atmosfery i zasolenie gleby. Jak wi\u0119kszo\u015b\u0107 ro\u015blin o srebrzystych li\u015bciach, oliwniki s\u0105 bardzo odporne na susz\u0119 glebow\u0105, \u015bwietnie znosz\u0105 gor\u0105co i suche powietrze.&nbsp;<br>&nbsp;&nbsp;&nbsp;Oliwniki w\u0105skolistne bardzo dobrze znosz\u0105 przycinanie, mo\u017cna z nich tworzy\u0107 formowane \u017cywop\u0142oty.<br>&nbsp;&nbsp;&nbsp; Wymagaj\u0105 stanowisk s\u0142onecznych, \u017ale znosz\u0105 przesadzanie.<\/p>\n<\/div>\n\n\n\n<div class=\"wp-block-column is-layout-flow wp-block-column-is-layout-flow\">\n<div class=\"wp-block-image\"><figure class=\"aligncenter size-large\"><img loading=\"lazy\" decoding=\"async\" width=\"500\" height=\"353\" src=\"https:\/\/www.ogrodnick.pl\/word\/wp-content\/uploads\/2020\/03\/elaeagnus_angustifolia_kwiatki.jpg\" alt=\"\" class=\"wp-image-737\" srcset=\"https:\/\/www.ogrodnick.pl\/word\/wp-content\/uploads\/2020\/03\/elaeagnus_angustifolia_kwiatki.jpg 500w, https:\/\/www.ogrodnick.pl\/word\/wp-content\/uploads\/2020\/03\/elaeagnus_angustifolia_kwiatki-300x212.jpg 300w\" sizes=\"auto, (max-width: 500px) 100vw, 500px\" \/><\/figure><\/div>\n<\/div>\n<\/div>\n\n\n\n<div class=\"wp-block-image\"><figure class=\"aligncenter size-large\"><img loading=\"lazy\" decoding=\"async\" width=\"500\" height=\"666\" src=\"https:\/\/www.ogrodnick.pl\/word\/wp-content\/uploads\/2020\/03\/elaeagnus_angustifolia_owoce.jpg\" alt=\"\" class=\"wp-image-739\" srcset=\"https:\/\/www.ogrodnick.pl\/word\/wp-content\/uploads\/2020\/03\/elaeagnus_angustifolia_owoce.jpg 500w, https:\/\/www.ogrodnick.pl\/word\/wp-content\/uploads\/2020\/03\/elaeagnus_angustifolia_owoce-225x300.jpg 225w\" sizes=\"auto, (max-width: 500px) 100vw, 500px\" \/><\/figure><\/div>\n","protected":false},"excerpt":{"rendered":"<p>Oliwnik w\u0105skolistny&nbsp;(Elaeagnus angustifolia)&nbsp;w wielu j\u0119zykach nazywany&nbsp;rosyjska oliwka&nbsp;dziko ro\u015bnie w rejonie Morza \u015ar\u00f3dziemnego oraz w zachodniej cz\u0119\u015bci Azji &#8211; Iran, Chiny, Mongolia. OPIS:&nbsp;&nbsp;&nbsp;Oliwniki w m\u0142odo\u015bci zwykle rosn\u0105 krzewiasto. Na dobrych glebach wyrastaj\u0105 w ma\u0142e drzewka z kr\u00f3tkim pniem i szerok\u0105 koron\u0105, natomiast rosn\u0105ce na glebach suchych i ubogich bywaj\u0105 bardziej cierniste, pozostaj\u0105 wysokimi krzewami.&nbsp;&nbsp;&nbsp;&nbsp;Li\u015bcie oliwnik\u00f3w s\u0105 [&hellip;]<\/p>\n","protected":false},"author":1,"featured_media":0,"parent":0,"menu_order":0,"comment_status":"closed","ping_status":"closed","template":"","meta":{"footnotes":""},"class_list":["post-419","page","type-page","status-publish","hentry"],"_links":{"self":[{"href":"https:\/\/www.ogrodnick.pl\/word\/wp-json\/wp\/v2\/pages\/419","targetHints":{"allow":["GET"]}}],"collection":[{"href":"https:\/\/www.ogrodnick.pl\/word\/wp-json\/wp\/v2\/pages"}],"about":[{"href":"https:\/\/www.ogrodnick.pl\/word\/wp-json\/wp\/v2\/types\/page"}],"author":[{"embeddable":true,"href":"https:\/\/www.ogrodnick.pl\/word\/wp-json\/wp\/v2\/users\/1"}],"replies":[{"embeddable":true,"href":"https:\/\/www.ogrodnick.pl\/word\/wp-json\/wp\/v2\/comments?post=419"}],"version-history":[{"count":2,"href":"https:\/\/www.ogrodnick.pl\/word\/wp-json\/wp\/v2\/pages\/419\/revisions"}],"predecessor-version":[{"id":1072,"href":"https:\/\/www.ogrodnick.pl\/word\/wp-json\/wp\/v2\/pages\/419\/revisions\/1072"}],"wp:attachment":[{"href":"https:\/\/www.ogrodnick.pl\/word\/wp-json\/wp\/v2\/media?parent=419"}],"curies":[{"name":"wp","href":"https:\/\/api.w.org\/{rel}","templated":true}]}}

Oliwnik wąskolistny (Elaeagnus angustifolia)

<div class="wp-block-group alignfull"><div class="wp-block-group__inner-container is-layout-flow wp-block-group-is-layout-flow">
<p>Oliwnik wąskolistny<em>&nbsp;(Elaeagnus angustifolia)&nbsp;</em>w wielu językach nazywany&nbsp;<em>rosyjska oliwka</em>&nbsp;dziko rośnie w rejonie Morza Śródziemnego oraz w zachodniej części Azji &#8211; Iran, Chiny, Mongolia.</p>
</div></div>



<div class="wp-block-columns alignfull is-layout-flex wp-container-core-columns-is-layout-9d6595d7 wp-block-columns-is-layout-flex">
<div class="wp-block-column is-layout-flow wp-block-column-is-layout-flow">
<p><strong>OPIS:</strong><br>&nbsp;&nbsp;&nbsp;Oliwniki w młodości zwykle rosną krzewiasto. Na dobrych glebach wyrastają w małe drzewka z krótkim pniem i szeroką koroną, natomiast rosnące na glebach suchych i ubogich bywają bardziej cierniste, pozostają wysokimi krzewami.&nbsp;<br>&nbsp;&nbsp;&nbsp;Liście oliwników są srebrzystobiałe (największy efekt wiosną i w pierwszej połowie lata), znakomicie wyglądają w zestawieniu z roślinami o ciemnej barwie. Dwubarwne, żółto-srebrzyste silnie pachnące miodem kwiatki rozkwitają w początku czerwca, często oliwniki są sadzone właśnie dla ich pięknego zapachu. Około 1,5 cm długie owoce oliwników mają jadalny, słodki miąższ.</p>
</div>



<div class="wp-block-column is-layout-flow wp-block-column-is-layout-flow">
<div class="wp-block-image"><figure class="aligncenter size-large"><img loading="lazy" decoding="async" width="500" height="640" src="https://www.ogrodnick.pl/word/wp-content/uploads/2020/03/elaeagnus_angustifolia_drzewko.jpg" alt="" class="wp-image-736" srcset="https://www.ogrodnick.pl/word/wp-content/uploads/2020/03/elaeagnus_angustifolia_drzewko.jpg 500w, https://www.ogrodnick.pl/word/wp-content/uploads/2020/03/elaeagnus_angustifolia_drzewko-234x300.jpg 234w" sizes="auto, (max-width: 500px) 100vw, 500px" /></figure></div>
</div>
</div>



<div class="wp-block-columns alignfull is-layout-flex wp-container-core-columns-is-layout-9d6595d7 wp-block-columns-is-layout-flex">
<div class="wp-block-column is-layout-flow wp-block-column-is-layout-flow">
<p><strong>UPRAWA:</strong>&nbsp;<br>&nbsp;&nbsp;&nbsp;Oliwniki są zupełnie odporne na mrozy, mogą rosnąć na każdej glebie nie wyłączając jałowych piasków (dzięki symbiozie z mikroorganizmami mogą przyswajać azot z powietrza &#8211; podobnie jak rośliny motylkowe). Doskonale rosną w warunkach miejskich i przy drogach, tolerują zanieczyszczenie atmosfery i zasolenie gleby. Jak większość roślin o srebrzystych liściach, oliwniki są bardzo odporne na suszę glebową, świetnie znoszą gorąco i suche powietrze.&nbsp;<br>&nbsp;&nbsp;&nbsp;Oliwniki wąskolistne bardzo dobrze znoszą przycinanie, można z nich tworzyć formowane żywopłoty.<br>&nbsp;&nbsp;&nbsp; Wymagają stanowisk słonecznych, źle znoszą przesadzanie.</p>
</div>



<div class="wp-block-column is-layout-flow wp-block-column-is-layout-flow">
<div class="wp-block-image"><figure class="aligncenter size-large"><img loading="lazy" decoding="async" width="500" height="353" src="https://www.ogrodnick.pl/word/wp-content/uploads/2020/03/elaeagnus_angustifolia_kwiatki.jpg" alt="" class="wp-image-737" srcset="https://www.ogrodnick.pl/word/wp-content/uploads/2020/03/elaeagnus_angustifolia_kwiatki.jpg 500w, https://www.ogrodnick.pl/word/wp-content/uploads/2020/03/elaeagnus_angustifolia_kwiatki-300x212.jpg 300w" sizes="auto, (max-width: 500px) 100vw, 500px" /></figure></div>
</div>
</div>



<div class="wp-block-image"><figure class="aligncenter size-large"><img loading="lazy" decoding="async" width="500" height="666" src="https://www.ogrodnick.pl/word/wp-content/uploads/2020/03/elaeagnus_angustifolia_owoce.jpg" alt="" class="wp-image-739" srcset="https://www.ogrodnick.pl/word/wp-content/uploads/2020/03/elaeagnus_angustifolia_owoce.jpg 500w, https://www.ogrodnick.pl/word/wp-content/uploads/2020/03/elaeagnus_angustifolia_owoce-225x300.jpg 225w" sizes="auto, (max-width: 500px) 100vw, 500px" /></figure></div>

<p>Oliwnik wąskolistny&nbsp;(Elaeagnus angustifolia)&nbsp;w wielu językach nazywany&nbsp;rosyjska oliwka&nbsp;dziko rośnie w rejonie Morza Śródziemnego oraz w zachodniej części Azji &#8211; Iran, Chiny, Mongolia. OPIS:&nbsp;&nbsp;&nbsp;Oliwniki w młodości zwykle rosną krzewiasto. Na dobrych glebach wyrastają w małe drzewka z krótkim pniem i szeroką koroną, natomiast rosnące na glebach suchych i ubogich bywają bardziej cierniste, pozostają wysokimi krzewami.&nbsp;&nbsp;&nbsp;&nbsp;Liście oliwników są [&hellip;]</p>
