{"id":418,"date":"2020-03-14T10:19:07","date_gmt":"2020-03-14T10:19:07","guid":{"rendered":"http:\/\/www.ogrodnick.pl\/word\/?page_id=418"},"modified":"2020-03-21T12:11:49","modified_gmt":"2020-03-21T12:11:49","slug":"marzymieta-chinska-elszolcja-elsholtzia-stauntonii","status":"publish","type":"page","link":"https:\/\/www.ogrodnick.pl\/word\/marzymieta-chinska-elszolcja-elsholtzia-stauntonii\/","title":{"rendered":"Marzymi\u0119ta chi\u0144ska, elszolcja (Elsholtzia stauntonii)"},"content":{"rendered":"\n<div class=\"wp-block-group alignfull\"><div class=\"wp-block-group__inner-container is-layout-flow wp-block-group-is-layout-flow\">\n<p>Marzymi\u0119ta chi\u0144ska, elszolcja<em>&nbsp;(Elsholtzia stauntonii)&nbsp;<\/em>pochodzi z p\u00f3\u0142nocnych Chin.<\/p>\n<\/div><\/div>\n\n\n\n<div class=\"wp-block-columns alignfull is-layout-flex wp-container-core-columns-is-layout-9d6595d7 wp-block-columns-is-layout-flex\">\n<div class=\"wp-block-column is-layout-flow wp-block-column-is-layout-flow\">\n<p><strong>OPIS:<\/strong>&nbsp;<br>&nbsp;&nbsp;&nbsp;Marzymi\u0119ta chi\u0144ska jest p\u00f3\u0142krzewem, osi\u0105ga niewiele ponad metr wysoko\u015bci.&nbsp;<br>&nbsp;&nbsp;&nbsp;Swoj\u0105 nazw\u0119 zawdzi\u0119cza przyjemnemu aromatowi jaki wydzielaj\u0105 jej li\u015bcie po roztarciu, jednak najwi\u0119ksz\u0105 atrakcj\u0105 marzymi\u0119ty s\u0105 pojawiaj\u0105ce si\u0119 jesieni\u0105 liliowor\u00f3\u017cowe lub fioletowe kwiatki zebrane w nawet 20-centymetrowej d\u0142ugo\u015bci k\u0142osowate kwiatostany. Marzymi\u0119ta potrafi kwitn\u0105\u0107 bardzo d\u0142ugo &#8211; je\u015bli pocz\u0105tek jesieni jest bez silnych przymrozk\u00f3w, efektowne kwiaty mog\u0105 utrzymywa\u0107 si\u0119 na p\u0119dach nawet po opadni\u0119ciu z nich li\u015bci.&nbsp;<br>&nbsp;&nbsp;&nbsp;Kwiatki marzymi\u0119ty s\u0105 bardzo nektarodajne, ze wzgl\u0119du na niezwyk\u0142\u0105 por\u0119 kwitnienia marzymi\u0119ta jest bardzo cenn\u0105 ro\u015blin\u0105 pszczelarsk\u0105.&nbsp;<\/p>\n<\/div>\n\n\n\n<div class=\"wp-block-column is-layout-flow wp-block-column-is-layout-flow\">\n<div class=\"wp-block-image\"><figure class=\"aligncenter size-large\"><img loading=\"lazy\" decoding=\"async\" width=\"499\" height=\"366\" src=\"https:\/\/www.ogrodnick.pl\/word\/wp-content\/uploads\/2020\/03\/elsholtzia_stauntonii_wrzesien25.jpg\" alt=\"\" class=\"wp-image-742\" srcset=\"https:\/\/www.ogrodnick.pl\/word\/wp-content\/uploads\/2020\/03\/elsholtzia_stauntonii_wrzesien25.jpg 499w, https:\/\/www.ogrodnick.pl\/word\/wp-content\/uploads\/2020\/03\/elsholtzia_stauntonii_wrzesien25-300x220.jpg 300w\" sizes=\"auto, (max-width: 499px) 100vw, 499px\" \/><\/figure><\/div>\n<\/div>\n<\/div>\n\n\n\n<div class=\"wp-block-columns alignfull is-layout-flex wp-container-core-columns-is-layout-9d6595d7 wp-block-columns-is-layout-flex\">\n<div class=\"wp-block-column is-layout-flow wp-block-column-is-layout-flow\">\n<p><strong>UPRAWA:<\/strong>&nbsp;<br>&nbsp;&nbsp;&nbsp;P\u00f3\u0142krzewy to ro\u015bliny kt\u00f3rym drewniej\u0105 tylko dolne cz\u0119\u015bci p\u0119d\u00f3w, rosn\u0105ce do p\u00f3\u017anej jesieni wierzcho\u0142ki zawsze zasychaj\u0105 &#8211; tak zachowuje si\u0119 r\u00f3wnie\u017c np. barbula. Wiosn\u0105 wskazane jest usuni\u0119cie przemarzni\u0119tych cz\u0119\u015bci p\u0119d\u00f3w albo nawet potraktowanie eszolcji jak bylin\u0119 &#8211; nisko przyci\u0119ta silnie odro\u015bnie i zakwitnie jesieni\u0105.&nbsp;<br>&nbsp;&nbsp;&nbsp;Marzymi\u0119t\u0119 sadzi\u0107 nale\u017cy na ciep\u0142ych, s\u0142onecznych stanowiskach, nie sadzi\u0107 na glebach bardzo mokrych.&nbsp;<br>&nbsp;&nbsp;&nbsp;Odporna na mrozy &#8211; po surowej zimie najwy\u017cej trzeba marzymi\u0119t\u0119 bardziej przyci\u0105\u0107.&nbsp;<\/p>\n<\/div>\n\n\n\n<div class=\"wp-block-column is-layout-flow wp-block-column-is-layout-flow\">\n<div class=\"wp-block-image\"><figure class=\"aligncenter size-large\"><img loading=\"lazy\" decoding=\"async\" width=\"500\" height=\"628\" src=\"https:\/\/www.ogrodnick.pl\/word\/wp-content\/uploads\/2020\/03\/elsholtzia_stauntonii_kwiatostany.jpg\" alt=\"\" class=\"wp-image-741\" srcset=\"https:\/\/www.ogrodnick.pl\/word\/wp-content\/uploads\/2020\/03\/elsholtzia_stauntonii_kwiatostany.jpg 500w, https:\/\/www.ogrodnick.pl\/word\/wp-content\/uploads\/2020\/03\/elsholtzia_stauntonii_kwiatostany-239x300.jpg 239w\" sizes=\"auto, (max-width: 500px) 100vw, 500px\" \/><\/figure><\/div>\n<\/div>\n<\/div>\n\n\n\n<div class=\"wp-block-image\"><figure class=\"aligncenter size-large\"><img loading=\"lazy\" decoding=\"async\" width=\"500\" height=\"334\" src=\"https:\/\/www.ogrodnick.pl\/word\/wp-content\/uploads\/2020\/03\/elsholtzia_stauntonii_kwiatkiMacro.jpg\" alt=\"\" class=\"wp-image-740\" srcset=\"https:\/\/www.ogrodnick.pl\/word\/wp-content\/uploads\/2020\/03\/elsholtzia_stauntonii_kwiatkiMacro.jpg 500w, https:\/\/www.ogrodnick.pl\/word\/wp-content\/uploads\/2020\/03\/elsholtzia_stauntonii_kwiatkiMacro-300x200.jpg 300w\" sizes=\"auto, (max-width: 500px) 100vw, 500px\" \/><\/figure><\/div>\n","protected":false},"excerpt":{"rendered":"<p>Marzymi\u0119ta chi\u0144ska, elszolcja&nbsp;(Elsholtzia stauntonii)&nbsp;pochodzi z p\u00f3\u0142nocnych Chin. OPIS:&nbsp;&nbsp;&nbsp;&nbsp;Marzymi\u0119ta chi\u0144ska jest p\u00f3\u0142krzewem, osi\u0105ga niewiele ponad metr wysoko\u015bci.&nbsp;&nbsp;&nbsp;&nbsp;Swoj\u0105 nazw\u0119 zawdzi\u0119cza przyjemnemu aromatowi jaki wydzielaj\u0105 jej li\u015bcie po roztarciu, jednak najwi\u0119ksz\u0105 atrakcj\u0105 marzymi\u0119ty s\u0105 pojawiaj\u0105ce si\u0119 jesieni\u0105 liliowor\u00f3\u017cowe lub fioletowe kwiatki zebrane w nawet 20-centymetrowej d\u0142ugo\u015bci k\u0142osowate kwiatostany. Marzymi\u0119ta potrafi kwitn\u0105\u0107 bardzo d\u0142ugo &#8211; je\u015bli pocz\u0105tek jesieni jest [&hellip;]<\/p>\n","protected":false},"author":1,"featured_media":0,"parent":0,"menu_order":0,"comment_status":"closed","ping_status":"closed","template":"","meta":{"footnotes":""},"class_list":["post-418","page","type-page","status-publish","hentry"],"_links":{"self":[{"href":"https:\/\/www.ogrodnick.pl\/word\/wp-json\/wp\/v2\/pages\/418","targetHints":{"allow":["GET"]}}],"collection":[{"href":"https:\/\/www.ogrodnick.pl\/word\/wp-json\/wp\/v2\/pages"}],"about":[{"href":"https:\/\/www.ogrodnick.pl\/word\/wp-json\/wp\/v2\/types\/page"}],"author":[{"embeddable":true,"href":"https:\/\/www.ogrodnick.pl\/word\/wp-json\/wp\/v2\/users\/1"}],"replies":[{"embeddable":true,"href":"https:\/\/www.ogrodnick.pl\/word\/wp-json\/wp\/v2\/comments?post=418"}],"version-history":[{"count":2,"href":"https:\/\/www.ogrodnick.pl\/word\/wp-json\/wp\/v2\/pages\/418\/revisions"}],"predecessor-version":[{"id":1069,"href":"https:\/\/www.ogrodnick.pl\/word\/wp-json\/wp\/v2\/pages\/418\/revisions\/1069"}],"wp:attachment":[{"href":"https:\/\/www.ogrodnick.pl\/word\/wp-json\/wp\/v2\/media?parent=418"}],"curies":[{"name":"wp","href":"https:\/\/api.w.org\/{rel}","templated":true}]}}