{"id":414,"date":"2020-03-14T10:25:33","date_gmt":"2020-03-14T10:25:33","guid":{"rendered":"http:\/\/www.ogrodnick.pl\/word\/?page_id=414"},"modified":"2020-03-23T10:47:57","modified_gmt":"2020-03-23T10:47:57","slug":"trzmielina-oskrzydlona-euonymus-alatus","status":"publish","type":"page","link":"https:\/\/www.ogrodnick.pl\/word\/trzmielina-oskrzydlona-euonymus-alatus\/","title":{"rendered":"Trzmielina oskrzydlona (Euonymus alatus)"},"content":{"rendered":"\n<div class=\"wp-block-group alignfull\"><div class=\"wp-block-group__inner-container is-layout-flow wp-block-group-is-layout-flow\">\n<p>Trzmielina oskrzydlona&nbsp;<em>(Euonymus alatus)<\/em>&nbsp;wyst\u0119puje we wschodniej Azji i w Japonii.<\/p>\n<\/div><\/div>\n\n\n\n<div class=\"wp-block-columns alignfull is-layout-flex wp-container-core-columns-is-layout-9d6595d7 wp-block-columns-is-layout-flex\">\n<div class=\"wp-block-column is-layout-flow wp-block-column-is-layout-flow\">\n<p><strong>OPIS:<br><\/strong>W handlu cz\u0119sto spotykana jest s\u0142abo rosn\u0105ca odmiana trzmieliny oskrzydlonej &#8222;Compactus&#8221;, powszechne jest przekonanie, \u017ce ta trzmielina to ma\u0142y krzew&#8230; &nbsp;&nbsp;&nbsp;&nbsp;Nieprawda! W ojczy\u017anie bywa du\u017cym krzewem lub nawet 7-metrowym drzewkiem o poziomo rozpostartych ga\u0142\u0119ziach. W Polsce mo\u017ce osi\u0105gn\u0105\u0107 3-4 metry wysoko\u015bci. &nbsp;&nbsp;&nbsp;Szczeg\u00f3lnie efektowny jesieni\u0105, kiedy jego li\u015bcie przybieraj\u0105 jaskrawy, czerwony kolor &#8211; pod tym wzgl\u0119dem nie ma sobie r\u00f3wnych. Od tego wzi\u0119\u0142a si\u0119 angielska nazwa tej trzmieliny:&nbsp;<em>Burning bush<\/em>&nbsp;czyli p\u0142on\u0105cy krzew. Kolorowe li\u015bcie mog\u0105 si\u0119 utrzymywa\u0107 na krzewach ponad miesi\u0105c.&nbsp;<br>&nbsp;&nbsp;&nbsp;W okresie bezlistnym wzrok przyci\u0105gaj\u0105 niezwykle wygl\u0105daj\u0105ce &#8222;skrzydlate&#8221; p\u0119dy z szerokimi nawet na 15 mm listewkami korkowymi &#8211; od tego z kolei pochodz\u0105 nazwy \u0142aci\u0144ska i polska.<\/p>\n<\/div>\n\n\n\n<div class=\"wp-block-column is-layout-flow wp-block-column-is-layout-flow\">\n<div class=\"wp-block-image\"><figure class=\"aligncenter size-large\"><img loading=\"lazy\" decoding=\"async\" width=\"500\" height=\"382\" src=\"https:\/\/www.ogrodnick.pl\/word\/wp-content\/uploads\/2020\/03\/euonymus_alatus_krzew2.jpg\" alt=\"\" class=\"wp-image-760\" srcset=\"https:\/\/www.ogrodnick.pl\/word\/wp-content\/uploads\/2020\/03\/euonymus_alatus_krzew2.jpg 500w, https:\/\/www.ogrodnick.pl\/word\/wp-content\/uploads\/2020\/03\/euonymus_alatus_krzew2-300x229.jpg 300w\" sizes=\"auto, (max-width: 500px) 100vw, 500px\" \/><\/figure><\/div>\n<\/div>\n<\/div>\n\n\n\n<div class=\"wp-block-columns alignfull is-layout-flex wp-container-core-columns-is-layout-9d6595d7 wp-block-columns-is-layout-flex\">\n<div class=\"wp-block-column is-layout-flow wp-block-column-is-layout-flow\">\n<p><strong>UPRAWA:<\/strong><br>Wymagania glebowe skromne, naj\u0142adniej przebarwia si\u0119 na stanowiskach s\u0142onecznych. Bardzo odporna na mrozy i susz\u0119, doskonale znosi ci\u0119cie (\u017cywop\u0142oty).<br>&nbsp;&nbsp;&nbsp; W pierwszych latach ro\u015bnie wolno, 10-letnie krzewy osi\u0105gaj\u0105 2 metry wysoko\u015bci.<\/p>\n<\/div>\n\n\n\n<div class=\"wp-block-column is-layout-flow wp-block-column-is-layout-flow\">\n<div class=\"wp-block-image\"><figure class=\"aligncenter size-large\"><img loading=\"lazy\" decoding=\"async\" width=\"500\" height=\"358\" src=\"https:\/\/www.ogrodnick.pl\/word\/wp-content\/uploads\/2020\/03\/euonymus_alatus_listewki1.jpg\" alt=\"\" class=\"wp-image-762\" srcset=\"https:\/\/www.ogrodnick.pl\/word\/wp-content\/uploads\/2020\/03\/euonymus_alatus_listewki1.jpg 500w, https:\/\/www.ogrodnick.pl\/word\/wp-content\/uploads\/2020\/03\/euonymus_alatus_listewki1-300x215.jpg 300w\" sizes=\"auto, (max-width: 500px) 100vw, 500px\" \/><\/figure><\/div>\n<\/div>\n<\/div>\n\n\n\n<div class=\"wp-block-image\"><figure class=\"aligncenter size-large\"><img loading=\"lazy\" decoding=\"async\" width=\"500\" height=\"371\" src=\"https:\/\/www.ogrodnick.pl\/word\/wp-content\/uploads\/2020\/03\/euonymus_alatus_jesien1.jpg\" alt=\"\" class=\"wp-image-758\" srcset=\"https:\/\/www.ogrodnick.pl\/word\/wp-content\/uploads\/2020\/03\/euonymus_alatus_jesien1.jpg 500w, https:\/\/www.ogrodnick.pl\/word\/wp-content\/uploads\/2020\/03\/euonymus_alatus_jesien1-300x223.jpg 300w\" sizes=\"auto, (max-width: 500px) 100vw, 500px\" \/><\/figure><\/div>\n","protected":false},"excerpt":{"rendered":"<p>Trzmielina oskrzydlona&nbsp;(Euonymus alatus)&nbsp;wyst\u0119puje we wschodniej Azji i w Japonii. OPIS:W handlu cz\u0119sto spotykana jest s\u0142abo rosn\u0105ca odmiana trzmieliny oskrzydlonej &#8222;Compactus&#8221;, powszechne jest przekonanie, \u017ce ta trzmielina to ma\u0142y krzew&#8230; &nbsp;&nbsp;&nbsp;&nbsp;Nieprawda! W ojczy\u017anie bywa du\u017cym krzewem lub nawet 7-metrowym drzewkiem o poziomo rozpostartych ga\u0142\u0119ziach. W Polsce mo\u017ce osi\u0105gn\u0105\u0107 3-4 metry wysoko\u015bci. &nbsp;&nbsp;&nbsp;Szczeg\u00f3lnie efektowny jesieni\u0105, kiedy jego [&hellip;]<\/p>\n","protected":false},"author":1,"featured_media":0,"parent":0,"menu_order":0,"comment_status":"closed","ping_status":"closed","template":"","meta":{"footnotes":""},"class_list":["post-414","page","type-page","status-publish","hentry"],"_links":{"self":[{"href":"https:\/\/www.ogrodnick.pl\/word\/wp-json\/wp\/v2\/pages\/414","targetHints":{"allow":["GET"]}}],"collection":[{"href":"https:\/\/www.ogrodnick.pl\/word\/wp-json\/wp\/v2\/pages"}],"about":[{"href":"https:\/\/www.ogrodnick.pl\/word\/wp-json\/wp\/v2\/types\/page"}],"author":[{"embeddable":true,"href":"https:\/\/www.ogrodnick.pl\/word\/wp-json\/wp\/v2\/users\/1"}],"replies":[{"embeddable":true,"href":"https:\/\/www.ogrodnick.pl\/word\/wp-json\/wp\/v2\/comments?post=414"}],"version-history":[{"count":2,"href":"https:\/\/www.ogrodnick.pl\/word\/wp-json\/wp\/v2\/pages\/414\/revisions"}],"predecessor-version":[{"id":1111,"href":"https:\/\/www.ogrodnick.pl\/word\/wp-json\/wp\/v2\/pages\/414\/revisions\/1111"}],"wp:attachment":[{"href":"https:\/\/www.ogrodnick.pl\/word\/wp-json\/wp\/v2\/media?parent=414"}],"curies":[{"name":"wp","href":"https:\/\/api.w.org\/{rel}","templated":true}]}}

<div class="wp-block-group alignfull"><div class="wp-block-group__inner-container is-layout-flow wp-block-group-is-layout-flow">
<p>Trzmielina oskrzydlona&nbsp;<em>(Euonymus alatus)</em>&nbsp;występuje we wschodniej Azji i w Japonii.</p>
</div></div>



<div class="wp-block-columns alignfull is-layout-flex wp-container-core-columns-is-layout-9d6595d7 wp-block-columns-is-layout-flex">
<div class="wp-block-column is-layout-flow wp-block-column-is-layout-flow">
<p><strong>OPIS:<br></strong>W handlu często spotykana jest słabo rosnąca odmiana trzmieliny oskrzydlonej &#8222;Compactus&#8221;, powszechne jest przekonanie, że ta trzmielina to mały krzew&#8230; &nbsp;&nbsp;&nbsp;&nbsp;Nieprawda! W ojczyźnie bywa dużym krzewem lub nawet 7-metrowym drzewkiem o poziomo rozpostartych gałęziach. W Polsce może osiągnąć 3-4 metry wysokości. &nbsp;&nbsp;&nbsp;Szczególnie efektowny jesienią, kiedy jego liście przybierają jaskrawy, czerwony kolor &#8211; pod tym względem nie ma sobie równych. Od tego wzięła się angielska nazwa tej trzmieliny:&nbsp;<em>Burning bush</em>&nbsp;czyli płonący krzew. Kolorowe liście mogą się utrzymywać na krzewach ponad miesiąc.&nbsp;<br>&nbsp;&nbsp;&nbsp;W okresie bezlistnym wzrok przyciągają niezwykle wyglądające &#8222;skrzydlate&#8221; pędy z szerokimi nawet na 15 mm listewkami korkowymi &#8211; od tego z kolei pochodzą nazwy łacińska i polska.</p>
</div>



<div class="wp-block-column is-layout-flow wp-block-column-is-layout-flow">
<div class="wp-block-image"><figure class="aligncenter size-large"><img loading="lazy" decoding="async" width="500" height="382" src="https://www.ogrodnick.pl/word/wp-content/uploads/2020/03/euonymus_alatus_krzew2.jpg" alt="" class="wp-image-760" srcset="https://www.ogrodnick.pl/word/wp-content/uploads/2020/03/euonymus_alatus_krzew2.jpg 500w, https://www.ogrodnick.pl/word/wp-content/uploads/2020/03/euonymus_alatus_krzew2-300x229.jpg 300w" sizes="auto, (max-width: 500px) 100vw, 500px" /></figure></div>
</div>
</div>



<div class="wp-block-columns alignfull is-layout-flex wp-container-core-columns-is-layout-9d6595d7 wp-block-columns-is-layout-flex">
<div class="wp-block-column is-layout-flow wp-block-column-is-layout-flow">
<p><strong>UPRAWA:</strong><br>Wymagania glebowe skromne, najładniej przebarwia się na stanowiskach słonecznych. Bardzo odporna na mrozy i suszę, doskonale znosi cięcie (żywopłoty).<br>&nbsp;&nbsp;&nbsp; W pierwszych latach rośnie wolno, 10-letnie krzewy osiągają 2 metry wysokości.</p>
</div>



<div class="wp-block-column is-layout-flow wp-block-column-is-layout-flow">
<div class="wp-block-image"><figure class="aligncenter size-large"><img loading="lazy" decoding="async" width="500" height="358" src="https://www.ogrodnick.pl/word/wp-content/uploads/2020/03/euonymus_alatus_listewki1.jpg" alt="" class="wp-image-762" srcset="https://www.ogrodnick.pl/word/wp-content/uploads/2020/03/euonymus_alatus_listewki1.jpg 500w, https://www.ogrodnick.pl/word/wp-content/uploads/2020/03/euonymus_alatus_listewki1-300x215.jpg 300w" sizes="auto, (max-width: 500px) 100vw, 500px" /></figure></div>
</div>
</div>



<div class="wp-block-image"><figure class="aligncenter size-large"><img loading="lazy" decoding="async" width="500" height="371" src="https://www.ogrodnick.pl/word/wp-content/uploads/2020/03/euonymus_alatus_jesien1.jpg" alt="" class="wp-image-758" srcset="https://www.ogrodnick.pl/word/wp-content/uploads/2020/03/euonymus_alatus_jesien1.jpg 500w, https://www.ogrodnick.pl/word/wp-content/uploads/2020/03/euonymus_alatus_jesien1-300x223.jpg 300w" sizes="auto, (max-width: 500px) 100vw, 500px" /></figure></div>

<p>Trzmielina oskrzydlona&nbsp;(Euonymus alatus)&nbsp;występuje we wschodniej Azji i w Japonii. OPIS:W handlu często spotykana jest słabo rosnąca odmiana trzmieliny oskrzydlonej &#8222;Compactus&#8221;, powszechne jest przekonanie, że ta trzmielina to mały krzew&#8230; &nbsp;&nbsp;&nbsp;&nbsp;Nieprawda! W ojczyźnie bywa dużym krzewem lub nawet 7-metrowym drzewkiem o poziomo rozpostartych gałęziach. W Polsce może osiągnąć 3-4 metry wysokości. &nbsp;&nbsp;&nbsp;Szczególnie efektowny jesienią, kiedy jego [&hellip;]</p>
