{"id":405,"date":"2020-03-14T10:03:56","date_gmt":"2020-03-14T10:03:56","guid":{"rendered":"http:\/\/www.ogrodnick.pl\/word\/?page_id=405"},"modified":"2020-03-20T12:52:44","modified_gmt":"2020-03-20T12:52:44","slug":"glog-szkarlatny-odm-pyszna-crataegus-pedicellata-var-gloriosa","status":"publish","type":"page","link":"https:\/\/www.ogrodnick.pl\/word\/glog-szkarlatny-odm-pyszna-crataegus-pedicellata-var-gloriosa\/","title":{"rendered":"G\u0142\u00f3g szkar\u0142atny odm. pyszna (Crataegus pedicellata var. gloriosa)"},"content":{"rendered":"\n<div class=\"wp-block-group alignfull\"><div class=\"wp-block-group__inner-container is-layout-flow wp-block-group-is-layout-flow\">\n<p>G\u0142\u00f3g szkar\u0142atny odm. pyszna&nbsp;(<em>Crataegus pedicellata var. gloriosa<\/em>&nbsp;ale r\u00f3wnie\u017c&nbsp;<em>Crataegus delecta, Crataegus coccinea var. gloriosa, Crataegus coccinea var. pringlei, Crataegus pringlei, Crataegus exclusa)<\/em> wyst\u0119puje w p\u00f3\u0142nocno-wschodniej cz\u0119\u015bci Stan\u00f3w zjednoczonych i w Kanadzie, odmiana o soczystych i pachn\u0105cych owocach (dlatego &#8222;pyszna&#8221;) pochodzi z okolic Nowego Jorku.<\/p>\n<\/div><\/div>\n\n\n\n<div class=\"wp-block-columns alignfull is-layout-flex wp-container-core-columns-is-layout-9d6595d7 wp-block-columns-is-layout-flex\">\n<div class=\"wp-block-column is-layout-flow wp-block-column-is-layout-flow\">\n<p><strong>OPIS:<br><\/strong>&nbsp;&nbsp;&nbsp;G\u0142ogi szkar\u0142atne to wysokie krzewy lub kilkumetrowe drzewka z poziomo rozpostartymi ga\u0142\u0119ziami. W m\u0142odo\u015bci s\u0105 bardzo kolczaste (na silnie rosn\u0105cych p\u0119dach mocne, ponad 5-centymetrowe ciernie), na starszych wolno rosn\u0105cych drzewach ciernie zanikaj\u0105. W zwi\u0105zku z tym, \u017ce g\u0142ogi szkar\u0142atne doskonale znosz\u0105 przycinanie, \u015bwietnie nadaj\u0105 si\u0119 na obronne \u017cywop\u0142oty. Spl\u0105tane, bardzo kolczaste p\u0119dy odro\u015blowe tworz\u0105 barier\u0119 nie do przebycia.&nbsp;<br>&nbsp;&nbsp;&nbsp;G\u0142ogi szkar\u0142atne pi\u0119knie wygl\u0105daj\u0105 obsypane zar\u00f3\u017cowionymi kwiatami w maju, natomiast w sierpniu i wrze\u015bniu zdobi je mn\u00f3stwo jaskrawoczerwonych owoc\u00f3w. Odmiana pyszna, jak wskazuje nazwa, wyr\u00f3\u017cnia si\u0119 owocami soczystymi i pachn\u0105cymi. S\u0105 wi\u0119ksze ni\u017c u typu (maj\u0105 oko\u0142o 2 cm \u015brednicy), smaczne na surowo, znakomicie nadaj\u0105 si\u0119 na wino oraz d\u017cemy, galaretki i inne przetwory.&nbsp;<br>&nbsp;&nbsp;&nbsp;Dojrza\u0142e owoce s\u0105 mi\u0119kkie i szybko opadaj\u0105, aby je zebra\u0107 w celach konsumpcyjnych najpro\u015bciej jest roz\u0142o\u017cy\u0107 pod drzewkiem foli\u0119 lub p\u0142acht\u0119 i potrz\u0105sn\u0105\u0107 &#8211; dojrza\u0142e spadn\u0105, niedojrza\u0142e strz\u0105\u015bniemy za kilka dni.&nbsp;<br>&nbsp;&nbsp;&nbsp; Li\u015bcie z ostrymi klapami maj\u0105 zwykle 6-10 centymetr\u00f3w d\u0142ugo\u015bci, jesieni\u0105 przebarwiaj\u0105 si\u0119 na r\u00f3\u017cowo, pomara\u0144czowo i \u017c\u00f3\u0142to.&nbsp;&nbsp;<\/p>\n<\/div>\n\n\n\n<div class=\"wp-block-column is-layout-flow wp-block-column-is-layout-flow\">\n<div class=\"wp-block-image\"><figure class=\"aligncenter size-large\"><img loading=\"lazy\" decoding=\"async\" width=\"500\" height=\"666\" src=\"https:\/\/www.ogrodnick.pl\/word\/wp-content\/uploads\/2020\/03\/crataegus_gloriosa_drzewko_owoce500.jpg\" alt=\"\" class=\"wp-image-713\" srcset=\"https:\/\/www.ogrodnick.pl\/word\/wp-content\/uploads\/2020\/03\/crataegus_gloriosa_drzewko_owoce500.jpg 500w, https:\/\/www.ogrodnick.pl\/word\/wp-content\/uploads\/2020\/03\/crataegus_gloriosa_drzewko_owoce500-225x300.jpg 225w\" sizes=\"auto, (max-width: 500px) 100vw, 500px\" \/><\/figure><\/div>\n<\/div>\n<\/div>\n\n\n\n<div class=\"wp-block-columns alignfull is-layout-flex wp-container-core-columns-is-layout-9d6595d7 wp-block-columns-is-layout-flex\">\n<div class=\"wp-block-column is-layout-flow wp-block-column-is-layout-flow\">\n<p><strong>UPRAWA:<\/strong>&nbsp;<br>&nbsp;&nbsp;&nbsp;G\u0142ogi szkar\u0142atne s\u0105 zupe\u0142nie odporne na mrozy, odporne na susz\u0119 ale na glebach bardzo suchych i ubogich wcze\u015bniej gubi\u0105 li\u015bcie. Niewybredne co do gleby, mog\u0105 rosn\u0105\u0107 r\u00f3wnie\u017c na glebach o odczynie wyra\u017anie zasadowym &#8211; taka jest cz\u0119sto na niedawnych placach budowy.&nbsp;<br>&nbsp;&nbsp;&nbsp; G\u0142ogi szkar\u0142atne najobficiej kwitn\u0105 i owocuj\u0105 na stanowiskach s\u0142onecznych, s\u0105 odporne na choroby, nie zjadaj\u0105 ich polskie szkodniki.<\/p>\n<\/div>\n\n\n\n<div class=\"wp-block-column is-layout-flow wp-block-column-is-layout-flow\">\n<div class=\"wp-block-image\"><figure class=\"aligncenter size-large\"><img loading=\"lazy\" decoding=\"async\" width=\"500\" height=\"399\" src=\"https:\/\/www.ogrodnick.pl\/word\/wp-content\/uploads\/2020\/03\/crataegus_pedicellata_miarka500.jpeg\" alt=\"\" class=\"wp-image-717\" srcset=\"https:\/\/www.ogrodnick.pl\/word\/wp-content\/uploads\/2020\/03\/crataegus_pedicellata_miarka500.jpeg 500w, https:\/\/www.ogrodnick.pl\/word\/wp-content\/uploads\/2020\/03\/crataegus_pedicellata_miarka500-300x239.jpeg 300w\" sizes=\"auto, (max-width: 500px) 100vw, 500px\" \/><\/figure><\/div>\n<\/div>\n<\/div>\n\n\n\n<div class=\"wp-block-image\"><figure class=\"aligncenter size-large\"><img loading=\"lazy\" decoding=\"async\" width=\"500\" height=\"341\" src=\"https:\/\/www.ogrodnick.pl\/word\/wp-content\/uploads\/2020\/03\/crataegus_gloriosa_kwiatki500.jpg\" alt=\"\" class=\"wp-image-714\" srcset=\"https:\/\/www.ogrodnick.pl\/word\/wp-content\/uploads\/2020\/03\/crataegus_gloriosa_kwiatki500.jpg 500w, https:\/\/www.ogrodnick.pl\/word\/wp-content\/uploads\/2020\/03\/crataegus_gloriosa_kwiatki500-300x205.jpg 300w\" sizes=\"auto, (max-width: 500px) 100vw, 500px\" \/><\/figure><\/div>\n","protected":false},"excerpt":{"rendered":"<p>G\u0142\u00f3g szkar\u0142atny odm. pyszna&nbsp;(Crataegus pedicellata var. gloriosa&nbsp;ale r\u00f3wnie\u017c&nbsp;Crataegus delecta, Crataegus coccinea var. gloriosa, Crataegus coccinea var. pringlei, Crataegus pringlei, Crataegus exclusa) wyst\u0119puje w p\u00f3\u0142nocno-wschodniej cz\u0119\u015bci Stan\u00f3w zjednoczonych i w Kanadzie, odmiana o soczystych i pachn\u0105cych owocach (dlatego &#8222;pyszna&#8221;) pochodzi z okolic Nowego Jorku. OPIS:&nbsp;&nbsp;&nbsp;G\u0142ogi szkar\u0142atne to wysokie krzewy lub kilkumetrowe drzewka z poziomo rozpostartymi ga\u0142\u0119ziami. [&hellip;]<\/p>\n","protected":false},"author":1,"featured_media":0,"parent":0,"menu_order":0,"comment_status":"closed","ping_status":"closed","template":"","meta":{"footnotes":""},"class_list":["post-405","page","type-page","status-publish","hentry"],"_links":{"self":[{"href":"https:\/\/www.ogrodnick.pl\/word\/wp-json\/wp\/v2\/pages\/405","targetHints":{"allow":["GET"]}}],"collection":[{"href":"https:\/\/www.ogrodnick.pl\/word\/wp-json\/wp\/v2\/pages"}],"about":[{"href":"https:\/\/www.ogrodnick.pl\/word\/wp-json\/wp\/v2\/types\/page"}],"author":[{"embeddable":true,"href":"https:\/\/www.ogrodnick.pl\/word\/wp-json\/wp\/v2\/users\/1"}],"replies":[{"embeddable":true,"href":"https:\/\/www.ogrodnick.pl\/word\/wp-json\/wp\/v2\/comments?post=405"}],"version-history":[{"count":2,"href":"https:\/\/www.ogrodnick.pl\/word\/wp-json\/wp\/v2\/pages\/405\/revisions"}],"predecessor-version":[{"id":1039,"href":"https:\/\/www.ogrodnick.pl\/word\/wp-json\/wp\/v2\/pages\/405\/revisions\/1039"}],"wp:attachment":[{"href":"https:\/\/www.ogrodnick.pl\/word\/wp-json\/wp\/v2\/media?parent=405"}],"curies":[{"name":"wp","href":"https:\/\/api.w.org\/{rel}","templated":true}]}}

Głóg szkarłatny odm. pyszna (Crataegus pedicellata var. gloriosa)

<div class="wp-block-group alignfull"><div class="wp-block-group__inner-container is-layout-flow wp-block-group-is-layout-flow">
<p>Głóg szkarłatny odm. pyszna&nbsp;(<em>Crataegus pedicellata var. gloriosa</em>&nbsp;ale również&nbsp;<em>Crataegus delecta, Crataegus coccinea var. gloriosa, Crataegus coccinea var. pringlei, Crataegus pringlei, Crataegus exclusa)</em> występuje w północno-wschodniej części Stanów zjednoczonych i w Kanadzie, odmiana o soczystych i pachnących owocach (dlatego &#8222;pyszna&#8221;) pochodzi z okolic Nowego Jorku.</p>
</div></div>



<div class="wp-block-columns alignfull is-layout-flex wp-container-core-columns-is-layout-9d6595d7 wp-block-columns-is-layout-flex">
<div class="wp-block-column is-layout-flow wp-block-column-is-layout-flow">
<p><strong>OPIS:<br></strong>&nbsp;&nbsp;&nbsp;Głogi szkarłatne to wysokie krzewy lub kilkumetrowe drzewka z poziomo rozpostartymi gałęziami. W młodości są bardzo kolczaste (na silnie rosnących pędach mocne, ponad 5-centymetrowe ciernie), na starszych wolno rosnących drzewach ciernie zanikają. W związku z tym, że głogi szkarłatne doskonale znoszą przycinanie, świetnie nadają się na obronne żywopłoty. Splątane, bardzo kolczaste pędy odroślowe tworzą barierę nie do przebycia.&nbsp;<br>&nbsp;&nbsp;&nbsp;Głogi szkarłatne pięknie wyglądają obsypane zaróżowionymi kwiatami w maju, natomiast w sierpniu i wrześniu zdobi je mnóstwo jaskrawoczerwonych owoców. Odmiana pyszna, jak wskazuje nazwa, wyróżnia się owocami soczystymi i pachnącymi. Są większe niż u typu (mają około 2 cm średnicy), smaczne na surowo, znakomicie nadają się na wino oraz dżemy, galaretki i inne przetwory.&nbsp;<br>&nbsp;&nbsp;&nbsp;Dojrzałe owoce są miękkie i szybko opadają, aby je zebrać w celach konsumpcyjnych najprościej jest rozłożyć pod drzewkiem folię lub płachtę i potrząsnąć &#8211; dojrzałe spadną, niedojrzałe strząśniemy za kilka dni.&nbsp;<br>&nbsp;&nbsp;&nbsp; Liście z ostrymi klapami mają zwykle 6-10 centymetrów długości, jesienią przebarwiają się na różowo, pomarańczowo i żółto.&nbsp;&nbsp;</p>
</div>



<div class="wp-block-column is-layout-flow wp-block-column-is-layout-flow">
<div class="wp-block-image"><figure class="aligncenter size-large"><img loading="lazy" decoding="async" width="500" height="666" src="https://www.ogrodnick.pl/word/wp-content/uploads/2020/03/crataegus_gloriosa_drzewko_owoce500.jpg" alt="" class="wp-image-713" srcset="https://www.ogrodnick.pl/word/wp-content/uploads/2020/03/crataegus_gloriosa_drzewko_owoce500.jpg 500w, https://www.ogrodnick.pl/word/wp-content/uploads/2020/03/crataegus_gloriosa_drzewko_owoce500-225x300.jpg 225w" sizes="auto, (max-width: 500px) 100vw, 500px" /></figure></div>
</div>
</div>



<div class="wp-block-columns alignfull is-layout-flex wp-container-core-columns-is-layout-9d6595d7 wp-block-columns-is-layout-flex">
<div class="wp-block-column is-layout-flow wp-block-column-is-layout-flow">
<p><strong>UPRAWA:</strong>&nbsp;<br>&nbsp;&nbsp;&nbsp;Głogi szkarłatne są zupełnie odporne na mrozy, odporne na suszę ale na glebach bardzo suchych i ubogich wcześniej gubią liście. Niewybredne co do gleby, mogą rosnąć również na glebach o odczynie wyraźnie zasadowym &#8211; taka jest często na niedawnych placach budowy.&nbsp;<br>&nbsp;&nbsp;&nbsp; Głogi szkarłatne najobficiej kwitną i owocują na stanowiskach słonecznych, są odporne na choroby, nie zjadają ich polskie szkodniki.</p>
</div>



<div class="wp-block-column is-layout-flow wp-block-column-is-layout-flow">
<div class="wp-block-image"><figure class="aligncenter size-large"><img loading="lazy" decoding="async" width="500" height="399" src="https://www.ogrodnick.pl/word/wp-content/uploads/2020/03/crataegus_pedicellata_miarka500.jpeg" alt="" class="wp-image-717" srcset="https://www.ogrodnick.pl/word/wp-content/uploads/2020/03/crataegus_pedicellata_miarka500.jpeg 500w, https://www.ogrodnick.pl/word/wp-content/uploads/2020/03/crataegus_pedicellata_miarka500-300x239.jpeg 300w" sizes="auto, (max-width: 500px) 100vw, 500px" /></figure></div>
</div>
</div>



<div class="wp-block-image"><figure class="aligncenter size-large"><img loading="lazy" decoding="async" width="500" height="341" src="https://www.ogrodnick.pl/word/wp-content/uploads/2020/03/crataegus_gloriosa_kwiatki500.jpg" alt="" class="wp-image-714" srcset="https://www.ogrodnick.pl/word/wp-content/uploads/2020/03/crataegus_gloriosa_kwiatki500.jpg 500w, https://www.ogrodnick.pl/word/wp-content/uploads/2020/03/crataegus_gloriosa_kwiatki500-300x205.jpg 300w" sizes="auto, (max-width: 500px) 100vw, 500px" /></figure></div>

<p>Głóg szkarłatny odm. pyszna&nbsp;(Crataegus pedicellata var. gloriosa&nbsp;ale również&nbsp;Crataegus delecta, Crataegus coccinea var. gloriosa, Crataegus coccinea var. pringlei, Crataegus pringlei, Crataegus exclusa) występuje w północno-wschodniej części Stanów zjednoczonych i w Kanadzie, odmiana o soczystych i pachnących owocach (dlatego &#8222;pyszna&#8221;) pochodzi z okolic Nowego Jorku. OPIS:&nbsp;&nbsp;&nbsp;Głogi szkarłatne to wysokie krzewy lub kilkumetrowe drzewka z poziomo rozpostartymi gałęziami. [&hellip;]</p>
