{"id":404,"date":"2020-03-14T10:01:33","date_gmt":"2020-03-14T10:01:33","guid":{"rendered":"http:\/\/www.ogrodnick.pl\/word\/?page_id=404"},"modified":"2020-03-21T12:01:58","modified_gmt":"2020-03-21T12:01:58","slug":"leszczyna-turecka-corylus-colurna","status":"publish","type":"page","link":"https:\/\/www.ogrodnick.pl\/word\/leszczyna-turecka-corylus-colurna\/","title":{"rendered":"Leszczyna turecka (Corylus colurna)"},"content":{"rendered":"\n<div class=\"wp-block-group alignfull\"><div class=\"wp-block-group__inner-container is-layout-flow wp-block-group-is-layout-flow\">\n<p>Leszczyna turecka&nbsp;(<em>Corylus colurna<\/em>)&nbsp;ro\u015bnie w po\u0142udniowo-wschodniej Europie, w Turcji i na Kaukazie.<\/p>\n<\/div><\/div>\n\n\n\n<div class=\"wp-block-columns alignfull is-layout-flex wp-container-core-columns-is-layout-9d6595d7 wp-block-columns-is-layout-flex\">\n<div class=\"wp-block-column is-layout-flow wp-block-column-is-layout-flow\">\n<p><strong>OPIS:<br><\/strong>&nbsp;&nbsp;&nbsp;Drzewo o charakterystycznej niezwykle regularnej koronie i prostym pniu. \u017by\u0107 mo\u017ce do 200 lat, osi\u0105ga 25 metr\u00f3w wysoko\u015bci i ponad metrow\u0105 \u015brednic\u0119 pnia.&nbsp;<br>&nbsp;&nbsp;&nbsp;Leszczyna turecka jest jednym z najpi\u0119kniejszych drzew parkowych i ulicznych, efektownym o ka\u017cdej porze roku:&nbsp;<br>-w okresie bezlistnym zwraca uwag\u0119 kszta\u0142t korony &#8211; g\u0119ste drobne ga\u0142\u0105zki tworz\u0105ce r\u00f3wniutki sto\u017cek wygl\u0105daj\u0105 jak strzy\u017cone.&nbsp;<br>-w marcu drzewo jest obwieszone bardzo d\u0142ugimi (8-12 centymetr\u00f3w) \u017c\u00f3\u0142tymi kotkami.&nbsp;<br>-latem obficie ulistniona, nie imaj\u0105 si\u0119 jej \u017cadne szkodniki ani choroby.&nbsp;<br>-jesieni\u0105 li\u015bcie pi\u0119knie przebarwiaj\u0105 si\u0119 na \u017c\u00f3\u0142to.&nbsp;<br>&nbsp;&nbsp;&nbsp;Doskonale znosi warunki miejskie (gor\u0105co, suche i zanieczyszczone powietrze), \u015bwietnie sprawdza si\u0119 jako drzewo uliczne i wsz\u0119dzie tam, gdzie nie ma miejsca na drzewa z szerok\u0105, roz\u0142o\u017cyst\u0105 koron\u0105.&nbsp;<br>&nbsp;&nbsp;&nbsp;Bardzo interesuj\u0105ce s\u0105 owocostany leszczyny tureckiej. Orzechy, wielko\u015bci\u0105 zbli\u017cone do laskowych, os\u0142oni\u0119te s\u0105 postrz\u0119pionymi okrywami. Skupione po kilka-kilkana\u015bcie sztuk tworz\u0105 kolczaste kule wisz\u0105ce na kilkunastocentymetrowych szypu\u0142kach. Smaczne orzechy w bardzo twardych skorupach pojawiaj\u0105 si\u0119 dopiero na drzewach oko\u0142o 20-letnich.&nbsp;<\/p>\n<\/div>\n\n\n\n<div class=\"wp-block-column is-layout-flow wp-block-column-is-layout-flow\">\n<div class=\"wp-block-image\"><figure class=\"aligncenter size-large\"><img loading=\"lazy\" decoding=\"async\" width=\"500\" height=\"817\" src=\"https:\/\/www.ogrodnick.pl\/word\/wp-content\/uploads\/2020\/03\/Corylus_colurna_mloda1.jpg\" alt=\"\" class=\"wp-image-711\" srcset=\"https:\/\/www.ogrodnick.pl\/word\/wp-content\/uploads\/2020\/03\/Corylus_colurna_mloda1.jpg 500w, https:\/\/www.ogrodnick.pl\/word\/wp-content\/uploads\/2020\/03\/Corylus_colurna_mloda1-184x300.jpg 184w\" sizes=\"auto, (max-width: 500px) 100vw, 500px\" \/><\/figure><\/div>\n<\/div>\n<\/div>\n\n\n\n<div class=\"wp-block-columns alignfull is-layout-flex wp-container-core-columns-is-layout-9d6595d7 wp-block-columns-is-layout-flex\">\n<div class=\"wp-block-column is-layout-flow wp-block-column-is-layout-flow\">\n<p><strong>UPRAWA:<\/strong><br>&nbsp;&nbsp;&nbsp;Leszczyna turecka jest zupe\u0142nie odporna na mrozy, odporna na susz\u0119, ro\u015bnie powoli. Doskonale znosi zanieczyszczenie gleby i powietrza, warunki miejskie.&nbsp;<br>&nbsp;&nbsp;&nbsp;Mo\u017ce rosn\u0105\u0107 na ka\u017cdej glebie, ale najszybciej ro\u015bnie na \u017cyznych glebach gliniastych.<br>&nbsp;&nbsp;&nbsp;Stanowisko musi mie\u0107 s\u0142oneczne, tylko wtedy tworzy regularn\u0105 koron\u0119.<\/p>\n<\/div>\n\n\n\n<div class=\"wp-block-column is-layout-flow wp-block-column-is-layout-flow\">\n<div class=\"wp-block-image\"><figure class=\"aligncenter size-large\"><img loading=\"lazy\" decoding=\"async\" width=\"480\" height=\"351\" src=\"https:\/\/www.ogrodnick.pl\/word\/wp-content\/uploads\/2020\/03\/corylus_colurna_owoc1_al.jpg\" alt=\"\" class=\"wp-image-712\" srcset=\"https:\/\/www.ogrodnick.pl\/word\/wp-content\/uploads\/2020\/03\/corylus_colurna_owoc1_al.jpg 480w, https:\/\/www.ogrodnick.pl\/word\/wp-content\/uploads\/2020\/03\/corylus_colurna_owoc1_al-300x219.jpg 300w\" sizes=\"auto, (max-width: 480px) 100vw, 480px\" \/><\/figure><\/div>\n<\/div>\n<\/div>\n\n\n\n<div class=\"wp-block-image\"><figure class=\"aligncenter size-large\"><img loading=\"lazy\" decoding=\"async\" width=\"480\" height=\"586\" src=\"https:\/\/www.ogrodnick.pl\/word\/wp-content\/uploads\/2020\/03\/Corylus_colurna_aleja.jpg\" alt=\"\" class=\"wp-image-710\" srcset=\"https:\/\/www.ogrodnick.pl\/word\/wp-content\/uploads\/2020\/03\/Corylus_colurna_aleja.jpg 480w, https:\/\/www.ogrodnick.pl\/word\/wp-content\/uploads\/2020\/03\/Corylus_colurna_aleja-246x300.jpg 246w\" sizes=\"auto, (max-width: 480px) 100vw, 480px\" \/><\/figure><\/div>\n","protected":false},"excerpt":{"rendered":"<p>Leszczyna turecka&nbsp;(Corylus colurna)&nbsp;ro\u015bnie w po\u0142udniowo-wschodniej Europie, w Turcji i na Kaukazie. OPIS:&nbsp;&nbsp;&nbsp;Drzewo o charakterystycznej niezwykle regularnej koronie i prostym pniu. \u017by\u0107 mo\u017ce do 200 lat, osi\u0105ga 25 metr\u00f3w wysoko\u015bci i ponad metrow\u0105 \u015brednic\u0119 pnia.&nbsp;&nbsp;&nbsp;&nbsp;Leszczyna turecka jest jednym z najpi\u0119kniejszych drzew parkowych i ulicznych, efektownym o ka\u017cdej porze roku:&nbsp;-w okresie bezlistnym zwraca uwag\u0119 kszta\u0142t korony &#8211; [&hellip;]<\/p>\n","protected":false},"author":1,"featured_media":0,"parent":0,"menu_order":0,"comment_status":"closed","ping_status":"closed","template":"","meta":{"footnotes":""},"class_list":["post-404","page","type-page","status-publish","hentry"],"_links":{"self":[{"href":"https:\/\/www.ogrodnick.pl\/word\/wp-json\/wp\/v2\/pages\/404","targetHints":{"allow":["GET"]}}],"collection":[{"href":"https:\/\/www.ogrodnick.pl\/word\/wp-json\/wp\/v2\/pages"}],"about":[{"href":"https:\/\/www.ogrodnick.pl\/word\/wp-json\/wp\/v2\/types\/page"}],"author":[{"embeddable":true,"href":"https:\/\/www.ogrodnick.pl\/word\/wp-json\/wp\/v2\/users\/1"}],"replies":[{"embeddable":true,"href":"https:\/\/www.ogrodnick.pl\/word\/wp-json\/wp\/v2\/comments?post=404"}],"version-history":[{"count":2,"href":"https:\/\/www.ogrodnick.pl\/word\/wp-json\/wp\/v2\/pages\/404\/revisions"}],"predecessor-version":[{"id":1065,"href":"https:\/\/www.ogrodnick.pl\/word\/wp-json\/wp\/v2\/pages\/404\/revisions\/1065"}],"wp:attachment":[{"href":"https:\/\/www.ogrodnick.pl\/word\/wp-json\/wp\/v2\/media?parent=404"}],"curies":[{"name":"wp","href":"https:\/\/api.w.org\/{rel}","templated":true}]}}

<div class="wp-block-group alignfull"><div class="wp-block-group__inner-container is-layout-flow wp-block-group-is-layout-flow">
<p>Leszczyna turecka&nbsp;(<em>Corylus colurna</em>)&nbsp;rośnie w południowo-wschodniej Europie, w Turcji i na Kaukazie.</p>
</div></div>



<div class="wp-block-columns alignfull is-layout-flex wp-container-core-columns-is-layout-9d6595d7 wp-block-columns-is-layout-flex">
<div class="wp-block-column is-layout-flow wp-block-column-is-layout-flow">
<p><strong>OPIS:<br></strong>&nbsp;&nbsp;&nbsp;Drzewo o charakterystycznej niezwykle regularnej koronie i prostym pniu. Żyć może do 200 lat, osiąga 25 metrów wysokości i ponad metrową średnicę pnia.&nbsp;<br>&nbsp;&nbsp;&nbsp;Leszczyna turecka jest jednym z najpiękniejszych drzew parkowych i ulicznych, efektownym o każdej porze roku:&nbsp;<br>-w okresie bezlistnym zwraca uwagę kształt korony &#8211; gęste drobne gałązki tworzące równiutki stożek wyglądają jak strzyżone.&nbsp;<br>-w marcu drzewo jest obwieszone bardzo długimi (8-12 centymetrów) żółtymi kotkami.&nbsp;<br>-latem obficie ulistniona, nie imają się jej żadne szkodniki ani choroby.&nbsp;<br>-jesienią liście pięknie przebarwiają się na żółto.&nbsp;<br>&nbsp;&nbsp;&nbsp;Doskonale znosi warunki miejskie (gorąco, suche i zanieczyszczone powietrze), świetnie sprawdza się jako drzewo uliczne i wszędzie tam, gdzie nie ma miejsca na drzewa z szeroką, rozłożystą koroną.&nbsp;<br>&nbsp;&nbsp;&nbsp;Bardzo interesujące są owocostany leszczyny tureckiej. Orzechy, wielkością zbliżone do laskowych, osłonięte są postrzępionymi okrywami. Skupione po kilka-kilkanaście sztuk tworzą kolczaste kule wiszące na kilkunastocentymetrowych szypułkach. Smaczne orzechy w bardzo twardych skorupach pojawiają się dopiero na drzewach około 20-letnich.&nbsp;</p>
</div>



<div class="wp-block-column is-layout-flow wp-block-column-is-layout-flow">
<div class="wp-block-image"><figure class="aligncenter size-large"><img loading="lazy" decoding="async" width="500" height="817" src="https://www.ogrodnick.pl/word/wp-content/uploads/2020/03/Corylus_colurna_mloda1.jpg" alt="" class="wp-image-711" srcset="https://www.ogrodnick.pl/word/wp-content/uploads/2020/03/Corylus_colurna_mloda1.jpg 500w, https://www.ogrodnick.pl/word/wp-content/uploads/2020/03/Corylus_colurna_mloda1-184x300.jpg 184w" sizes="auto, (max-width: 500px) 100vw, 500px" /></figure></div>
</div>
</div>



<div class="wp-block-columns alignfull is-layout-flex wp-container-core-columns-is-layout-9d6595d7 wp-block-columns-is-layout-flex">
<div class="wp-block-column is-layout-flow wp-block-column-is-layout-flow">
<p><strong>UPRAWA:</strong><br>&nbsp;&nbsp;&nbsp;Leszczyna turecka jest zupełnie odporna na mrozy, odporna na suszę, rośnie powoli. Doskonale znosi zanieczyszczenie gleby i powietrza, warunki miejskie.&nbsp;<br>&nbsp;&nbsp;&nbsp;Może rosnąć na każdej glebie, ale najszybciej rośnie na żyznych glebach gliniastych.<br>&nbsp;&nbsp;&nbsp;Stanowisko musi mieć słoneczne, tylko wtedy tworzy regularną koronę.</p>
</div>



<div class="wp-block-column is-layout-flow wp-block-column-is-layout-flow">
<div class="wp-block-image"><figure class="aligncenter size-large"><img loading="lazy" decoding="async" width="480" height="351" src="https://www.ogrodnick.pl/word/wp-content/uploads/2020/03/corylus_colurna_owoc1_al.jpg" alt="" class="wp-image-712" srcset="https://www.ogrodnick.pl/word/wp-content/uploads/2020/03/corylus_colurna_owoc1_al.jpg 480w, https://www.ogrodnick.pl/word/wp-content/uploads/2020/03/corylus_colurna_owoc1_al-300x219.jpg 300w" sizes="auto, (max-width: 480px) 100vw, 480px" /></figure></div>
</div>
</div>



<div class="wp-block-image"><figure class="aligncenter size-large"><img loading="lazy" decoding="async" width="480" height="586" src="https://www.ogrodnick.pl/word/wp-content/uploads/2020/03/Corylus_colurna_aleja.jpg" alt="" class="wp-image-710" srcset="https://www.ogrodnick.pl/word/wp-content/uploads/2020/03/Corylus_colurna_aleja.jpg 480w, https://www.ogrodnick.pl/word/wp-content/uploads/2020/03/Corylus_colurna_aleja-246x300.jpg 246w" sizes="auto, (max-width: 480px) 100vw, 480px" /></figure></div>

<p>Leszczyna turecka&nbsp;(Corylus colurna)&nbsp;rośnie w południowo-wschodniej Europie, w Turcji i na Kaukazie. OPIS:&nbsp;&nbsp;&nbsp;Drzewo o charakterystycznej niezwykle regularnej koronie i prostym pniu. Żyć może do 200 lat, osiąga 25 metrów wysokości i ponad metrową średnicę pnia.&nbsp;&nbsp;&nbsp;&nbsp;Leszczyna turecka jest jednym z najpiękniejszych drzew parkowych i ulicznych, efektownym o każdej porze roku:&nbsp;-w okresie bezlistnym zwraca uwagę kształt korony &#8211; [&hellip;]</p>
