{"id":402,"date":"2020-03-14T09:56:59","date_gmt":"2020-03-14T09:56:59","guid":{"rendered":"http:\/\/www.ogrodnick.pl\/word\/?page_id=402"},"modified":"2020-03-20T12:40:09","modified_gmt":"2020-03-20T12:40:09","slug":"deren-kousa-cornus-kousa","status":"publish","type":"page","link":"https:\/\/www.ogrodnick.pl\/word\/deren-kousa-cornus-kousa\/","title":{"rendered":"Dere\u0144 kousa (Cornus kousa)"},"content":{"rendered":"\n<div class=\"wp-block-group alignfull\"><div class=\"wp-block-group__inner-container is-layout-flow wp-block-group-is-layout-flow\">\n<p>Dere\u0144 kousa (<em>Cornus kousa<\/em>)&nbsp;wyst\u0119puje w Japonii, Chinach i na P\u00f3\u0142wyspie Korea\u0144skim.<\/p>\n<\/div><\/div>\n\n\n\n<div class=\"wp-block-columns alignfull is-layout-flex wp-container-core-columns-is-layout-9d6595d7 wp-block-columns-is-layout-flex\">\n<div class=\"wp-block-column is-layout-flow wp-block-column-is-layout-flow\">\n<p><strong>OPIS:<br><\/strong>Deren kousa to najodporniejszy gatunek spo\u015br\u00f3d dereni &#8222;wielkokwiatowych&#8221;, azjatycki odpowiednik bardziej znanego, ameryka\u0144skiego derenia kwiecistego&nbsp;<em>(Cornus florida).<\/em>&nbsp;Podczas kwitnienia, w czerwcu, zdobi\u0105 go bia\u0142e 5-centymetrowe podsadki pod g\u0142\u00f3wkowatymi kwiatostanami. Kwitnie regularnie!<br>Ro\u015bnie powoli, w Polsce bywa wysokim krzewem, czasami ma\u0142ym drzewkiem.<br>Opr\u00f3cz odporno\u015bci na mrozy (&#8222;zimy stulecia&#8221; uszkadzaj\u0105 go nieznacznie) ma nad ameryka\u0144skim dereniem kwiecistym jeszcze jedn\u0105 przewag\u0119: obradza oko\u0142o 2 cm \u015brednicy dekoracyjne i smaczne owoce. Je\u015b\u0107 je mo\u017cna na surowo, mo\u017cna robi\u0107 znakomite przetwory.<br>Jesieni\u0105 pi\u0119knie przebarwia li\u015bcie na czerwono.<\/p>\n<\/div>\n\n\n\n<div class=\"wp-block-column is-layout-flow wp-block-column-is-layout-flow\">\n<div class=\"wp-block-image\"><figure class=\"aligncenter size-large\"><img loading=\"lazy\" decoding=\"async\" width=\"480\" height=\"383\" src=\"https:\/\/www.ogrodnick.pl\/word\/wp-content\/uploads\/2020\/03\/cornus_kousa_galezie.jpg\" alt=\"\" class=\"wp-image-704\" srcset=\"https:\/\/www.ogrodnick.pl\/word\/wp-content\/uploads\/2020\/03\/cornus_kousa_galezie.jpg 480w, https:\/\/www.ogrodnick.pl\/word\/wp-content\/uploads\/2020\/03\/cornus_kousa_galezie-300x239.jpg 300w\" sizes=\"auto, (max-width: 480px) 100vw, 480px\" \/><\/figure><\/div>\n<\/div>\n<\/div>\n\n\n\n<div class=\"wp-block-columns alignfull is-layout-flex wp-container-core-columns-is-layout-9d6595d7 wp-block-columns-is-layout-flex\">\n<div class=\"wp-block-column is-layout-flow wp-block-column-is-layout-flow\">\n<p><strong>UPRAWA:<br><\/strong>Doros\u0142e zupe\u0142nie odporne na mrozy, nie lubi gleb wapiennych i ja\u0142owych piask\u00f3w.<br>Stanowisko s\u0142oneczne (najlepiej kwitnie), ale ocieniony r\u00f3wnie\u017c b\u0119dzie rosn\u0105\u0107 zdrowo.<\/p>\n<\/div>\n\n\n\n<div class=\"wp-block-column is-layout-flow wp-block-column-is-layout-flow\">\n<div class=\"wp-block-image\"><figure class=\"aligncenter size-large\"><img loading=\"lazy\" decoding=\"async\" width=\"496\" height=\"373\" src=\"https:\/\/www.ogrodnick.pl\/word\/wp-content\/uploads\/2020\/03\/cornus_kousa_owocujacy.jpg\" alt=\"\" class=\"wp-image-706\" srcset=\"https:\/\/www.ogrodnick.pl\/word\/wp-content\/uploads\/2020\/03\/cornus_kousa_owocujacy.jpg 496w, https:\/\/www.ogrodnick.pl\/word\/wp-content\/uploads\/2020\/03\/cornus_kousa_owocujacy-300x226.jpg 300w\" sizes=\"auto, (max-width: 496px) 100vw, 496px\" \/><\/figure><\/div>\n<\/div>\n<\/div>\n\n\n\n<div class=\"wp-block-image\"><figure class=\"aligncenter size-large\"><img loading=\"lazy\" decoding=\"async\" width=\"480\" height=\"371\" src=\"https:\/\/www.ogrodnick.pl\/word\/wp-content\/uploads\/2020\/03\/cornus_kousa_kwiat.jpg\" alt=\"\" class=\"wp-image-705\" srcset=\"https:\/\/www.ogrodnick.pl\/word\/wp-content\/uploads\/2020\/03\/cornus_kousa_kwiat.jpg 480w, https:\/\/www.ogrodnick.pl\/word\/wp-content\/uploads\/2020\/03\/cornus_kousa_kwiat-300x232.jpg 300w\" sizes=\"auto, (max-width: 480px) 100vw, 480px\" \/><\/figure><\/div>\n","protected":false},"excerpt":{"rendered":"<p>Dere\u0144 kousa (Cornus kousa)&nbsp;wyst\u0119puje w Japonii, Chinach i na P\u00f3\u0142wyspie Korea\u0144skim. OPIS:Deren kousa to najodporniejszy gatunek spo\u015br\u00f3d dereni &#8222;wielkokwiatowych&#8221;, azjatycki odpowiednik bardziej znanego, ameryka\u0144skiego derenia kwiecistego&nbsp;(Cornus florida).&nbsp;Podczas kwitnienia, w czerwcu, zdobi\u0105 go bia\u0142e 5-centymetrowe podsadki pod g\u0142\u00f3wkowatymi kwiatostanami. Kwitnie regularnie!Ro\u015bnie powoli, w Polsce bywa wysokim krzewem, czasami ma\u0142ym drzewkiem.Opr\u00f3cz odporno\u015bci na mrozy (&#8222;zimy stulecia&#8221; uszkadzaj\u0105 [&hellip;]<\/p>\n","protected":false},"author":1,"featured_media":0,"parent":0,"menu_order":0,"comment_status":"closed","ping_status":"closed","template":"","meta":{"footnotes":""},"class_list":["post-402","page","type-page","status-publish","hentry"],"_links":{"self":[{"href":"https:\/\/www.ogrodnick.pl\/word\/wp-json\/wp\/v2\/pages\/402","targetHints":{"allow":["GET"]}}],"collection":[{"href":"https:\/\/www.ogrodnick.pl\/word\/wp-json\/wp\/v2\/pages"}],"about":[{"href":"https:\/\/www.ogrodnick.pl\/word\/wp-json\/wp\/v2\/types\/page"}],"author":[{"embeddable":true,"href":"https:\/\/www.ogrodnick.pl\/word\/wp-json\/wp\/v2\/users\/1"}],"replies":[{"embeddable":true,"href":"https:\/\/www.ogrodnick.pl\/word\/wp-json\/wp\/v2\/comments?post=402"}],"version-history":[{"count":2,"href":"https:\/\/www.ogrodnick.pl\/word\/wp-json\/wp\/v2\/pages\/402\/revisions"}],"predecessor-version":[{"id":1034,"href":"https:\/\/www.ogrodnick.pl\/word\/wp-json\/wp\/v2\/pages\/402\/revisions\/1034"}],"wp:attachment":[{"href":"https:\/\/www.ogrodnick.pl\/word\/wp-json\/wp\/v2\/media?parent=402"}],"curies":[{"name":"wp","href":"https:\/\/api.w.org\/{rel}","templated":true}]}}

Dereń kousa (Cornus kousa)

<div class="wp-block-group alignfull"><div class="wp-block-group__inner-container is-layout-flow wp-block-group-is-layout-flow">
<p>Dereń kousa (<em>Cornus kousa</em>)&nbsp;występuje w Japonii, Chinach i na Półwyspie Koreańskim.</p>
</div></div>



<div class="wp-block-columns alignfull is-layout-flex wp-container-core-columns-is-layout-9d6595d7 wp-block-columns-is-layout-flex">
<div class="wp-block-column is-layout-flow wp-block-column-is-layout-flow">
<p><strong>OPIS:<br></strong>Deren kousa to najodporniejszy gatunek spośród dereni &#8222;wielkokwiatowych&#8221;, azjatycki odpowiednik bardziej znanego, amerykańskiego derenia kwiecistego&nbsp;<em>(Cornus florida).</em>&nbsp;Podczas kwitnienia, w czerwcu, zdobią go białe 5-centymetrowe podsadki pod główkowatymi kwiatostanami. Kwitnie regularnie!<br>Rośnie powoli, w Polsce bywa wysokim krzewem, czasami małym drzewkiem.<br>Oprócz odporności na mrozy (&#8222;zimy stulecia&#8221; uszkadzają go nieznacznie) ma nad amerykańskim dereniem kwiecistym jeszcze jedną przewagę: obradza około 2 cm średnicy dekoracyjne i smaczne owoce. Jeść je można na surowo, można robić znakomite przetwory.<br>Jesienią pięknie przebarwia liście na czerwono.</p>
</div>



<div class="wp-block-column is-layout-flow wp-block-column-is-layout-flow">
<div class="wp-block-image"><figure class="aligncenter size-large"><img loading="lazy" decoding="async" width="480" height="383" src="https://www.ogrodnick.pl/word/wp-content/uploads/2020/03/cornus_kousa_galezie.jpg" alt="" class="wp-image-704" srcset="https://www.ogrodnick.pl/word/wp-content/uploads/2020/03/cornus_kousa_galezie.jpg 480w, https://www.ogrodnick.pl/word/wp-content/uploads/2020/03/cornus_kousa_galezie-300x239.jpg 300w" sizes="auto, (max-width: 480px) 100vw, 480px" /></figure></div>
</div>
</div>



<div class="wp-block-columns alignfull is-layout-flex wp-container-core-columns-is-layout-9d6595d7 wp-block-columns-is-layout-flex">
<div class="wp-block-column is-layout-flow wp-block-column-is-layout-flow">
<p><strong>UPRAWA:<br></strong>Dorosłe zupełnie odporne na mrozy, nie lubi gleb wapiennych i jałowych piasków.<br>Stanowisko słoneczne (najlepiej kwitnie), ale ocieniony również będzie rosnąć zdrowo.</p>
</div>



<div class="wp-block-column is-layout-flow wp-block-column-is-layout-flow">
<div class="wp-block-image"><figure class="aligncenter size-large"><img loading="lazy" decoding="async" width="496" height="373" src="https://www.ogrodnick.pl/word/wp-content/uploads/2020/03/cornus_kousa_owocujacy.jpg" alt="" class="wp-image-706" srcset="https://www.ogrodnick.pl/word/wp-content/uploads/2020/03/cornus_kousa_owocujacy.jpg 496w, https://www.ogrodnick.pl/word/wp-content/uploads/2020/03/cornus_kousa_owocujacy-300x226.jpg 300w" sizes="auto, (max-width: 496px) 100vw, 496px" /></figure></div>
</div>
</div>



<div class="wp-block-image"><figure class="aligncenter size-large"><img loading="lazy" decoding="async" width="480" height="371" src="https://www.ogrodnick.pl/word/wp-content/uploads/2020/03/cornus_kousa_kwiat.jpg" alt="" class="wp-image-705" srcset="https://www.ogrodnick.pl/word/wp-content/uploads/2020/03/cornus_kousa_kwiat.jpg 480w, https://www.ogrodnick.pl/word/wp-content/uploads/2020/03/cornus_kousa_kwiat-300x232.jpg 300w" sizes="auto, (max-width: 480px) 100vw, 480px" /></figure></div>

<p>Dereń kousa (Cornus kousa)&nbsp;występuje w Japonii, Chinach i na Półwyspie Koreańskim. OPIS:Deren kousa to najodporniejszy gatunek spośród dereni &#8222;wielkokwiatowych&#8221;, azjatycki odpowiednik bardziej znanego, amerykańskiego derenia kwiecistego&nbsp;(Cornus florida).&nbsp;Podczas kwitnienia, w czerwcu, zdobią go białe 5-centymetrowe podsadki pod główkowatymi kwiatostanami. Kwitnie regularnie!Rośnie powoli, w Polsce bywa wysokim krzewem, czasami małym drzewkiem.Oprócz odporności na mrozy (&#8222;zimy stulecia&#8221; uszkadzają [&hellip;]</p>
