{"id":401,"date":"2020-03-14T09:55:36","date_gmt":"2020-03-14T09:55:36","guid":{"rendered":"http:\/\/www.ogrodnick.pl\/word\/?page_id=401"},"modified":"2020-03-20T12:41:08","modified_gmt":"2020-03-20T12:41:08","slug":"deren-skretolistny-cornus-alternifolia","status":"publish","type":"page","link":"https:\/\/www.ogrodnick.pl\/word\/deren-skretolistny-cornus-alternifolia\/","title":{"rendered":"Dere\u0144 skr\u0119tolistny (Cornus alternifolia)"},"content":{"rendered":"\n<div class=\"wp-block-group alignfull\"><div class=\"wp-block-group__inner-container is-layout-flow wp-block-group-is-layout-flow\">\n<p>Dere\u0144 skr\u0119tolistny<em>&nbsp;(Cornus alternifolia)<\/em> wyst\u0119puje we wschodniej cz\u0119\u015bci Stan\u00f3w Zjednoczonych i Kanady.<\/p>\n<\/div><\/div>\n\n\n\n<div class=\"wp-block-columns alignfull is-layout-flex wp-container-core-columns-is-layout-9d6595d7 wp-block-columns-is-layout-flex\">\n<div class=\"wp-block-column is-layout-flow wp-block-column-is-layout-flow\">\n<p><strong>OPIS:<br><\/strong>Krzew lub kilkumetrowe drzewko wyr\u00f3\u017cniaj\u0105ce si\u0119 oryginalnym, niespotykanym pokrojem. Pi\u0119trowo rozpostarte ga\u0142\u0119zie (poziome u rosn\u0105cych w s\u0142o\u0144cu, sko\u015bnie opadaj\u0105ce u zacienionych) przypominaj\u0105 dachy dalekowschodniej pagody. St\u0105d angielska nazwa&nbsp;<em>Pagoda dogwood<\/em>&nbsp;czyli dere\u0144 pagodowy. U nas okre\u015blenie &#8222;dere\u0144 pagodowy&#8221; zosta\u0142o wcze\u015bniej zarezerwowane dla bli\u017aniaczo podobnego, azjatyckiego&nbsp;<em>Cornus controwersa<\/em>.&nbsp;<br>&nbsp;&nbsp;&nbsp;Dere\u0144 skr\u0119tolistny kwitnie w czerwcu &#8211; bia\u0142okremowe, pachn\u0105ce kwiatki skupione we wzniesionych 7-centymetrowych baldachach podkre\u015blaj\u0105 horyzontalny uk\u0142ad ga\u0142\u0119zi.<br>&nbsp;&nbsp;&nbsp; Jesieni\u0105 krzew zdobi\u0105 granatowoczarne owoce, po ich opadni\u0119ciu pozostaj\u0105 czerwone szypu\u0142ki. Li\u015bcie przybieraj\u0105 barwy pomara\u0144czowe, czerwone lub br\u0105zowe.<br>&nbsp;&nbsp;&nbsp;Zim\u0105 jest ozdobny za spraw\u0105 jaskrawoczerwonych p\u0119d\u00f3w, nie mniej czerwonych jak u derenia bia\u0142ego.<br>&nbsp;&nbsp;&nbsp; Obydwa gatunki &#8222;dereni pagodowych&#8221; to odmie\u0144cy \ud83d\ude09 &#8211; maj\u0105 p\u0105ki i li\u015bcie skr\u0119toleg\u0142e. U wszystkich pozosta\u0142ych dereni s\u0105 u\u0142o\u017cone parami, nakrzy\u017cleg\u0142e.<\/p>\n<\/div>\n\n\n\n<div class=\"wp-block-column is-layout-flow wp-block-column-is-layout-flow\">\n<div class=\"wp-block-image\"><figure class=\"aligncenter size-large\"><img loading=\"lazy\" decoding=\"async\" width=\"499\" height=\"601\" src=\"https:\/\/www.ogrodnick.pl\/word\/wp-content\/uploads\/2020\/03\/cornus_alternifolia_drzewko.jpg\" alt=\"\" class=\"wp-image-696\" srcset=\"https:\/\/www.ogrodnick.pl\/word\/wp-content\/uploads\/2020\/03\/cornus_alternifolia_drzewko.jpg 499w, https:\/\/www.ogrodnick.pl\/word\/wp-content\/uploads\/2020\/03\/cornus_alternifolia_drzewko-249x300.jpg 249w\" sizes=\"auto, (max-width: 499px) 100vw, 499px\" \/><\/figure><\/div>\n<\/div>\n<\/div>\n\n\n\n<div class=\"wp-block-columns alignfull is-layout-flex wp-container-core-columns-is-layout-9d6595d7 wp-block-columns-is-layout-flex\">\n<div class=\"wp-block-column is-layout-flow wp-block-column-is-layout-flow\">\n<p><strong>UPRAWA:<\/strong><br>Zupe\u0142nie odporny na mrozy, mo\u017ce rosn\u0105\u0107 w cieniu. Nie lubi gor\u0105ca i suchych gleb.<\/p>\n<\/div>\n\n\n\n<div class=\"wp-block-column is-layout-flow wp-block-column-is-layout-flow\">\n<div class=\"wp-block-image\"><figure class=\"aligncenter size-large\"><img loading=\"lazy\" decoding=\"async\" width=\"500\" height=\"411\" src=\"https:\/\/www.ogrodnick.pl\/word\/wp-content\/uploads\/2020\/03\/Cornus_alternifolia_kwiaty.jpg\" alt=\"\" class=\"wp-image-698\" srcset=\"https:\/\/www.ogrodnick.pl\/word\/wp-content\/uploads\/2020\/03\/Cornus_alternifolia_kwiaty.jpg 500w, https:\/\/www.ogrodnick.pl\/word\/wp-content\/uploads\/2020\/03\/Cornus_alternifolia_kwiaty-300x247.jpg 300w\" sizes=\"auto, (max-width: 500px) 100vw, 500px\" \/><\/figure><\/div>\n<\/div>\n<\/div>\n\n\n\n<div class=\"wp-block-image\"><figure class=\"aligncenter size-large\"><img loading=\"lazy\" decoding=\"async\" width=\"500\" height=\"423\" src=\"https:\/\/www.ogrodnick.pl\/word\/wp-content\/uploads\/2020\/03\/Cornus_alternifolia_jesien.jpg\" alt=\"\" class=\"wp-image-697\" srcset=\"https:\/\/www.ogrodnick.pl\/word\/wp-content\/uploads\/2020\/03\/Cornus_alternifolia_jesien.jpg 500w, https:\/\/www.ogrodnick.pl\/word\/wp-content\/uploads\/2020\/03\/Cornus_alternifolia_jesien-300x254.jpg 300w\" sizes=\"auto, (max-width: 500px) 100vw, 500px\" \/><\/figure><\/div>\n","protected":false},"excerpt":{"rendered":"<p>Dere\u0144 skr\u0119tolistny&nbsp;(Cornus alternifolia) wyst\u0119puje we wschodniej cz\u0119\u015bci Stan\u00f3w Zjednoczonych i Kanady. OPIS:Krzew lub kilkumetrowe drzewko wyr\u00f3\u017cniaj\u0105ce si\u0119 oryginalnym, niespotykanym pokrojem. Pi\u0119trowo rozpostarte ga\u0142\u0119zie (poziome u rosn\u0105cych w s\u0142o\u0144cu, sko\u015bnie opadaj\u0105ce u zacienionych) przypominaj\u0105 dachy dalekowschodniej pagody. St\u0105d angielska nazwa&nbsp;Pagoda dogwood&nbsp;czyli dere\u0144 pagodowy. U nas okre\u015blenie &#8222;dere\u0144 pagodowy&#8221; zosta\u0142o wcze\u015bniej zarezerwowane dla bli\u017aniaczo podobnego, azjatyckiego&nbsp;Cornus controwersa.&nbsp;&nbsp;&nbsp;&nbsp;Dere\u0144 [&hellip;]<\/p>\n","protected":false},"author":1,"featured_media":0,"parent":0,"menu_order":0,"comment_status":"closed","ping_status":"closed","template":"","meta":{"footnotes":""},"class_list":["post-401","page","type-page","status-publish","hentry"],"_links":{"self":[{"href":"https:\/\/www.ogrodnick.pl\/word\/wp-json\/wp\/v2\/pages\/401","targetHints":{"allow":["GET"]}}],"collection":[{"href":"https:\/\/www.ogrodnick.pl\/word\/wp-json\/wp\/v2\/pages"}],"about":[{"href":"https:\/\/www.ogrodnick.pl\/word\/wp-json\/wp\/v2\/types\/page"}],"author":[{"embeddable":true,"href":"https:\/\/www.ogrodnick.pl\/word\/wp-json\/wp\/v2\/users\/1"}],"replies":[{"embeddable":true,"href":"https:\/\/www.ogrodnick.pl\/word\/wp-json\/wp\/v2\/comments?post=401"}],"version-history":[{"count":2,"href":"https:\/\/www.ogrodnick.pl\/word\/wp-json\/wp\/v2\/pages\/401\/revisions"}],"predecessor-version":[{"id":1035,"href":"https:\/\/www.ogrodnick.pl\/word\/wp-json\/wp\/v2\/pages\/401\/revisions\/1035"}],"wp:attachment":[{"href":"https:\/\/www.ogrodnick.pl\/word\/wp-json\/wp\/v2\/media?parent=401"}],"curies":[{"name":"wp","href":"https:\/\/api.w.org\/{rel}","templated":true}]}}

Dereń skrętolistny (Cornus alternifolia)

<div class="wp-block-group alignfull"><div class="wp-block-group__inner-container is-layout-flow wp-block-group-is-layout-flow">
<p>Dereń skrętolistny<em>&nbsp;(Cornus alternifolia)</em> występuje we wschodniej części Stanów Zjednoczonych i Kanady.</p>
</div></div>



<div class="wp-block-columns alignfull is-layout-flex wp-container-core-columns-is-layout-9d6595d7 wp-block-columns-is-layout-flex">
<div class="wp-block-column is-layout-flow wp-block-column-is-layout-flow">
<p><strong>OPIS:<br></strong>Krzew lub kilkumetrowe drzewko wyróżniające się oryginalnym, niespotykanym pokrojem. Piętrowo rozpostarte gałęzie (poziome u rosnących w słońcu, skośnie opadające u zacienionych) przypominają dachy dalekowschodniej pagody. Stąd angielska nazwa&nbsp;<em>Pagoda dogwood</em>&nbsp;czyli dereń pagodowy. U nas określenie &#8222;dereń pagodowy&#8221; zostało wcześniej zarezerwowane dla bliźniaczo podobnego, azjatyckiego&nbsp;<em>Cornus controwersa</em>.&nbsp;<br>&nbsp;&nbsp;&nbsp;Dereń skrętolistny kwitnie w czerwcu &#8211; białokremowe, pachnące kwiatki skupione we wzniesionych 7-centymetrowych baldachach podkreślają horyzontalny układ gałęzi.<br>&nbsp;&nbsp;&nbsp; Jesienią krzew zdobią granatowoczarne owoce, po ich opadnięciu pozostają czerwone szypułki. Liście przybierają barwy pomarańczowe, czerwone lub brązowe.<br>&nbsp;&nbsp;&nbsp;Zimą jest ozdobny za sprawą jaskrawoczerwonych pędów, nie mniej czerwonych jak u derenia białego.<br>&nbsp;&nbsp;&nbsp; Obydwa gatunki &#8222;dereni pagodowych&#8221; to odmieńcy 😉 &#8211; mają pąki i liście skrętoległe. U wszystkich pozostałych dereni są ułożone parami, nakrzyżległe.</p>
</div>



<div class="wp-block-column is-layout-flow wp-block-column-is-layout-flow">
<div class="wp-block-image"><figure class="aligncenter size-large"><img loading="lazy" decoding="async" width="499" height="601" src="https://www.ogrodnick.pl/word/wp-content/uploads/2020/03/cornus_alternifolia_drzewko.jpg" alt="" class="wp-image-696" srcset="https://www.ogrodnick.pl/word/wp-content/uploads/2020/03/cornus_alternifolia_drzewko.jpg 499w, https://www.ogrodnick.pl/word/wp-content/uploads/2020/03/cornus_alternifolia_drzewko-249x300.jpg 249w" sizes="auto, (max-width: 499px) 100vw, 499px" /></figure></div>
</div>
</div>



<div class="wp-block-columns alignfull is-layout-flex wp-container-core-columns-is-layout-9d6595d7 wp-block-columns-is-layout-flex">
<div class="wp-block-column is-layout-flow wp-block-column-is-layout-flow">
<p><strong>UPRAWA:</strong><br>Zupełnie odporny na mrozy, może rosnąć w cieniu. Nie lubi gorąca i suchych gleb.</p>
</div>



<div class="wp-block-column is-layout-flow wp-block-column-is-layout-flow">
<div class="wp-block-image"><figure class="aligncenter size-large"><img loading="lazy" decoding="async" width="500" height="411" src="https://www.ogrodnick.pl/word/wp-content/uploads/2020/03/Cornus_alternifolia_kwiaty.jpg" alt="" class="wp-image-698" srcset="https://www.ogrodnick.pl/word/wp-content/uploads/2020/03/Cornus_alternifolia_kwiaty.jpg 500w, https://www.ogrodnick.pl/word/wp-content/uploads/2020/03/Cornus_alternifolia_kwiaty-300x247.jpg 300w" sizes="auto, (max-width: 500px) 100vw, 500px" /></figure></div>
</div>
</div>



<div class="wp-block-image"><figure class="aligncenter size-large"><img loading="lazy" decoding="async" width="500" height="423" src="https://www.ogrodnick.pl/word/wp-content/uploads/2020/03/Cornus_alternifolia_jesien.jpg" alt="" class="wp-image-697" srcset="https://www.ogrodnick.pl/word/wp-content/uploads/2020/03/Cornus_alternifolia_jesien.jpg 500w, https://www.ogrodnick.pl/word/wp-content/uploads/2020/03/Cornus_alternifolia_jesien-300x254.jpg 300w" sizes="auto, (max-width: 500px) 100vw, 500px" /></figure></div>

<p>Dereń skrętolistny&nbsp;(Cornus alternifolia) występuje we wschodniej części Stanów Zjednoczonych i Kanady. OPIS:Krzew lub kilkumetrowe drzewko wyróżniające się oryginalnym, niespotykanym pokrojem. Piętrowo rozpostarte gałęzie (poziome u rosnących w słońcu, skośnie opadające u zacienionych) przypominają dachy dalekowschodniej pagody. Stąd angielska nazwa&nbsp;Pagoda dogwood&nbsp;czyli dereń pagodowy. U nas określenie &#8222;dereń pagodowy&#8221; zostało wcześniej zarezerwowane dla bliźniaczo podobnego, azjatyckiego&nbsp;Cornus controwersa.&nbsp;&nbsp;&nbsp;&nbsp;Dereń [&hellip;]</p>
