{"id":400,"date":"2020-03-14T09:53:30","date_gmt":"2020-03-14T09:53:30","guid":{"rendered":"http:\/\/www.ogrodnick.pl\/word\/?page_id=400"},"modified":"2020-03-21T12:14:42","modified_gmt":"2020-03-21T12:14:42","slug":"moszenka-poludniowa-colutea-arborescens","status":"publish","type":"page","link":"https:\/\/www.ogrodnick.pl\/word\/moszenka-poludniowa-colutea-arborescens\/","title":{"rendered":"Moszenka po\u0142udniowa (Colutea arborescens)"},"content":{"rendered":"\n<div class=\"wp-block-group alignfull\"><div class=\"wp-block-group__inner-container is-layout-flow wp-block-group-is-layout-flow\">\n<p>Moszenki po\u0142udniowe <em>(Colutea arborescens<\/em>)&nbsp;rosn\u0105 dziko na po\u0142udniu Europy i w p\u00f3\u0142nocnej Afryce.<\/p>\n<\/div><\/div>\n\n\n\n<div class=\"wp-block-columns alignfull is-layout-flex wp-container-core-columns-is-layout-9d6595d7 wp-block-columns-is-layout-flex\">\n<div class=\"wp-block-column is-layout-flow wp-block-column-is-layout-flow\">\n<p><strong>OPIS:<br><\/strong>&nbsp;&nbsp;&nbsp;Wbrew \u0142aci\u0144skiej nazwie (<em>arborescens<\/em>&nbsp;&#8211; drzewiasty) moszenki to najwy\u017cej 4-metrowy krzew. W uprawie, regularnie przycinany, miewa nie wi\u0119cej ni\u017c dwa metry wysoko\u015bci.&nbsp;<br>&nbsp;&nbsp;&nbsp; Krzewy swobodnie rosn\u0105ce kwitn\u0105 obficie od maja do lipca. Silnie przyci\u0119te wiosn\u0105 zaczn\u0105 kwitn\u0105\u0107 troch\u0119 p\u00f3\u017aniej, w czerwcu, ale na bujnie odrastaj\u0105cych p\u0119dach z\u0142ocisto\u017c\u00f3\u0142te miododajne kwiatki b\u0119d\u0105 si\u0119 bardzo licznie pojawia\u0107 a\u017c do pierwszych jesiennych przymrozk\u00f3w, cz\u0119sto nawet jeszcze w pa\u017adzierniku.&nbsp;<br>&nbsp;&nbsp;&nbsp;Walory dekoracyjne posiadaj\u0105 r\u00f3wnie\u017c owoce moszenek &#8211; rozd\u0119te str\u0105czki mog\u0105 mie\u0107 8 centymetr\u00f3w d\u0142ugo\u015bci, najpierw s\u0105 zaczerwienione, potem szare, wisz\u0105 na krzewach przez zim\u0119. Je\u015bli chcemy aby kwitnienie by\u0142o maksymalnie d\u0142ugie i obfite, to dobrze jest str\u0105czki z krzewu obrywa\u0107 &#8211; ro\u015blina z dojrzewaj\u0105cymi nasionkami mniej energii przeznacza na wytwarzanie nowych p\u0105czk\u00f3w kwiatowych.<\/p>\n<\/div>\n\n\n\n<div class=\"wp-block-column is-layout-flow wp-block-column-is-layout-flow\">\n<div class=\"wp-block-image\"><figure class=\"aligncenter size-large\"><img loading=\"lazy\" decoding=\"async\" width=\"500\" height=\"537\" src=\"https:\/\/www.ogrodnick.pl\/word\/wp-content\/uploads\/2020\/03\/colutea_arborescens_krzew.jpg\" alt=\"\" class=\"wp-image-694\" srcset=\"https:\/\/www.ogrodnick.pl\/word\/wp-content\/uploads\/2020\/03\/colutea_arborescens_krzew.jpg 500w, https:\/\/www.ogrodnick.pl\/word\/wp-content\/uploads\/2020\/03\/colutea_arborescens_krzew-279x300.jpg 279w\" sizes=\"auto, (max-width: 500px) 100vw, 500px\" \/><\/figure><\/div>\n<\/div>\n<\/div>\n\n\n\n<div class=\"wp-block-columns alignfull is-layout-flex wp-container-core-columns-is-layout-9d6595d7 wp-block-columns-is-layout-flex\">\n<div class=\"wp-block-column is-layout-flow wp-block-column-is-layout-flow\">\n<p><strong>UPRAWA:<\/strong>&nbsp;<br>&nbsp;&nbsp;&nbsp;Moszenki to ro\u015bliny wybitnie \u015bwiat\u0142olubne.<br>&nbsp;&nbsp;&nbsp;Jak prawie wszystkie motylkowe, wsp\u00f3\u0142\u017cyj\u0105 z bakteriami glebowymi, dzi\u0119ki temu mog\u0105 rosn\u0105\u0107 na bardzo ubogich glebach.&nbsp;<br>&nbsp;&nbsp;&nbsp;Odporne na susz\u0119, niezupe\u0142nie odporne na mrozy. Podczas &#8222;zim stulecia&#8221; (takie bywaj\u0105 przeci\u0119tnie co dwadzie\u015bcia lat) marzn\u0105, czasem do \u015bniegu &#8211; ale skutek tego jest tylko taki, \u017ce zaczynaj\u0105 kwitn\u0105\u0107 troch\u0119 p\u00f3\u017aniej ni\u017c w zwyczajne lata. Przycina\u0107 je wiosn\u0105 warto nawet gdy nie podmarz\u0142y.&nbsp;<br>&nbsp;&nbsp;&nbsp;Krzew odporny na choroby, ma\u0142o odporny na zaj\u0105ce &#8211; bardzo im smakuje :).&nbsp;<\/p>\n<\/div>\n\n\n\n<div class=\"wp-block-column is-layout-flow wp-block-column-is-layout-flow\">\n<div class=\"wp-block-image\"><figure class=\"aligncenter size-large\"><img loading=\"lazy\" decoding=\"async\" width=\"500\" height=\"426\" src=\"https:\/\/www.ogrodnick.pl\/word\/wp-content\/uploads\/2020\/03\/colutea_arborescens_kwiatki.jpg\" alt=\"\" class=\"wp-image-695\" srcset=\"https:\/\/www.ogrodnick.pl\/word\/wp-content\/uploads\/2020\/03\/colutea_arborescens_kwiatki.jpg 500w, https:\/\/www.ogrodnick.pl\/word\/wp-content\/uploads\/2020\/03\/colutea_arborescens_kwiatki-300x256.jpg 300w\" sizes=\"auto, (max-width: 500px) 100vw, 500px\" \/><\/figure><\/div>\n<\/div>\n<\/div>\n\n\n\n<div class=\"wp-block-image\"><figure class=\"aligncenter size-large\"><img loading=\"lazy\" decoding=\"async\" width=\"500\" height=\"404\" src=\"https:\/\/www.ogrodnick.pl\/word\/wp-content\/uploads\/2020\/03\/colutea_arborescens_galazka.jpg\" alt=\"\" class=\"wp-image-693\" srcset=\"https:\/\/www.ogrodnick.pl\/word\/wp-content\/uploads\/2020\/03\/colutea_arborescens_galazka.jpg 500w, https:\/\/www.ogrodnick.pl\/word\/wp-content\/uploads\/2020\/03\/colutea_arborescens_galazka-300x242.jpg 300w\" sizes=\"auto, (max-width: 500px) 100vw, 500px\" \/><\/figure><\/div>\n","protected":false},"excerpt":{"rendered":"<p>Moszenki po\u0142udniowe (Colutea arborescens)&nbsp;rosn\u0105 dziko na po\u0142udniu Europy i w p\u00f3\u0142nocnej Afryce. OPIS:&nbsp;&nbsp;&nbsp;Wbrew \u0142aci\u0144skiej nazwie (arborescens&nbsp;&#8211; drzewiasty) moszenki to najwy\u017cej 4-metrowy krzew. W uprawie, regularnie przycinany, miewa nie wi\u0119cej ni\u017c dwa metry wysoko\u015bci.&nbsp;&nbsp;&nbsp;&nbsp; Krzewy swobodnie rosn\u0105ce kwitn\u0105 obficie od maja do lipca. Silnie przyci\u0119te wiosn\u0105 zaczn\u0105 kwitn\u0105\u0107 troch\u0119 p\u00f3\u017aniej, w czerwcu, ale na bujnie odrastaj\u0105cych [&hellip;]<\/p>\n","protected":false},"author":1,"featured_media":0,"parent":0,"menu_order":0,"comment_status":"closed","ping_status":"closed","template":"","meta":{"footnotes":""},"class_list":["post-400","page","type-page","status-publish","hentry"],"_links":{"self":[{"href":"https:\/\/www.ogrodnick.pl\/word\/wp-json\/wp\/v2\/pages\/400","targetHints":{"allow":["GET"]}}],"collection":[{"href":"https:\/\/www.ogrodnick.pl\/word\/wp-json\/wp\/v2\/pages"}],"about":[{"href":"https:\/\/www.ogrodnick.pl\/word\/wp-json\/wp\/v2\/types\/page"}],"author":[{"embeddable":true,"href":"https:\/\/www.ogrodnick.pl\/word\/wp-json\/wp\/v2\/users\/1"}],"replies":[{"embeddable":true,"href":"https:\/\/www.ogrodnick.pl\/word\/wp-json\/wp\/v2\/comments?post=400"}],"version-history":[{"count":2,"href":"https:\/\/www.ogrodnick.pl\/word\/wp-json\/wp\/v2\/pages\/400\/revisions"}],"predecessor-version":[{"id":1071,"href":"https:\/\/www.ogrodnick.pl\/word\/wp-json\/wp\/v2\/pages\/400\/revisions\/1071"}],"wp:attachment":[{"href":"https:\/\/www.ogrodnick.pl\/word\/wp-json\/wp\/v2\/media?parent=400"}],"curies":[{"name":"wp","href":"https:\/\/api.w.org\/{rel}","templated":true}]}}

Moszenka południowa (Colutea arborescens)

<div class="wp-block-group alignfull"><div class="wp-block-group__inner-container is-layout-flow wp-block-group-is-layout-flow">
<p>Moszenki południowe <em>(Colutea arborescens</em>)&nbsp;rosną dziko na południu Europy i w północnej Afryce.</p>
</div></div>



<div class="wp-block-columns alignfull is-layout-flex wp-container-core-columns-is-layout-9d6595d7 wp-block-columns-is-layout-flex">
<div class="wp-block-column is-layout-flow wp-block-column-is-layout-flow">
<p><strong>OPIS:<br></strong>&nbsp;&nbsp;&nbsp;Wbrew łacińskiej nazwie (<em>arborescens</em>&nbsp;&#8211; drzewiasty) moszenki to najwyżej 4-metrowy krzew. W uprawie, regularnie przycinany, miewa nie więcej niż dwa metry wysokości.&nbsp;<br>&nbsp;&nbsp;&nbsp; Krzewy swobodnie rosnące kwitną obficie od maja do lipca. Silnie przycięte wiosną zaczną kwitnąć trochę później, w czerwcu, ale na bujnie odrastających pędach złocistożółte miododajne kwiatki będą się bardzo licznie pojawiać aż do pierwszych jesiennych przymrozków, często nawet jeszcze w październiku.&nbsp;<br>&nbsp;&nbsp;&nbsp;Walory dekoracyjne posiadają również owoce moszenek &#8211; rozdęte strączki mogą mieć 8 centymetrów długości, najpierw są zaczerwienione, potem szare, wiszą na krzewach przez zimę. Jeśli chcemy aby kwitnienie było maksymalnie długie i obfite, to dobrze jest strączki z krzewu obrywać &#8211; roślina z dojrzewającymi nasionkami mniej energii przeznacza na wytwarzanie nowych pączków kwiatowych.</p>
</div>



<div class="wp-block-column is-layout-flow wp-block-column-is-layout-flow">
<div class="wp-block-image"><figure class="aligncenter size-large"><img loading="lazy" decoding="async" width="500" height="537" src="https://www.ogrodnick.pl/word/wp-content/uploads/2020/03/colutea_arborescens_krzew.jpg" alt="" class="wp-image-694" srcset="https://www.ogrodnick.pl/word/wp-content/uploads/2020/03/colutea_arborescens_krzew.jpg 500w, https://www.ogrodnick.pl/word/wp-content/uploads/2020/03/colutea_arborescens_krzew-279x300.jpg 279w" sizes="auto, (max-width: 500px) 100vw, 500px" /></figure></div>
</div>
</div>



<div class="wp-block-columns alignfull is-layout-flex wp-container-core-columns-is-layout-9d6595d7 wp-block-columns-is-layout-flex">
<div class="wp-block-column is-layout-flow wp-block-column-is-layout-flow">
<p><strong>UPRAWA:</strong>&nbsp;<br>&nbsp;&nbsp;&nbsp;Moszenki to rośliny wybitnie światłolubne.<br>&nbsp;&nbsp;&nbsp;Jak prawie wszystkie motylkowe, współżyją z bakteriami glebowymi, dzięki temu mogą rosnąć na bardzo ubogich glebach.&nbsp;<br>&nbsp;&nbsp;&nbsp;Odporne na suszę, niezupełnie odporne na mrozy. Podczas &#8222;zim stulecia&#8221; (takie bywają przeciętnie co dwadzieścia lat) marzną, czasem do śniegu &#8211; ale skutek tego jest tylko taki, że zaczynają kwitnąć trochę później niż w zwyczajne lata. Przycinać je wiosną warto nawet gdy nie podmarzły.&nbsp;<br>&nbsp;&nbsp;&nbsp;Krzew odporny na choroby, mało odporny na zające &#8211; bardzo im smakuje :).&nbsp;</p>
</div>



<div class="wp-block-column is-layout-flow wp-block-column-is-layout-flow">
<div class="wp-block-image"><figure class="aligncenter size-large"><img loading="lazy" decoding="async" width="500" height="426" src="https://www.ogrodnick.pl/word/wp-content/uploads/2020/03/colutea_arborescens_kwiatki.jpg" alt="" class="wp-image-695" srcset="https://www.ogrodnick.pl/word/wp-content/uploads/2020/03/colutea_arborescens_kwiatki.jpg 500w, https://www.ogrodnick.pl/word/wp-content/uploads/2020/03/colutea_arborescens_kwiatki-300x256.jpg 300w" sizes="auto, (max-width: 500px) 100vw, 500px" /></figure></div>
</div>
</div>



<div class="wp-block-image"><figure class="aligncenter size-large"><img loading="lazy" decoding="async" width="500" height="404" src="https://www.ogrodnick.pl/word/wp-content/uploads/2020/03/colutea_arborescens_galazka.jpg" alt="" class="wp-image-693" srcset="https://www.ogrodnick.pl/word/wp-content/uploads/2020/03/colutea_arborescens_galazka.jpg 500w, https://www.ogrodnick.pl/word/wp-content/uploads/2020/03/colutea_arborescens_galazka-300x242.jpg 300w" sizes="auto, (max-width: 500px) 100vw, 500px" /></figure></div>

<p>Moszenki południowe (Colutea arborescens)&nbsp;rosną dziko na południu Europy i w północnej Afryce. OPIS:&nbsp;&nbsp;&nbsp;Wbrew łacińskiej nazwie (arborescens&nbsp;&#8211; drzewiasty) moszenki to najwyżej 4-metrowy krzew. W uprawie, regularnie przycinany, miewa nie więcej niż dwa metry wysokości.&nbsp;&nbsp;&nbsp;&nbsp; Krzewy swobodnie rosnące kwitną obficie od maja do lipca. Silnie przycięte wiosną zaczną kwitnąć trochę później, w czerwcu, ale na bujnie odrastających [&hellip;]</p>
