{"id":399,"date":"2020-03-14T09:51:44","date_gmt":"2020-03-14T09:51:44","guid":{"rendered":"http:\/\/www.ogrodnick.pl\/word\/?page_id=399"},"modified":"2023-09-21T20:23:16","modified_gmt":"2023-09-21T20:23:16","slug":"orszelina-szara-o-japonska-clethra-barbinervis","status":"publish","type":"page","link":"https:\/\/www.ogrodnick.pl\/word\/orszelina-szara-o-japonska-clethra-barbinervis\/","title":{"rendered":"Orszelina szara, O. japo\u0144ska (Clethra barbinervis)"},"content":{"rendered":"\n<div class=\"wp-block-group alignfull\"><div class=\"wp-block-group__inner-container is-layout-flow wp-block-group-is-layout-flow\">\n<p>Orszelina szara, O. japo\u0144ska<em>&nbsp;(Clethra barbinervis)&nbsp;<\/em>ro\u015bnie we wschodnich Chinach, w Korei i w Japonii. Najcz\u0119\u015bciej spotka\u0107 j\u0105 mo\u017cna w widnych lasach li\u015bciastych na glebach raczej suchych.<\/p>\n<\/div><\/div>\n\n\n\n<div class=\"wp-block-columns alignfull is-layout-flex wp-container-core-columns-is-layout-9d6595d7 wp-block-columns-is-layout-flex\">\n<div class=\"wp-block-column is-layout-flow wp-block-column-is-layout-flow\">\n<p><strong>OPIS:<\/strong><br>&nbsp;&nbsp;&nbsp;W swojej ojczy\u017anie bywa wysokim krzewem lub nawet 9-metrowym drzewkiem &#8211; u nas zapewne osi\u0105gn\u0105\u0107 mo\u017ce po\u0142ow\u0119 tego, dziesi\u0119cioletnia nie b\u0119dzie mie\u0107 wi\u0119cej ni\u017c 2 metry.&nbsp;<br>&nbsp;&nbsp;&nbsp;Orszelina szara jest efektowna o ka\u017cdej porze roku:<br>-od wiosny zdobi\u0105 j\u0105 ciemnozielone li\u015bcie, podobnie jak u spokrewnionych enkiant\u00f3w tworz\u0105ce rozetki na ko\u0144cach p\u0119d\u00f3w (cecha widoczna zw\u0142aszcza u ro\u015blin rosn\u0105cych na stanowiskach s\u0142onecznych).<br>-w drugiej po\u0142owie lata orszelina szara kwitnie. Dzwonkowate kwiaty tworz\u0105ce nawet pi\u0119tnastocentymetrowe wiechy pachn\u0105 przepi\u0119knie!<br>-jesieni\u0105 orszelina efektownie przebarwia li\u015bcie &#8211; zwykle na pomara\u0144czowo, czasem s\u0105 \u017c\u00f3\u0142te lub czerwone.&nbsp;<br>-w okresie bezlistnym podziwia\u0107 mo\u017cna pi\u0119kn\u0105 \u0142aciat\u0105 kor\u0119 pnia i grubszych ga\u0142\u0119zi, podobn\u0105 do kory stewarcji (widoczna jest zw\u0142aszcza u orszelin o pokroju drzewkowatym).&nbsp;<br>&nbsp;&nbsp;&nbsp;T\u0105 cech\u0119 trudno b\u0119dzie wykorzysta\u0107, warto jednak wiedzie\u0107, \u017ce orszelina szara posiada nieprzeci\u0119tn\u0105 zdolno\u015b\u0107 do akumulowania w li\u015bciach obecnego w glebie kobaltu. Sadzi si\u0119 j\u0105 wi\u0119c na terenach ska\u017conych, obrotni amerykanie opatentowali nawet t\u0105 metod\u0119 do pozyskiwania tego metalu na skal\u0119 przemys\u0142ow\u0105 (chyba nie wdro\u017cono tego pomys\u0142u).<\/p>\n<\/div>\n\n\n\n<div class=\"wp-block-column is-layout-flow wp-block-column-is-layout-flow\"><div class=\"wp-block-image\">\n<figure class=\"aligncenter size-large\"><img loading=\"lazy\" decoding=\"async\" width=\"500\" height=\"594\" src=\"https:\/\/www.ogrodnick.pl\/word\/wp-content\/uploads\/2020\/03\/clethra_barbinervis_kwitnaca.jpg\" alt=\"\" class=\"wp-image-692\" srcset=\"https:\/\/www.ogrodnick.pl\/word\/wp-content\/uploads\/2020\/03\/clethra_barbinervis_kwitnaca.jpg 500w, https:\/\/www.ogrodnick.pl\/word\/wp-content\/uploads\/2020\/03\/clethra_barbinervis_kwitnaca-253x300.jpg 253w\" sizes=\"auto, (max-width: 500px) 100vw, 500px\" \/><\/figure>\n<\/div><\/div>\n<\/div>\n\n\n\n<div class=\"wp-block-columns alignfull is-layout-flex wp-container-core-columns-is-layout-9d6595d7 wp-block-columns-is-layout-flex\">\n<div class=\"wp-block-column is-layout-flow wp-block-column-is-layout-flow\">\n<p><strong>UPRAWA:<\/strong><br>\u00a0\u00a0\u00a0W naturze orszeliny szare najcz\u0119\u015bciej rosn\u0105 w poszyciu las\u00f3w, na suchych, lekko kwa\u015bnych glebach. Bardzo \u0142adnie rosn\u0105 i kwitn\u0105 r\u00f3wnie\u017c w na stanowiskach s\u0142onecznych, ale pod warunkiem, \u017ce gleba jest dostatecznie wilgotna. Nie lubi\u0105 rosn\u0105\u0107 w pe\u0142nym s\u0142o\u0144cu na glebach suchych.<br>\u00a0\u00a0\u00a0Na zimowe mrozy orszeliny szare s\u0105 odporne, czasem cierpi\u0105 od majowych przymrozk\u00f3w.<br>\u00a0\u00a0\u00a0Nie choruj\u0105, s\u0105 wolne od szkodnik\u00f3w.<\/p>\n<\/div>\n\n\n\n<div class=\"wp-block-column is-layout-flow wp-block-column-is-layout-flow\"><div class=\"wp-block-image\">\n<figure class=\"aligncenter size-large\"><img loading=\"lazy\" decoding=\"async\" width=\"500\" height=\"375\" src=\"https:\/\/www.ogrodnick.pl\/word\/wp-content\/uploads\/2020\/03\/clethra_barbinervis_kwiatki.jpg\" alt=\"\" class=\"wp-image-691\" srcset=\"https:\/\/www.ogrodnick.pl\/word\/wp-content\/uploads\/2020\/03\/clethra_barbinervis_kwiatki.jpg 500w, https:\/\/www.ogrodnick.pl\/word\/wp-content\/uploads\/2020\/03\/clethra_barbinervis_kwiatki-300x225.jpg 300w\" sizes=\"auto, (max-width: 500px) 100vw, 500px\" \/><\/figure>\n<\/div><\/div>\n<\/div>\n\n\n<div class=\"wp-block-image\">\n<figure class=\"aligncenter size-large\"><img loading=\"lazy\" decoding=\"async\" width=\"500\" height=\"375\" src=\"https:\/\/www.ogrodnick.pl\/word\/wp-content\/uploads\/2020\/03\/clethra_barbinervis_kora.jpg\" alt=\"\" class=\"wp-image-689\" srcset=\"https:\/\/www.ogrodnick.pl\/word\/wp-content\/uploads\/2020\/03\/clethra_barbinervis_kora.jpg 500w, https:\/\/www.ogrodnick.pl\/word\/wp-content\/uploads\/2020\/03\/clethra_barbinervis_kora-300x225.jpg 300w\" sizes=\"auto, (max-width: 500px) 100vw, 500px\" \/><\/figure>\n<\/div>","protected":false},"excerpt":{"rendered":"<p>Orszelina szara, O. japo\u0144ska&nbsp;(Clethra barbinervis)&nbsp;ro\u015bnie we wschodnich Chinach, w Korei i w Japonii. Najcz\u0119\u015bciej spotka\u0107 j\u0105 mo\u017cna w widnych lasach li\u015bciastych na glebach raczej suchych. OPIS:&nbsp;&nbsp;&nbsp;W swojej ojczy\u017anie bywa wysokim krzewem lub nawet 9-metrowym drzewkiem &#8211; u nas zapewne osi\u0105gn\u0105\u0107 mo\u017ce po\u0142ow\u0119 tego, dziesi\u0119cioletnia nie b\u0119dzie mie\u0107 wi\u0119cej ni\u017c 2 metry.&nbsp;&nbsp;&nbsp;&nbsp;Orszelina szara jest efektowna o [&hellip;]<\/p>\n","protected":false},"author":1,"featured_media":0,"parent":0,"menu_order":0,"comment_status":"closed","ping_status":"closed","template":"","meta":{"footnotes":""},"class_list":["post-399","page","type-page","status-publish","hentry"],"_links":{"self":[{"href":"https:\/\/www.ogrodnick.pl\/word\/wp-json\/wp\/v2\/pages\/399","targetHints":{"allow":["GET"]}}],"collection":[{"href":"https:\/\/www.ogrodnick.pl\/word\/wp-json\/wp\/v2\/pages"}],"about":[{"href":"https:\/\/www.ogrodnick.pl\/word\/wp-json\/wp\/v2\/types\/page"}],"author":[{"embeddable":true,"href":"https:\/\/www.ogrodnick.pl\/word\/wp-json\/wp\/v2\/users\/1"}],"replies":[{"embeddable":true,"href":"https:\/\/www.ogrodnick.pl\/word\/wp-json\/wp\/v2\/comments?post=399"}],"version-history":[{"count":3,"href":"https:\/\/www.ogrodnick.pl\/word\/wp-json\/wp\/v2\/pages\/399\/revisions"}],"predecessor-version":[{"id":1520,"href":"https:\/\/www.ogrodnick.pl\/word\/wp-json\/wp\/v2\/pages\/399\/revisions\/1520"}],"wp:attachment":[{"href":"https:\/\/www.ogrodnick.pl\/word\/wp-json\/wp\/v2\/media?parent=399"}],"curies":[{"name":"wp","href":"https:\/\/api.w.org\/{rel}","templated":true}]}}

Orszelina szara, O. japońska (Clethra barbinervis)

<div class="wp-block-group alignfull"><div class="wp-block-group__inner-container is-layout-flow wp-block-group-is-layout-flow">
<p>Orszelina szara, O. japońska<em>&nbsp;(Clethra barbinervis)&nbsp;</em>rośnie we wschodnich Chinach, w Korei i w Japonii. Najczęściej spotkać ją można w widnych lasach liściastych na glebach raczej suchych.</p>
</div></div>



<div class="wp-block-columns alignfull is-layout-flex wp-container-core-columns-is-layout-9d6595d7 wp-block-columns-is-layout-flex">
<div class="wp-block-column is-layout-flow wp-block-column-is-layout-flow">
<p><strong>OPIS:</strong><br>&nbsp;&nbsp;&nbsp;W swojej ojczyźnie bywa wysokim krzewem lub nawet 9-metrowym drzewkiem &#8211; u nas zapewne osiągnąć może połowę tego, dziesięcioletnia nie będzie mieć więcej niż 2 metry.&nbsp;<br>&nbsp;&nbsp;&nbsp;Orszelina szara jest efektowna o każdej porze roku:<br>-od wiosny zdobią ją ciemnozielone liście, podobnie jak u spokrewnionych enkiantów tworzące rozetki na końcach pędów (cecha widoczna zwłaszcza u roślin rosnących na stanowiskach słonecznych).<br>-w drugiej połowie lata orszelina szara kwitnie. Dzwonkowate kwiaty tworzące nawet piętnastocentymetrowe wiechy pachną przepięknie!<br>-jesienią orszelina efektownie przebarwia liście &#8211; zwykle na pomarańczowo, czasem są żółte lub czerwone.&nbsp;<br>-w okresie bezlistnym podziwiać można piękną łaciatą korę pnia i grubszych gałęzi, podobną do kory stewarcji (widoczna jest zwłaszcza u orszelin o pokroju drzewkowatym).&nbsp;<br>&nbsp;&nbsp;&nbsp;Tą cechę trudno będzie wykorzystać, warto jednak wiedzieć, że orszelina szara posiada nieprzeciętną zdolność do akumulowania w liściach obecnego w glebie kobaltu. Sadzi się ją więc na terenach skażonych, obrotni amerykanie opatentowali nawet tą metodę do pozyskiwania tego metalu na skalę przemysłową (chyba nie wdrożono tego pomysłu).</p>
</div>



<div class="wp-block-column is-layout-flow wp-block-column-is-layout-flow"><div class="wp-block-image">
<figure class="aligncenter size-large"><img loading="lazy" decoding="async" width="500" height="594" src="https://www.ogrodnick.pl/word/wp-content/uploads/2020/03/clethra_barbinervis_kwitnaca.jpg" alt="" class="wp-image-692" srcset="https://www.ogrodnick.pl/word/wp-content/uploads/2020/03/clethra_barbinervis_kwitnaca.jpg 500w, https://www.ogrodnick.pl/word/wp-content/uploads/2020/03/clethra_barbinervis_kwitnaca-253x300.jpg 253w" sizes="auto, (max-width: 500px) 100vw, 500px" /></figure>
</div></div>
</div>



<div class="wp-block-columns alignfull is-layout-flex wp-container-core-columns-is-layout-9d6595d7 wp-block-columns-is-layout-flex">
<div class="wp-block-column is-layout-flow wp-block-column-is-layout-flow">
<p><strong>UPRAWA:</strong><br>   W naturze orszeliny szare najczęściej rosną w poszyciu lasów, na suchych, lekko kwaśnych glebach. Bardzo ładnie rosną i kwitną również w na stanowiskach słonecznych, ale pod warunkiem, że gleba jest dostatecznie wilgotna. Nie lubią rosnąć w pełnym słońcu na glebach suchych.<br>   Na zimowe mrozy orszeliny szare są odporne, czasem cierpią od majowych przymrozków.<br>   Nie chorują, są wolne od szkodników.</p>
</div>



<div class="wp-block-column is-layout-flow wp-block-column-is-layout-flow"><div class="wp-block-image">
<figure class="aligncenter size-large"><img loading="lazy" decoding="async" width="500" height="375" src="https://www.ogrodnick.pl/word/wp-content/uploads/2020/03/clethra_barbinervis_kwiatki.jpg" alt="" class="wp-image-691" srcset="https://www.ogrodnick.pl/word/wp-content/uploads/2020/03/clethra_barbinervis_kwiatki.jpg 500w, https://www.ogrodnick.pl/word/wp-content/uploads/2020/03/clethra_barbinervis_kwiatki-300x225.jpg 300w" sizes="auto, (max-width: 500px) 100vw, 500px" /></figure>
</div></div>
</div>


<div class="wp-block-image">
<figure class="aligncenter size-large"><img loading="lazy" decoding="async" width="500" height="375" src="https://www.ogrodnick.pl/word/wp-content/uploads/2020/03/clethra_barbinervis_kora.jpg" alt="" class="wp-image-689" srcset="https://www.ogrodnick.pl/word/wp-content/uploads/2020/03/clethra_barbinervis_kora.jpg 500w, https://www.ogrodnick.pl/word/wp-content/uploads/2020/03/clethra_barbinervis_kora-300x225.jpg 300w" sizes="auto, (max-width: 500px) 100vw, 500px" /></figure>
</div>

<p>Orszelina szara, O. japońska&nbsp;(Clethra barbinervis)&nbsp;rośnie we wschodnich Chinach, w Korei i w Japonii. Najczęściej spotkać ją można w widnych lasach liściastych na glebach raczej suchych. OPIS:&nbsp;&nbsp;&nbsp;W swojej ojczyźnie bywa wysokim krzewem lub nawet 9-metrowym drzewkiem &#8211; u nas zapewne osiągnąć może połowę tego, dziesięcioletnia nie będzie mieć więcej niż 2 metry.&nbsp;&nbsp;&nbsp;&nbsp;Orszelina szara jest efektowna o [&hellip;]</p>
