{"id":387,"date":"2020-03-14T09:38:34","date_gmt":"2020-03-14T09:38:34","guid":{"rendered":"http:\/\/www.ogrodnick.pl\/word\/?page_id=387"},"modified":"2020-03-21T12:18:42","modified_gmt":"2020-03-21T12:18:42","slug":"orszelina-zaostrzona-clethra-acuminata","status":"publish","type":"page","link":"https:\/\/www.ogrodnick.pl\/word\/orszelina-zaostrzona-clethra-acuminata\/","title":{"rendered":"Orszelina zaostrzona (Clethra acuminata)"},"content":{"rendered":"\n<div class=\"wp-block-group alignfull\"><div class=\"wp-block-group__inner-container is-layout-flow wp-block-group-is-layout-flow\">\n<p>Orszelina zaostrzona<em>&nbsp;(Clethra acuminata)&nbsp;<\/em>pochodzi z Ameryki P\u00f3\u0142nocnej. Ro\u015bnie rozproszona w po\u0142udniowej po\u0142owie Apallach\u00f3w, od Alabamy po Pensylwani\u0119. Na stanowiskach naturalnych gatunek zagro\u017cony.<\/p>\n<\/div><\/div>\n\n\n\n<div class=\"wp-block-columns alignfull is-layout-flex wp-container-core-columns-is-layout-9d6595d7 wp-block-columns-is-layout-flex\">\n<div class=\"wp-block-column is-layout-flow wp-block-column-is-layout-flow\">\n<p><strong>OPIS:<\/strong><br>&nbsp;&nbsp;&nbsp;W ojczy\u017anie wysoki krzew albo ma\u0142e, do 8 metr\u00f3w wysoko\u015bci, drzewko. Amerykanie m\u00f3wi\u0105 na ni\u0105:&nbsp;<br>&#8211; 'Mountain clethra&#8217; &#8211; bo ro\u015bnie w g\u00f3rach&nbsp;<br>&#8211; 'Cinnamon clethra&#8217; lub 'Cinnamonbark clethra&#8217; &#8211; ma bardzo efektown\u0105, l\u015bni\u0105c\u0105, z\u0142uszczaj\u0105c\u0105 si\u0119 kor\u0119 cynamonowej barwy&nbsp;<br>&#8211; 'Mountain pepperbush&#8217; poniewa\u017c jej nasiona u\u017cywa\u0107 mo\u017cna zamiast pieprzu&nbsp;<br>&#8211; 'Mountain sweetpepperbush&#8217; &#8211; wszystko o czym by\u0142o wcze\u015bniej i jeszcze&nbsp;<em>sweet<\/em>&nbsp;od silnego, s\u0142odkiego zapachu jaki wydzielaj\u0105 kwiatki rozkwitaj\u0105ce w drugiej po\u0142owie lata (zwykle od ko\u0144ca lipca do wrze\u015bnia).&nbsp;<br>&nbsp;&nbsp;&nbsp;Kwiatki orszeliny zaostrzonej s\u0105 nie tylko pachn\u0105ce, s\u0105 r\u00f3wnie\u017c bardzo nektarodajne &#8211; lubi\u0105 t\u0105 orszelin\u0119 motyle, pszczo\u0142y i pszczelarze. W\u0105skie grona kwiatowe wyrastaj\u0105ce na ko\u0144cach p\u0119d\u00f3w maj\u0105 do 20 cm d\u0142ugo\u015bci.&nbsp;<br>&nbsp;&nbsp;&nbsp;Li\u015bcie, d\u0142ugo zaostrzone (st\u0105d polska nazwa), maj\u0105 zwykle 10-15 centymetr\u00f3w, jesieni\u0105 przebarwiaj\u0105 si\u0119 bardzo \u0142adnie na z\u0142oty kolor.<\/p>\n<\/div>\n\n\n\n<div class=\"wp-block-column is-layout-flow wp-block-column-is-layout-flow\">\n<div class=\"wp-block-image\"><figure class=\"aligncenter size-large\"><img loading=\"lazy\" decoding=\"async\" width=\"500\" height=\"352\" src=\"https:\/\/www.ogrodnick.pl\/word\/wp-content\/uploads\/2020\/03\/clethra_acuminata_jesien_krzew.jpg\" alt=\"\" class=\"wp-image-686\" srcset=\"https:\/\/www.ogrodnick.pl\/word\/wp-content\/uploads\/2020\/03\/clethra_acuminata_jesien_krzew.jpg 500w, https:\/\/www.ogrodnick.pl\/word\/wp-content\/uploads\/2020\/03\/clethra_acuminata_jesien_krzew-300x211.jpg 300w\" sizes=\"auto, (max-width: 500px) 100vw, 500px\" \/><\/figure><\/div>\n<\/div>\n<\/div>\n\n\n\n<div class=\"wp-block-columns alignfull is-layout-flex wp-container-core-columns-is-layout-9d6595d7 wp-block-columns-is-layout-flex\">\n<div class=\"wp-block-column is-layout-flow wp-block-column-is-layout-flow\">\n<p><strong>UPRAWA:<\/strong><br>&nbsp;&nbsp;&nbsp;W naturze wyst\u0119puje najcz\u0119\u015bciej w poszyciu las\u00f3w lub na wilgotnych glebach nad strumieniami. W uprawie dobrze sobie radzi r\u00f3wnie\u017c na glebach suchych, najlepiej kwitnie na stanowiskach s\u0142onecznych.&nbsp;<br>&nbsp;&nbsp;&nbsp;Wed\u0142ug ameryka\u0144skich danych&nbsp;<em>C. acuminata<\/em>&nbsp;rosn\u0105\u0107 mo\u017ce w 5 strefie klimatycznej USDA &#8211; powinna by\u0107 wystarczaj\u0105co odporna na mrozy w ca\u0142ej Polsce.<\/p>\n<\/div>\n\n\n\n<div class=\"wp-block-column is-layout-flow wp-block-column-is-layout-flow\">\n<div class=\"wp-block-image\"><figure class=\"aligncenter size-large\"><img loading=\"lazy\" decoding=\"async\" width=\"500\" height=\"362\" src=\"https:\/\/www.ogrodnick.pl\/word\/wp-content\/uploads\/2020\/03\/clethra_acuminata_kwitnaca.jpg\" alt=\"\" class=\"wp-image-688\" srcset=\"https:\/\/www.ogrodnick.pl\/word\/wp-content\/uploads\/2020\/03\/clethra_acuminata_kwitnaca.jpg 500w, https:\/\/www.ogrodnick.pl\/word\/wp-content\/uploads\/2020\/03\/clethra_acuminata_kwitnaca-300x217.jpg 300w\" sizes=\"auto, (max-width: 500px) 100vw, 500px\" \/><\/figure><\/div>\n<\/div>\n<\/div>\n\n\n\n<div class=\"wp-block-image\"><figure class=\"aligncenter size-large\"><img loading=\"lazy\" decoding=\"async\" width=\"500\" height=\"524\" src=\"https:\/\/www.ogrodnick.pl\/word\/wp-content\/uploads\/2020\/03\/clethra_acuminata_kora.jpg\" alt=\"\" class=\"wp-image-687\" srcset=\"https:\/\/www.ogrodnick.pl\/word\/wp-content\/uploads\/2020\/03\/clethra_acuminata_kora.jpg 500w, https:\/\/www.ogrodnick.pl\/word\/wp-content\/uploads\/2020\/03\/clethra_acuminata_kora-286x300.jpg 286w\" sizes=\"auto, (max-width: 500px) 100vw, 500px\" \/><\/figure><\/div>\n","protected":false},"excerpt":{"rendered":"<p>Orszelina zaostrzona&nbsp;(Clethra acuminata)&nbsp;pochodzi z Ameryki P\u00f3\u0142nocnej. Ro\u015bnie rozproszona w po\u0142udniowej po\u0142owie Apallach\u00f3w, od Alabamy po Pensylwani\u0119. Na stanowiskach naturalnych gatunek zagro\u017cony. OPIS:&nbsp;&nbsp;&nbsp;W ojczy\u017anie wysoki krzew albo ma\u0142e, do 8 metr\u00f3w wysoko\u015bci, drzewko. Amerykanie m\u00f3wi\u0105 na ni\u0105:&nbsp;&#8211; 'Mountain clethra&#8217; &#8211; bo ro\u015bnie w g\u00f3rach&nbsp;&#8211; 'Cinnamon clethra&#8217; lub 'Cinnamonbark clethra&#8217; &#8211; ma bardzo efektown\u0105, l\u015bni\u0105c\u0105, z\u0142uszczaj\u0105c\u0105 si\u0119 [&hellip;]<\/p>\n","protected":false},"author":1,"featured_media":0,"parent":0,"menu_order":0,"comment_status":"closed","ping_status":"closed","template":"","meta":{"footnotes":""},"class_list":["post-387","page","type-page","status-publish","hentry"],"_links":{"self":[{"href":"https:\/\/www.ogrodnick.pl\/word\/wp-json\/wp\/v2\/pages\/387","targetHints":{"allow":["GET"]}}],"collection":[{"href":"https:\/\/www.ogrodnick.pl\/word\/wp-json\/wp\/v2\/pages"}],"about":[{"href":"https:\/\/www.ogrodnick.pl\/word\/wp-json\/wp\/v2\/types\/page"}],"author":[{"embeddable":true,"href":"https:\/\/www.ogrodnick.pl\/word\/wp-json\/wp\/v2\/users\/1"}],"replies":[{"embeddable":true,"href":"https:\/\/www.ogrodnick.pl\/word\/wp-json\/wp\/v2\/comments?post=387"}],"version-history":[{"count":2,"href":"https:\/\/www.ogrodnick.pl\/word\/wp-json\/wp\/v2\/pages\/387\/revisions"}],"predecessor-version":[{"id":1074,"href":"https:\/\/www.ogrodnick.pl\/word\/wp-json\/wp\/v2\/pages\/387\/revisions\/1074"}],"wp:attachment":[{"href":"https:\/\/www.ogrodnick.pl\/word\/wp-json\/wp\/v2\/media?parent=387"}],"curies":[{"name":"wp","href":"https:\/\/api.w.org\/{rel}","templated":true}]}}

<div class="wp-block-group alignfull"><div class="wp-block-group__inner-container is-layout-flow wp-block-group-is-layout-flow">
<p>Orszelina zaostrzona<em>&nbsp;(Clethra acuminata)&nbsp;</em>pochodzi z Ameryki Północnej. Rośnie rozproszona w południowej połowie Apallachów, od Alabamy po Pensylwanię. Na stanowiskach naturalnych gatunek zagrożony.</p>
</div></div>



<div class="wp-block-columns alignfull is-layout-flex wp-container-core-columns-is-layout-9d6595d7 wp-block-columns-is-layout-flex">
<div class="wp-block-column is-layout-flow wp-block-column-is-layout-flow">
<p><strong>OPIS:</strong><br>&nbsp;&nbsp;&nbsp;W ojczyźnie wysoki krzew albo małe, do 8 metrów wysokości, drzewko. Amerykanie mówią na nią:&nbsp;<br>&#8211; 'Mountain clethra&#8217; &#8211; bo rośnie w górach&nbsp;<br>&#8211; 'Cinnamon clethra&#8217; lub 'Cinnamonbark clethra&#8217; &#8211; ma bardzo efektowną, lśniącą, złuszczającą się korę cynamonowej barwy&nbsp;<br>&#8211; 'Mountain pepperbush&#8217; ponieważ jej nasiona używać można zamiast pieprzu&nbsp;<br>&#8211; 'Mountain sweetpepperbush&#8217; &#8211; wszystko o czym było wcześniej i jeszcze&nbsp;<em>sweet</em>&nbsp;od silnego, słodkiego zapachu jaki wydzielają kwiatki rozkwitające w drugiej połowie lata (zwykle od końca lipca do września).&nbsp;<br>&nbsp;&nbsp;&nbsp;Kwiatki orszeliny zaostrzonej są nie tylko pachnące, są również bardzo nektarodajne &#8211; lubią tą orszelinę motyle, pszczoły i pszczelarze. Wąskie grona kwiatowe wyrastające na końcach pędów mają do 20 cm długości.&nbsp;<br>&nbsp;&nbsp;&nbsp;Liście, długo zaostrzone (stąd polska nazwa), mają zwykle 10-15 centymetrów, jesienią przebarwiają się bardzo ładnie na złoty kolor.</p>
</div>



<div class="wp-block-column is-layout-flow wp-block-column-is-layout-flow">
<div class="wp-block-image"><figure class="aligncenter size-large"><img loading="lazy" decoding="async" width="500" height="352" src="https://www.ogrodnick.pl/word/wp-content/uploads/2020/03/clethra_acuminata_jesien_krzew.jpg" alt="" class="wp-image-686" srcset="https://www.ogrodnick.pl/word/wp-content/uploads/2020/03/clethra_acuminata_jesien_krzew.jpg 500w, https://www.ogrodnick.pl/word/wp-content/uploads/2020/03/clethra_acuminata_jesien_krzew-300x211.jpg 300w" sizes="auto, (max-width: 500px) 100vw, 500px" /></figure></div>
</div>
</div>



<div class="wp-block-columns alignfull is-layout-flex wp-container-core-columns-is-layout-9d6595d7 wp-block-columns-is-layout-flex">
<div class="wp-block-column is-layout-flow wp-block-column-is-layout-flow">
<p><strong>UPRAWA:</strong><br>&nbsp;&nbsp;&nbsp;W naturze występuje najczęściej w poszyciu lasów lub na wilgotnych glebach nad strumieniami. W uprawie dobrze sobie radzi również na glebach suchych, najlepiej kwitnie na stanowiskach słonecznych.&nbsp;<br>&nbsp;&nbsp;&nbsp;Według amerykańskich danych&nbsp;<em>C. acuminata</em>&nbsp;rosnąć może w 5 strefie klimatycznej USDA &#8211; powinna być wystarczająco odporna na mrozy w całej Polsce.</p>
</div>



<div class="wp-block-column is-layout-flow wp-block-column-is-layout-flow">
<div class="wp-block-image"><figure class="aligncenter size-large"><img loading="lazy" decoding="async" width="500" height="362" src="https://www.ogrodnick.pl/word/wp-content/uploads/2020/03/clethra_acuminata_kwitnaca.jpg" alt="" class="wp-image-688" srcset="https://www.ogrodnick.pl/word/wp-content/uploads/2020/03/clethra_acuminata_kwitnaca.jpg 500w, https://www.ogrodnick.pl/word/wp-content/uploads/2020/03/clethra_acuminata_kwitnaca-300x217.jpg 300w" sizes="auto, (max-width: 500px) 100vw, 500px" /></figure></div>
</div>
</div>



<div class="wp-block-image"><figure class="aligncenter size-large"><img loading="lazy" decoding="async" width="500" height="524" src="https://www.ogrodnick.pl/word/wp-content/uploads/2020/03/clethra_acuminata_kora.jpg" alt="" class="wp-image-687" srcset="https://www.ogrodnick.pl/word/wp-content/uploads/2020/03/clethra_acuminata_kora.jpg 500w, https://www.ogrodnick.pl/word/wp-content/uploads/2020/03/clethra_acuminata_kora-286x300.jpg 286w" sizes="auto, (max-width: 500px) 100vw, 500px" /></figure></div>

<p>Orszelina zaostrzona&nbsp;(Clethra acuminata)&nbsp;pochodzi z Ameryki Północnej. Rośnie rozproszona w południowej połowie Apallachów, od Alabamy po Pensylwanię. Na stanowiskach naturalnych gatunek zagrożony. OPIS:&nbsp;&nbsp;&nbsp;W ojczyźnie wysoki krzew albo małe, do 8 metrów wysokości, drzewko. Amerykanie mówią na nią:&nbsp;&#8211; 'Mountain clethra&#8217; &#8211; bo rośnie w górach&nbsp;&#8211; 'Cinnamon clethra&#8217; lub 'Cinnamonbark clethra&#8217; &#8211; ma bardzo efektowną, lśniącą, złuszczającą się [&hellip;]</p>
