{"id":386,"date":"2020-03-14T09:37:16","date_gmt":"2020-03-14T09:37:16","guid":{"rendered":"http:\/\/www.ogrodnick.pl\/word\/?page_id=386"},"modified":"2020-03-23T10:46:25","modified_gmt":"2020-03-23T10:46:25","slug":"szczeslin-pozny-clerodendrum-trichotomum","status":"publish","type":"page","link":"https:\/\/www.ogrodnick.pl\/word\/szczeslin-pozny-clerodendrum-trichotomum\/","title":{"rendered":"Szcz\u0119\u015blin p\u00f3\u017any (Clerodendrum trichotomum)"},"content":{"rendered":"\n<div class=\"wp-block-group alignfull\"><div class=\"wp-block-group__inner-container is-layout-flow wp-block-group-is-layout-flow\">\n<p>Szcz\u0119\u015blin p\u00f3\u017any&nbsp;<em>(Clerodendrum trichotomum)<\/em>&nbsp;(polska nazwa &#8222;nieszcz\u0119\u015bliwa&#8221;,&nbsp;<em>kleros<\/em>&nbsp;to po grecku przeznaczenie, los) wyst\u0119puje w po\u0142udniowo-wschodniej Azji i w Japonii.<\/p>\n<\/div><\/div>\n\n\n\n<div class=\"wp-block-columns alignfull is-layout-flex wp-container-core-columns-is-layout-9d6595d7 wp-block-columns-is-layout-flex\">\n<div class=\"wp-block-column is-layout-flow wp-block-column-is-layout-flow\">\n<p><strong>OPIS:<br><\/strong>&nbsp;&nbsp;&nbsp;Tam, sk\u0105d pochodzi wyrasta w kilkumetrowe drzewko.&nbsp;<br>&nbsp;&nbsp;&nbsp;W Polsce, je\u015bli niezabezpieczany, zwykle zachowuje si\u0119 jak bylina &#8211; marznie do granicy \u015bniegu i w jesieni osi\u0105ga najwy\u017cej 1.5 metra wysoko\u015bci.&nbsp;<br>&nbsp;&nbsp;&nbsp; Sadzi\u0107 szcz\u0119\u015bliny warto ze wzgl\u0119du na pojawiaj\u0105ce si\u0119 od sierpnia do pa\u017adziernika pachn\u0105ce kwiatki (Kwitn\u0105 nawet te ro\u015bliny, kt\u00f3re zim\u0105 zmarz\u0142y do gruntu!). Pojedynczy kwiat ma 3 cm \u015brednicy, skupione s\u0105 w wiechy oko\u0142o 20-centymetrowej d\u0142ugo\u015bci.&nbsp;<br>&nbsp;&nbsp;&nbsp;Niestety, u nas szcz\u0119\u015bliny rzadko zawi\u0105zuj\u0105 owoce. Ich niezwyk\u0142y kszta\u0142t i barwy da\u0142y pocz\u0105tek angielskiej nazwie&nbsp;<em>Harlequin glory<\/em>, co mo\u017cna przet\u0142umaczy\u0107 jako duma, chluba, albo aureola (czapka) arlekina.<br>Odmiana Fargesa, w por\u00f3wnaniu z typowym jest:&nbsp;<br>&nbsp;&nbsp;-odporniejsza;&nbsp;<br>&nbsp;&nbsp;&#8211; ma nieco mniejsze, prawie nagie li\u015bcie;&nbsp;<br>&nbsp;&nbsp;-s\u0142abo zaczerwienione, prawie zielone dzia\u0142ki kielicha.&nbsp;<\/p>\n<\/div>\n\n\n\n<div class=\"wp-block-column is-layout-flow wp-block-column-is-layout-flow\">\n<div class=\"wp-block-image\"><figure class=\"aligncenter size-large\"><img loading=\"lazy\" decoding=\"async\" width=\"500\" height=\"322\" src=\"https:\/\/www.ogrodnick.pl\/word\/wp-content\/uploads\/2020\/03\/clerodendrum_trichotomum_kwitnacyFar.jpg\" alt=\"\" class=\"wp-image-684\" srcset=\"https:\/\/www.ogrodnick.pl\/word\/wp-content\/uploads\/2020\/03\/clerodendrum_trichotomum_kwitnacyFar.jpg 500w, https:\/\/www.ogrodnick.pl\/word\/wp-content\/uploads\/2020\/03\/clerodendrum_trichotomum_kwitnacyFar-300x193.jpg 300w\" sizes=\"auto, (max-width: 500px) 100vw, 500px\" \/><\/figure><\/div>\n<\/div>\n<\/div>\n\n\n\n<div class=\"wp-block-columns alignfull is-layout-flex wp-container-core-columns-is-layout-9d6595d7 wp-block-columns-is-layout-flex\">\n<div class=\"wp-block-column is-layout-flow wp-block-column-is-layout-flow\">\n<p><strong>UPRAWA:<\/strong><br>Typowe szcz\u0119\u015bliny p\u00f3\u017ane polecam jedynie do najcieplejszych rejon\u00f3w i uprawy pojemnikowej. Szcz\u0119\u015bliny odmiany Fargesa&nbsp;<em>(C. t. var. fargesii)<\/em>&nbsp;s\u0105 znacznie odporniejsze, niemniej je te\u017c nale\u017cy sadzi\u0107 w ciep\u0142ych, s\u0142onecznych miejscach.&nbsp;<br>&nbsp;&nbsp;&nbsp; Wskazane okrywanie na zim\u0119 &#8211; im lepiej przezimuje, tym wcze\u015bniej zacznie kwitn\u0105\u0107 i wi\u0119ksze b\u0119dzie prawdopodobie\u0144stwo zawi\u0105zania efektownych owoc\u00f3w.<\/p>\n<\/div>\n\n\n\n<div class=\"wp-block-column is-layout-flow wp-block-column-is-layout-flow\">\n<div class=\"wp-block-image\"><figure class=\"aligncenter size-large\"><img loading=\"lazy\" decoding=\"async\" width=\"500\" height=\"303\" src=\"https:\/\/www.ogrodnick.pl\/word\/wp-content\/uploads\/2020\/03\/Clerodendrum_trichotomum_kwiatki_typ-far.jpg\" alt=\"\" class=\"wp-image-683\" srcset=\"https:\/\/www.ogrodnick.pl\/word\/wp-content\/uploads\/2020\/03\/Clerodendrum_trichotomum_kwiatki_typ-far.jpg 500w, https:\/\/www.ogrodnick.pl\/word\/wp-content\/uploads\/2020\/03\/Clerodendrum_trichotomum_kwiatki_typ-far-300x182.jpg 300w\" sizes=\"auto, (max-width: 500px) 100vw, 500px\" \/><\/figure><\/div>\n<\/div>\n<\/div>\n\n\n\n<div class=\"wp-block-image\"><figure class=\"aligncenter size-large\"><img loading=\"lazy\" decoding=\"async\" width=\"500\" height=\"405\" src=\"https:\/\/www.ogrodnick.pl\/word\/wp-content\/uploads\/2020\/03\/clerodendrum_trichotomum_owoce.jpg\" alt=\"\" class=\"wp-image-685\" srcset=\"https:\/\/www.ogrodnick.pl\/word\/wp-content\/uploads\/2020\/03\/clerodendrum_trichotomum_owoce.jpg 500w, https:\/\/www.ogrodnick.pl\/word\/wp-content\/uploads\/2020\/03\/clerodendrum_trichotomum_owoce-300x243.jpg 300w\" sizes=\"auto, (max-width: 500px) 100vw, 500px\" \/><\/figure><\/div>\n","protected":false},"excerpt":{"rendered":"<p>Szcz\u0119\u015blin p\u00f3\u017any&nbsp;(Clerodendrum trichotomum)&nbsp;(polska nazwa &#8222;nieszcz\u0119\u015bliwa&#8221;,&nbsp;kleros&nbsp;to po grecku przeznaczenie, los) wyst\u0119puje w po\u0142udniowo-wschodniej Azji i w Japonii. OPIS:&nbsp;&nbsp;&nbsp;Tam, sk\u0105d pochodzi wyrasta w kilkumetrowe drzewko.&nbsp;&nbsp;&nbsp;&nbsp;W Polsce, je\u015bli niezabezpieczany, zwykle zachowuje si\u0119 jak bylina &#8211; marznie do granicy \u015bniegu i w jesieni osi\u0105ga najwy\u017cej 1.5 metra wysoko\u015bci.&nbsp;&nbsp;&nbsp;&nbsp; Sadzi\u0107 szcz\u0119\u015bliny warto ze wzgl\u0119du na pojawiaj\u0105ce si\u0119 od sierpnia do [&hellip;]<\/p>\n","protected":false},"author":1,"featured_media":0,"parent":0,"menu_order":0,"comment_status":"closed","ping_status":"closed","template":"","meta":{"footnotes":""},"class_list":["post-386","page","type-page","status-publish","hentry"],"_links":{"self":[{"href":"https:\/\/www.ogrodnick.pl\/word\/wp-json\/wp\/v2\/pages\/386","targetHints":{"allow":["GET"]}}],"collection":[{"href":"https:\/\/www.ogrodnick.pl\/word\/wp-json\/wp\/v2\/pages"}],"about":[{"href":"https:\/\/www.ogrodnick.pl\/word\/wp-json\/wp\/v2\/types\/page"}],"author":[{"embeddable":true,"href":"https:\/\/www.ogrodnick.pl\/word\/wp-json\/wp\/v2\/users\/1"}],"replies":[{"embeddable":true,"href":"https:\/\/www.ogrodnick.pl\/word\/wp-json\/wp\/v2\/comments?post=386"}],"version-history":[{"count":2,"href":"https:\/\/www.ogrodnick.pl\/word\/wp-json\/wp\/v2\/pages\/386\/revisions"}],"predecessor-version":[{"id":1109,"href":"https:\/\/www.ogrodnick.pl\/word\/wp-json\/wp\/v2\/pages\/386\/revisions\/1109"}],"wp:attachment":[{"href":"https:\/\/www.ogrodnick.pl\/word\/wp-json\/wp\/v2\/media?parent=386"}],"curies":[{"name":"wp","href":"https:\/\/api.w.org\/{rel}","templated":true}]}}

Szczęślin późny (Clerodendrum trichotomum)

<div class="wp-block-group alignfull"><div class="wp-block-group__inner-container is-layout-flow wp-block-group-is-layout-flow">
<p>Szczęślin późny&nbsp;<em>(Clerodendrum trichotomum)</em>&nbsp;(polska nazwa &#8222;nieszczęśliwa&#8221;,&nbsp;<em>kleros</em>&nbsp;to po grecku przeznaczenie, los) występuje w południowo-wschodniej Azji i w Japonii.</p>
</div></div>



<div class="wp-block-columns alignfull is-layout-flex wp-container-core-columns-is-layout-9d6595d7 wp-block-columns-is-layout-flex">
<div class="wp-block-column is-layout-flow wp-block-column-is-layout-flow">
<p><strong>OPIS:<br></strong>&nbsp;&nbsp;&nbsp;Tam, skąd pochodzi wyrasta w kilkumetrowe drzewko.&nbsp;<br>&nbsp;&nbsp;&nbsp;W Polsce, jeśli niezabezpieczany, zwykle zachowuje się jak bylina &#8211; marznie do granicy śniegu i w jesieni osiąga najwyżej 1.5 metra wysokości.&nbsp;<br>&nbsp;&nbsp;&nbsp; Sadzić szczęśliny warto ze względu na pojawiające się od sierpnia do października pachnące kwiatki (Kwitną nawet te rośliny, które zimą zmarzły do gruntu!). Pojedynczy kwiat ma 3 cm średnicy, skupione są w wiechy około 20-centymetrowej długości.&nbsp;<br>&nbsp;&nbsp;&nbsp;Niestety, u nas szczęśliny rzadko zawiązują owoce. Ich niezwykły kształt i barwy dały początek angielskiej nazwie&nbsp;<em>Harlequin glory</em>, co można przetłumaczyć jako duma, chluba, albo aureola (czapka) arlekina.<br>Odmiana Fargesa, w porównaniu z typowym jest:&nbsp;<br>&nbsp;&nbsp;-odporniejsza;&nbsp;<br>&nbsp;&nbsp;&#8211; ma nieco mniejsze, prawie nagie liście;&nbsp;<br>&nbsp;&nbsp;-słabo zaczerwienione, prawie zielone działki kielicha.&nbsp;</p>
</div>



<div class="wp-block-column is-layout-flow wp-block-column-is-layout-flow">
<div class="wp-block-image"><figure class="aligncenter size-large"><img loading="lazy" decoding="async" width="500" height="322" src="https://www.ogrodnick.pl/word/wp-content/uploads/2020/03/clerodendrum_trichotomum_kwitnacyFar.jpg" alt="" class="wp-image-684" srcset="https://www.ogrodnick.pl/word/wp-content/uploads/2020/03/clerodendrum_trichotomum_kwitnacyFar.jpg 500w, https://www.ogrodnick.pl/word/wp-content/uploads/2020/03/clerodendrum_trichotomum_kwitnacyFar-300x193.jpg 300w" sizes="auto, (max-width: 500px) 100vw, 500px" /></figure></div>
</div>
</div>



<div class="wp-block-columns alignfull is-layout-flex wp-container-core-columns-is-layout-9d6595d7 wp-block-columns-is-layout-flex">
<div class="wp-block-column is-layout-flow wp-block-column-is-layout-flow">
<p><strong>UPRAWA:</strong><br>Typowe szczęśliny późne polecam jedynie do najcieplejszych rejonów i uprawy pojemnikowej. Szczęśliny odmiany Fargesa&nbsp;<em>(C. t. var. fargesii)</em>&nbsp;są znacznie odporniejsze, niemniej je też należy sadzić w ciepłych, słonecznych miejscach.&nbsp;<br>&nbsp;&nbsp;&nbsp; Wskazane okrywanie na zimę &#8211; im lepiej przezimuje, tym wcześniej zacznie kwitnąć i większe będzie prawdopodobieństwo zawiązania efektownych owoców.</p>
</div>



<div class="wp-block-column is-layout-flow wp-block-column-is-layout-flow">
<div class="wp-block-image"><figure class="aligncenter size-large"><img loading="lazy" decoding="async" width="500" height="303" src="https://www.ogrodnick.pl/word/wp-content/uploads/2020/03/Clerodendrum_trichotomum_kwiatki_typ-far.jpg" alt="" class="wp-image-683" srcset="https://www.ogrodnick.pl/word/wp-content/uploads/2020/03/Clerodendrum_trichotomum_kwiatki_typ-far.jpg 500w, https://www.ogrodnick.pl/word/wp-content/uploads/2020/03/Clerodendrum_trichotomum_kwiatki_typ-far-300x182.jpg 300w" sizes="auto, (max-width: 500px) 100vw, 500px" /></figure></div>
</div>
</div>



<div class="wp-block-image"><figure class="aligncenter size-large"><img loading="lazy" decoding="async" width="500" height="405" src="https://www.ogrodnick.pl/word/wp-content/uploads/2020/03/clerodendrum_trichotomum_owoce.jpg" alt="" class="wp-image-685" srcset="https://www.ogrodnick.pl/word/wp-content/uploads/2020/03/clerodendrum_trichotomum_owoce.jpg 500w, https://www.ogrodnick.pl/word/wp-content/uploads/2020/03/clerodendrum_trichotomum_owoce-300x243.jpg 300w" sizes="auto, (max-width: 500px) 100vw, 500px" /></figure></div>

<p>Szczęślin późny&nbsp;(Clerodendrum trichotomum)&nbsp;(polska nazwa &#8222;nieszczęśliwa&#8221;,&nbsp;kleros&nbsp;to po grecku przeznaczenie, los) występuje w południowo-wschodniej Azji i w Japonii. OPIS:&nbsp;&nbsp;&nbsp;Tam, skąd pochodzi wyrasta w kilkumetrowe drzewko.&nbsp;&nbsp;&nbsp;&nbsp;W Polsce, jeśli niezabezpieczany, zwykle zachowuje się jak bylina &#8211; marznie do granicy śniegu i w jesieni osiąga najwyżej 1.5 metra wysokości.&nbsp;&nbsp;&nbsp;&nbsp; Sadzić szczęśliny warto ze względu na pojawiające się od sierpnia do [&hellip;]</p>
