{"id":384,"date":"2020-03-14T09:34:09","date_gmt":"2020-03-14T09:34:09","guid":{"rendered":"http:\/\/www.ogrodnick.pl\/word\/?page_id=384"},"modified":"2020-03-23T10:55:29","modified_gmt":"2020-03-23T10:55:29","slug":"zimokwiat-wczesny-chimonanthus-praecox","status":"publish","type":"page","link":"https:\/\/www.ogrodnick.pl\/word\/zimokwiat-wczesny-chimonanthus-praecox\/","title":{"rendered":"Zimokwiat wczesny (Chimonanthus praecox)"},"content":{"rendered":"\n<div class=\"wp-block-group alignfull\"><div class=\"wp-block-group__inner-container is-layout-flow wp-block-group-is-layout-flow\">\n<p>Zimokwiat wczesny<em>&nbsp;(Chimonanthus praecox)<\/em>&nbsp;pochodzi z Chin.<\/p>\n<\/div><\/div>\n\n\n\n<div class=\"wp-block-columns alignfull is-layout-flex wp-container-core-columns-is-layout-9d6595d7 wp-block-columns-is-layout-flex\">\n<div class=\"wp-block-column is-layout-flow wp-block-column-is-layout-flow\">\n<p><strong>OPIS:<br><\/strong>W Chinach bywa nawet ma\u0142ym drzewkiem, u nas pozostanie 2-metrowym krzewem o zaokr\u0105glonym pokroju. Kilkunastocentymetrowe, l\u015bni\u0105ce, ciemnozielone li\u015bcie d\u0142ugo pozostaj\u0105 na krzewie &#8211; w \u0142agodniejszym klimacie bywa zimozielony.&nbsp;<br>&nbsp;&nbsp;&nbsp;Tym za co go lubimy najbardziej s\u0105 rozkwitaj\u0105ce zim\u0105 kwiaty. W ojczy\u017anie zimokwiaty kwitn\u0105 ju\u017c od grudnia, w Polsce zwykle w zaczynaj\u0105 zwykle w marcu, czasem w lutym. Kwiatki 3-centymetry \u015brednicy s\u0105 \u017c\u00f3\u0142te z purpurowobr\u0105zowym \u015brodkiem, u odmian bywaj\u0105 ca\u0142e \u017c\u00f3\u0142te. R\u00f3wnie niezwyk\u0142y jak pora kwitnienia jest zapach kwiatk\u00f3w: pi\u0119kny i niezwykle silny, wyczuwalny w promieniu 50 metr\u00f3w od kwitn\u0105cego krzewu.<br>&nbsp;&nbsp;&nbsp; Ga\u0142\u0105zki z p\u0105kami kwiatowymi mo\u017cna ci\u0105\u0107, wstawione do wazonu rozwin\u0105 si\u0119, upojny zapach wype\u0142nia wtedy ca\u0142e mieszkanie!&nbsp;<\/p>\n<\/div>\n\n\n\n<div class=\"wp-block-column is-layout-flow wp-block-column-is-layout-flow\">\n<div class=\"wp-block-image\"><figure class=\"aligncenter size-large\"><img loading=\"lazy\" decoding=\"async\" width=\"501\" height=\"387\" src=\"https:\/\/www.ogrodnick.pl\/word\/wp-content\/uploads\/2020\/03\/chimonanthus_praecox_krzew.jpg\" alt=\"\" class=\"wp-image-675\" srcset=\"https:\/\/www.ogrodnick.pl\/word\/wp-content\/uploads\/2020\/03\/chimonanthus_praecox_krzew.jpg 501w, https:\/\/www.ogrodnick.pl\/word\/wp-content\/uploads\/2020\/03\/chimonanthus_praecox_krzew-300x232.jpg 300w\" sizes=\"auto, (max-width: 501px) 100vw, 501px\" \/><\/figure><\/div>\n<\/div>\n<\/div>\n\n\n\n<div class=\"wp-block-columns alignfull is-layout-flex wp-container-core-columns-is-layout-9d6595d7 wp-block-columns-is-layout-flex\">\n<div class=\"wp-block-column is-layout-flow wp-block-column-is-layout-flow\">\n<p><strong>UPRAWA:<\/strong><br>Mo\u017ce rosn\u0105\u0107 na praktycznie ka\u017cdej glebie, stanowisko powinno by\u0107 s\u0142oneczne, ciep\u0142e. Ocieniony b\u0119dzie rosn\u0105\u0107 zdrowo, ale wytworzy ma\u0142o p\u0105k\u00f3w kwiatowych.<br>&nbsp;&nbsp;&nbsp; P\u0105ki kwiatowe mog\u0105 przemarza\u0107 &#8211; krytyczna temperatura to oko\u0142o -20C. W zwi\u0105zku z tym, amatorzy zimokwiat\u00f3w mieszkaj\u0105cy w rejonach o surowym klimacie zwykle mog\u0105 si\u0119 cieszy\u0107 jedynie kwiatkami rozkwitaj\u0105cymi w wazonie (ga\u0142\u0105zki z kulistymi p\u0105czkami nale\u017cy ci\u0105\u0107 przed du\u017cymi mrozami).&nbsp;<br>&nbsp;&nbsp;&nbsp;Aby krzew by\u0142 g\u0119sty i zachowa\u0142 \u0142adny pokr\u00f3j dobrze jest co kilka lat wykona\u0107 silne ci\u0119cie odm\u0142adzaj\u0105ce (tu\u017c po kwitnieniu).&nbsp;<\/p>\n<\/div>\n\n\n\n<div class=\"wp-block-column is-layout-flow wp-block-column-is-layout-flow\">\n<div class=\"wp-block-image\"><figure class=\"aligncenter size-large\"><img loading=\"lazy\" decoding=\"async\" width=\"500\" height=\"410\" src=\"https:\/\/www.ogrodnick.pl\/word\/wp-content\/uploads\/2020\/03\/chimonanthus_praecox_kwiatki.jpg\" alt=\"\" class=\"wp-image-676\" srcset=\"https:\/\/www.ogrodnick.pl\/word\/wp-content\/uploads\/2020\/03\/chimonanthus_praecox_kwiatki.jpg 500w, https:\/\/www.ogrodnick.pl\/word\/wp-content\/uploads\/2020\/03\/chimonanthus_praecox_kwiatki-300x246.jpg 300w\" sizes=\"auto, (max-width: 500px) 100vw, 500px\" \/><\/figure><\/div>\n<\/div>\n<\/div>\n\n\n\n<div class=\"wp-block-image\"><figure class=\"aligncenter size-large\"><img loading=\"lazy\" decoding=\"async\" width=\"500\" height=\"516\" src=\"https:\/\/www.ogrodnick.pl\/word\/wp-content\/uploads\/2020\/03\/chimonanthus_praecox_paki.jpg\" alt=\"\" class=\"wp-image-677\" srcset=\"https:\/\/www.ogrodnick.pl\/word\/wp-content\/uploads\/2020\/03\/chimonanthus_praecox_paki.jpg 500w, https:\/\/www.ogrodnick.pl\/word\/wp-content\/uploads\/2020\/03\/chimonanthus_praecox_paki-291x300.jpg 291w\" sizes=\"auto, (max-width: 500px) 100vw, 500px\" \/><\/figure><\/div>\n","protected":false},"excerpt":{"rendered":"<p>Zimokwiat wczesny&nbsp;(Chimonanthus praecox)&nbsp;pochodzi z Chin. OPIS:W Chinach bywa nawet ma\u0142ym drzewkiem, u nas pozostanie 2-metrowym krzewem o zaokr\u0105glonym pokroju. Kilkunastocentymetrowe, l\u015bni\u0105ce, ciemnozielone li\u015bcie d\u0142ugo pozostaj\u0105 na krzewie &#8211; w \u0142agodniejszym klimacie bywa zimozielony.&nbsp;&nbsp;&nbsp;&nbsp;Tym za co go lubimy najbardziej s\u0105 rozkwitaj\u0105ce zim\u0105 kwiaty. W ojczy\u017anie zimokwiaty kwitn\u0105 ju\u017c od grudnia, w Polsce zwykle w zaczynaj\u0105 zwykle [&hellip;]<\/p>\n","protected":false},"author":1,"featured_media":0,"parent":0,"menu_order":0,"comment_status":"closed","ping_status":"closed","template":"","meta":{"footnotes":""},"class_list":["post-384","page","type-page","status-publish","hentry"],"_links":{"self":[{"href":"https:\/\/www.ogrodnick.pl\/word\/wp-json\/wp\/v2\/pages\/384","targetHints":{"allow":["GET"]}}],"collection":[{"href":"https:\/\/www.ogrodnick.pl\/word\/wp-json\/wp\/v2\/pages"}],"about":[{"href":"https:\/\/www.ogrodnick.pl\/word\/wp-json\/wp\/v2\/types\/page"}],"author":[{"embeddable":true,"href":"https:\/\/www.ogrodnick.pl\/word\/wp-json\/wp\/v2\/users\/1"}],"replies":[{"embeddable":true,"href":"https:\/\/www.ogrodnick.pl\/word\/wp-json\/wp\/v2\/comments?post=384"}],"version-history":[{"count":2,"href":"https:\/\/www.ogrodnick.pl\/word\/wp-json\/wp\/v2\/pages\/384\/revisions"}],"predecessor-version":[{"id":1115,"href":"https:\/\/www.ogrodnick.pl\/word\/wp-json\/wp\/v2\/pages\/384\/revisions\/1115"}],"wp:attachment":[{"href":"https:\/\/www.ogrodnick.pl\/word\/wp-json\/wp\/v2\/media?parent=384"}],"curies":[{"name":"wp","href":"https:\/\/api.w.org\/{rel}","templated":true}]}}

<div class="wp-block-group alignfull"><div class="wp-block-group__inner-container is-layout-flow wp-block-group-is-layout-flow">
<p>Zimokwiat wczesny<em>&nbsp;(Chimonanthus praecox)</em>&nbsp;pochodzi z Chin.</p>
</div></div>



<div class="wp-block-columns alignfull is-layout-flex wp-container-core-columns-is-layout-9d6595d7 wp-block-columns-is-layout-flex">
<div class="wp-block-column is-layout-flow wp-block-column-is-layout-flow">
<p><strong>OPIS:<br></strong>W Chinach bywa nawet małym drzewkiem, u nas pozostanie 2-metrowym krzewem o zaokrąglonym pokroju. Kilkunastocentymetrowe, lśniące, ciemnozielone liście długo pozostają na krzewie &#8211; w łagodniejszym klimacie bywa zimozielony.&nbsp;<br>&nbsp;&nbsp;&nbsp;Tym za co go lubimy najbardziej są rozkwitające zimą kwiaty. W ojczyźnie zimokwiaty kwitną już od grudnia, w Polsce zwykle w zaczynają zwykle w marcu, czasem w lutym. Kwiatki 3-centymetry średnicy są żółte z purpurowobrązowym środkiem, u odmian bywają całe żółte. Równie niezwykły jak pora kwitnienia jest zapach kwiatków: piękny i niezwykle silny, wyczuwalny w promieniu 50 metrów od kwitnącego krzewu.<br>&nbsp;&nbsp;&nbsp; Gałązki z pąkami kwiatowymi można ciąć, wstawione do wazonu rozwiną się, upojny zapach wypełnia wtedy całe mieszkanie!&nbsp;</p>
</div>



<div class="wp-block-column is-layout-flow wp-block-column-is-layout-flow">
<div class="wp-block-image"><figure class="aligncenter size-large"><img loading="lazy" decoding="async" width="501" height="387" src="https://www.ogrodnick.pl/word/wp-content/uploads/2020/03/chimonanthus_praecox_krzew.jpg" alt="" class="wp-image-675" srcset="https://www.ogrodnick.pl/word/wp-content/uploads/2020/03/chimonanthus_praecox_krzew.jpg 501w, https://www.ogrodnick.pl/word/wp-content/uploads/2020/03/chimonanthus_praecox_krzew-300x232.jpg 300w" sizes="auto, (max-width: 501px) 100vw, 501px" /></figure></div>
</div>
</div>



<div class="wp-block-columns alignfull is-layout-flex wp-container-core-columns-is-layout-9d6595d7 wp-block-columns-is-layout-flex">
<div class="wp-block-column is-layout-flow wp-block-column-is-layout-flow">
<p><strong>UPRAWA:</strong><br>Może rosnąć na praktycznie każdej glebie, stanowisko powinno być słoneczne, ciepłe. Ocieniony będzie rosnąć zdrowo, ale wytworzy mało pąków kwiatowych.<br>&nbsp;&nbsp;&nbsp; Pąki kwiatowe mogą przemarzać &#8211; krytyczna temperatura to około -20C. W związku z tym, amatorzy zimokwiatów mieszkający w rejonach o surowym klimacie zwykle mogą się cieszyć jedynie kwiatkami rozkwitającymi w wazonie (gałązki z kulistymi pączkami należy ciąć przed dużymi mrozami).&nbsp;<br>&nbsp;&nbsp;&nbsp;Aby krzew był gęsty i zachował ładny pokrój dobrze jest co kilka lat wykonać silne cięcie odmładzające (tuż po kwitnieniu).&nbsp;</p>
</div>



<div class="wp-block-column is-layout-flow wp-block-column-is-layout-flow">
<div class="wp-block-image"><figure class="aligncenter size-large"><img loading="lazy" decoding="async" width="500" height="410" src="https://www.ogrodnick.pl/word/wp-content/uploads/2020/03/chimonanthus_praecox_kwiatki.jpg" alt="" class="wp-image-676" srcset="https://www.ogrodnick.pl/word/wp-content/uploads/2020/03/chimonanthus_praecox_kwiatki.jpg 500w, https://www.ogrodnick.pl/word/wp-content/uploads/2020/03/chimonanthus_praecox_kwiatki-300x246.jpg 300w" sizes="auto, (max-width: 500px) 100vw, 500px" /></figure></div>
</div>
</div>



<div class="wp-block-image"><figure class="aligncenter size-large"><img loading="lazy" decoding="async" width="500" height="516" src="https://www.ogrodnick.pl/word/wp-content/uploads/2020/03/chimonanthus_praecox_paki.jpg" alt="" class="wp-image-677" srcset="https://www.ogrodnick.pl/word/wp-content/uploads/2020/03/chimonanthus_praecox_paki.jpg 500w, https://www.ogrodnick.pl/word/wp-content/uploads/2020/03/chimonanthus_praecox_paki-291x300.jpg 291w" sizes="auto, (max-width: 500px) 100vw, 500px" /></figure></div>

<p>Zimokwiat wczesny&nbsp;(Chimonanthus praecox)&nbsp;pochodzi z Chin. OPIS:W Chinach bywa nawet małym drzewkiem, u nas pozostanie 2-metrowym krzewem o zaokrąglonym pokroju. Kilkunastocentymetrowe, lśniące, ciemnozielone liście długo pozostają na krzewie &#8211; w łagodniejszym klimacie bywa zimozielony.&nbsp;&nbsp;&nbsp;&nbsp;Tym za co go lubimy najbardziej są rozkwitające zimą kwiaty. W ojczyźnie zimokwiaty kwitną już od grudnia, w Polsce zwykle w zaczynają zwykle [&hellip;]</p>
