{"id":383,"date":"2020-03-14T09:32:44","date_gmt":"2020-03-14T09:32:44","guid":{"rendered":"http:\/\/www.ogrodnick.pl\/word\/?page_id=383"},"modified":"2020-03-20T13:02:40","modified_gmt":"2020-03-20T13:02:40","slug":"judaszowiec-kanadyjski-cercis-canadensis","status":"publish","type":"page","link":"https:\/\/www.ogrodnick.pl\/word\/judaszowiec-kanadyjski-cercis-canadensis\/","title":{"rendered":"Judaszowiec kanadyjski (Cercis canadensis)"},"content":{"rendered":"\n<div class=\"wp-block-group alignfull\"><div class=\"wp-block-group__inner-container is-layout-flow wp-block-group-is-layout-flow\">\n<p>Judaszowiec kanadyjski&nbsp;<em>(Cercis canadensis)<\/em>&nbsp;ro\u015bnie we wschodniej cz\u0119\u015bci Ameryki P\u00f3\u0142nocnej &#8211; od Kanady po Meksyk.<\/p>\n<\/div><\/div>\n\n\n\n<div class=\"wp-block-columns alignfull is-layout-flex wp-container-core-columns-is-layout-9d6595d7 wp-block-columns-is-layout-flex\">\n<div class=\"wp-block-column is-layout-flow wp-block-column-is-layout-flow\">\n<p><strong>OPIS:<br><\/strong>&nbsp;&nbsp;&nbsp;W swojej ojczy\u017anie jest 10-15 metrowym drzewem, w Polsce (Pozna\u0144, Warszawa, Pu\u0142awy) osi\u0105ga 6 metr\u00f3w wysoko\u015bci.&nbsp;<br>&nbsp;&nbsp;&nbsp;Cech\u0105 wyr\u00f3\u017cniaj\u0105c\u0105 judaszowce jest kaulifloria &#8211; zdolno\u015b\u0107 wytwarzania p\u0105k\u00f3w kwiatowych w dziwnych miejscach. R\u00f3\u017cowe lub fioletowor\u00f3\u017cowe kwiatki, skupione w p\u0119czkach po 4-10 sztuk pojawiaj\u0105 si\u0119 na ga\u0142\u0105zkach, konarach a nawet wyrastaj\u0105 z \u0142uskowatej kory pnia. Kwitnie&nbsp;bardzo&nbsp;obficie tu\u017c przed rozwojem li\u015bci, zwykle w pierwszych dniach maja.&nbsp;<br>&nbsp;&nbsp;&nbsp;Jesieni\u0105 li\u015bcie \u017c\u00f3\u0142kn\u0105.<\/p>\n<\/div>\n\n\n\n<div class=\"wp-block-column is-layout-flow wp-block-column-is-layout-flow\">\n<div class=\"wp-block-image\"><figure class=\"aligncenter size-large\"><img loading=\"lazy\" decoding=\"async\" width=\"500\" height=\"443\" src=\"https:\/\/www.ogrodnick.pl\/word\/wp-content\/uploads\/2020\/03\/cercis_canadensis_pokr1.jpg\" alt=\"\" class=\"wp-image-672\" srcset=\"https:\/\/www.ogrodnick.pl\/word\/wp-content\/uploads\/2020\/03\/cercis_canadensis_pokr1.jpg 500w, https:\/\/www.ogrodnick.pl\/word\/wp-content\/uploads\/2020\/03\/cercis_canadensis_pokr1-300x266.jpg 300w\" sizes=\"auto, (max-width: 500px) 100vw, 500px\" \/><\/figure><\/div>\n<\/div>\n<\/div>\n\n\n\n<div class=\"wp-block-columns alignfull is-layout-flex wp-container-core-columns-is-layout-9d6595d7 wp-block-columns-is-layout-flex\">\n<div class=\"wp-block-column is-layout-flow wp-block-column-is-layout-flow\">\n<p><strong>UPRAWA:<\/strong><br>&nbsp;&nbsp;&nbsp; Judaszowiec kanadyjski jest zdecydowanie najodporniejszym z judaszowc\u00f3w. Doros\u0142y wytrzymuje bez uszkodze\u0144 mrozy poni\u017cej -30 C, uszkadzany bywa tylko podczas &#8222;zim stulecia&#8221;. Dla por\u00f3wnania, bardzo podobny judaszowiec chi\u0144ski b\u0105d\u017a po\u0142udniowy cierpi gdy temperatury spadaj\u0105 poni\u017cej -22. <\/p>\n\n\n\n<p>Jest odporny na susz\u0119, znosi ocienienie &#8211; ale wtedy s\u0142abiej kwitnie. Ro\u015bnie powoli, gleba powinna zawiera\u0107 wap\u0144.&nbsp;<\/p>\n<\/div>\n\n\n\n<div class=\"wp-block-column is-layout-flow wp-block-column-is-layout-flow\">\n<div class=\"wp-block-image\"><figure class=\"aligncenter size-large\"><img loading=\"lazy\" decoding=\"async\" width=\"500\" height=\"335\" src=\"https:\/\/www.ogrodnick.pl\/word\/wp-content\/uploads\/2020\/03\/cercis_canadensis_kwitnacy.jpg\" alt=\"\" class=\"wp-image-671\" srcset=\"https:\/\/www.ogrodnick.pl\/word\/wp-content\/uploads\/2020\/03\/cercis_canadensis_kwitnacy.jpg 500w, https:\/\/www.ogrodnick.pl\/word\/wp-content\/uploads\/2020\/03\/cercis_canadensis_kwitnacy-300x201.jpg 300w\" sizes=\"auto, (max-width: 500px) 100vw, 500px\" \/><\/figure><\/div>\n<\/div>\n<\/div>\n\n\n\n<div class=\"wp-block-image\"><figure class=\"aligncenter size-large\"><img loading=\"lazy\" decoding=\"async\" width=\"501\" height=\"382\" src=\"https:\/\/www.ogrodnick.pl\/word\/wp-content\/uploads\/2020\/03\/cercis_canadensis_jesien.jpg\" alt=\"\" class=\"wp-image-670\" srcset=\"https:\/\/www.ogrodnick.pl\/word\/wp-content\/uploads\/2020\/03\/cercis_canadensis_jesien.jpg 501w, https:\/\/www.ogrodnick.pl\/word\/wp-content\/uploads\/2020\/03\/cercis_canadensis_jesien-300x229.jpg 300w\" sizes=\"auto, (max-width: 501px) 100vw, 501px\" \/><\/figure><\/div>\n","protected":false},"excerpt":{"rendered":"<p>Judaszowiec kanadyjski&nbsp;(Cercis canadensis)&nbsp;ro\u015bnie we wschodniej cz\u0119\u015bci Ameryki P\u00f3\u0142nocnej &#8211; od Kanady po Meksyk. OPIS:&nbsp;&nbsp;&nbsp;W swojej ojczy\u017anie jest 10-15 metrowym drzewem, w Polsce (Pozna\u0144, Warszawa, Pu\u0142awy) osi\u0105ga 6 metr\u00f3w wysoko\u015bci.&nbsp;&nbsp;&nbsp;&nbsp;Cech\u0105 wyr\u00f3\u017cniaj\u0105c\u0105 judaszowce jest kaulifloria &#8211; zdolno\u015b\u0107 wytwarzania p\u0105k\u00f3w kwiatowych w dziwnych miejscach. R\u00f3\u017cowe lub fioletowor\u00f3\u017cowe kwiatki, skupione w p\u0119czkach po 4-10 sztuk pojawiaj\u0105 si\u0119 na ga\u0142\u0105zkach, [&hellip;]<\/p>\n","protected":false},"author":1,"featured_media":0,"parent":0,"menu_order":0,"comment_status":"closed","ping_status":"closed","template":"","meta":{"footnotes":""},"class_list":["post-383","page","type-page","status-publish","hentry"],"_links":{"self":[{"href":"https:\/\/www.ogrodnick.pl\/word\/wp-json\/wp\/v2\/pages\/383","targetHints":{"allow":["GET"]}}],"collection":[{"href":"https:\/\/www.ogrodnick.pl\/word\/wp-json\/wp\/v2\/pages"}],"about":[{"href":"https:\/\/www.ogrodnick.pl\/word\/wp-json\/wp\/v2\/types\/page"}],"author":[{"embeddable":true,"href":"https:\/\/www.ogrodnick.pl\/word\/wp-json\/wp\/v2\/users\/1"}],"replies":[{"embeddable":true,"href":"https:\/\/www.ogrodnick.pl\/word\/wp-json\/wp\/v2\/comments?post=383"}],"version-history":[{"count":2,"href":"https:\/\/www.ogrodnick.pl\/word\/wp-json\/wp\/v2\/pages\/383\/revisions"}],"predecessor-version":[{"id":1045,"href":"https:\/\/www.ogrodnick.pl\/word\/wp-json\/wp\/v2\/pages\/383\/revisions\/1045"}],"wp:attachment":[{"href":"https:\/\/www.ogrodnick.pl\/word\/wp-json\/wp\/v2\/media?parent=383"}],"curies":[{"name":"wp","href":"https:\/\/api.w.org\/{rel}","templated":true}]}}

<div class="wp-block-group alignfull"><div class="wp-block-group__inner-container is-layout-flow wp-block-group-is-layout-flow">
<p>Judaszowiec kanadyjski&nbsp;<em>(Cercis canadensis)</em>&nbsp;rośnie we wschodniej części Ameryki Północnej &#8211; od Kanady po Meksyk.</p>
</div></div>



<div class="wp-block-columns alignfull is-layout-flex wp-container-core-columns-is-layout-9d6595d7 wp-block-columns-is-layout-flex">
<div class="wp-block-column is-layout-flow wp-block-column-is-layout-flow">
<p><strong>OPIS:<br></strong>&nbsp;&nbsp;&nbsp;W swojej ojczyźnie jest 10-15 metrowym drzewem, w Polsce (Poznań, Warszawa, Puławy) osiąga 6 metrów wysokości.&nbsp;<br>&nbsp;&nbsp;&nbsp;Cechą wyróżniającą judaszowce jest kaulifloria &#8211; zdolność wytwarzania pąków kwiatowych w dziwnych miejscach. Różowe lub fioletoworóżowe kwiatki, skupione w pęczkach po 4-10 sztuk pojawiają się na gałązkach, konarach a nawet wyrastają z łuskowatej kory pnia. Kwitnie&nbsp;bardzo&nbsp;obficie tuż przed rozwojem liści, zwykle w pierwszych dniach maja.&nbsp;<br>&nbsp;&nbsp;&nbsp;Jesienią liście żółkną.</p>
</div>



<div class="wp-block-column is-layout-flow wp-block-column-is-layout-flow">
<div class="wp-block-image"><figure class="aligncenter size-large"><img loading="lazy" decoding="async" width="500" height="443" src="https://www.ogrodnick.pl/word/wp-content/uploads/2020/03/cercis_canadensis_pokr1.jpg" alt="" class="wp-image-672" srcset="https://www.ogrodnick.pl/word/wp-content/uploads/2020/03/cercis_canadensis_pokr1.jpg 500w, https://www.ogrodnick.pl/word/wp-content/uploads/2020/03/cercis_canadensis_pokr1-300x266.jpg 300w" sizes="auto, (max-width: 500px) 100vw, 500px" /></figure></div>
</div>
</div>



<div class="wp-block-columns alignfull is-layout-flex wp-container-core-columns-is-layout-9d6595d7 wp-block-columns-is-layout-flex">
<div class="wp-block-column is-layout-flow wp-block-column-is-layout-flow">
<p><strong>UPRAWA:</strong><br>&nbsp;&nbsp;&nbsp; Judaszowiec kanadyjski jest zdecydowanie najodporniejszym z judaszowców. Dorosły wytrzymuje bez uszkodzeń mrozy poniżej -30 C, uszkadzany bywa tylko podczas &#8222;zim stulecia&#8221;. Dla porównania, bardzo podobny judaszowiec chiński bądź południowy cierpi gdy temperatury spadają poniżej -22. </p>



<p>Jest odporny na suszę, znosi ocienienie &#8211; ale wtedy słabiej kwitnie. Rośnie powoli, gleba powinna zawierać wapń.&nbsp;</p>
</div>



<div class="wp-block-column is-layout-flow wp-block-column-is-layout-flow">
<div class="wp-block-image"><figure class="aligncenter size-large"><img loading="lazy" decoding="async" width="500" height="335" src="https://www.ogrodnick.pl/word/wp-content/uploads/2020/03/cercis_canadensis_kwitnacy.jpg" alt="" class="wp-image-671" srcset="https://www.ogrodnick.pl/word/wp-content/uploads/2020/03/cercis_canadensis_kwitnacy.jpg 500w, https://www.ogrodnick.pl/word/wp-content/uploads/2020/03/cercis_canadensis_kwitnacy-300x201.jpg 300w" sizes="auto, (max-width: 500px) 100vw, 500px" /></figure></div>
</div>
</div>



<div class="wp-block-image"><figure class="aligncenter size-large"><img loading="lazy" decoding="async" width="501" height="382" src="https://www.ogrodnick.pl/word/wp-content/uploads/2020/03/cercis_canadensis_jesien.jpg" alt="" class="wp-image-670" srcset="https://www.ogrodnick.pl/word/wp-content/uploads/2020/03/cercis_canadensis_jesien.jpg 501w, https://www.ogrodnick.pl/word/wp-content/uploads/2020/03/cercis_canadensis_jesien-300x229.jpg 300w" sizes="auto, (max-width: 501px) 100vw, 501px" /></figure></div>

<p>Judaszowiec kanadyjski&nbsp;(Cercis canadensis)&nbsp;rośnie we wschodniej części Ameryki Północnej &#8211; od Kanady po Meksyk. OPIS:&nbsp;&nbsp;&nbsp;W swojej ojczyźnie jest 10-15 metrowym drzewem, w Polsce (Poznań, Warszawa, Puławy) osiąga 6 metrów wysokości.&nbsp;&nbsp;&nbsp;&nbsp;Cechą wyróżniającą judaszowce jest kaulifloria &#8211; zdolność wytwarzania pąków kwiatowych w dziwnych miejscach. Różowe lub fioletoworóżowe kwiatki, skupione w pęczkach po 4-10 sztuk pojawiają się na gałązkach, [&hellip;]</p>
