{"id":376,"date":"2020-03-05T12:39:23","date_gmt":"2020-03-05T12:39:23","guid":{"rendered":"http:\/\/www.ogrodnick.pl\/word\/?page_id=376"},"modified":"2020-03-20T13:09:01","modified_gmt":"2020-03-20T13:09:01","slug":"kasztan-jadalny-castanea-sativa","status":"publish","type":"page","link":"https:\/\/www.ogrodnick.pl\/word\/kasztan-jadalny-castanea-sativa\/","title":{"rendered":"Kasztan jadalny (Castanea sativa)"},"content":{"rendered":"\n<div class=\"wp-block-group alignfull\"><div class=\"wp-block-group__inner-container is-layout-flow wp-block-group-is-layout-flow\">\n<p>Kasztan jadalny&nbsp;<em>(Castanea sativa)<\/em>&nbsp; jest od tysi\u0119cy lat uprawiany w rejonie Morza \u015ar\u00f3dziemnego jako drzewo owocowe. Trudno okre\u015bli\u0107 obszar jego naturalnego wyst\u0119powania, prawdopodobnie by\u0142a to Azja Mniejsza sk\u0105d sprowadzili go do Europy Grecy, p\u00f3\u017aniej Rzymianie rozpowszechnili kasztany w podbitych krajach \u015brodkowej i zachodniej Europy.<\/p>\n<\/div><\/div>\n\n\n\n<div class=\"wp-block-columns alignfull is-layout-flex wp-container-core-columns-is-layout-9d6595d7 wp-block-columns-is-layout-flex\">\n<div class=\"wp-block-column is-layout-flow wp-block-column-is-layout-flow\">\n<p><strong>OPIS:<br><\/strong>&nbsp;&nbsp;&nbsp;D\u0142ugowieczne drzewo, w sprzyjaj\u0105cych warunkach mo\u017ce osi\u0105ga\u0107 ogromne rozmiary: wysoko\u015b\u0107 do 40 metr\u00f3w, obw\u00f3d rosn\u0105cego na Sycylii drzewa &#8222;Castagno di cento cavalli&#8221; wynosi\u0142 56 (pi\u0119\u0107dziesi\u0105t sze\u015b\u0107) metr\u00f3w! W Polsce najwi\u0119ksze kasztany jadalne maj\u0105 blisko 30 metr\u00f3w wysoko\u015bci.&nbsp;<br>&nbsp;&nbsp;&nbsp;Pi\u0119kne za spraw\u0105 sztywnych, l\u015bni\u0105cych li\u015bci (nigdy nie wi\u0119dn\u0105), w czerwcu korony drzew staj\u0105 si\u0119 \u017c\u00f3\u0142te od wielkiej liczby nawet blisko 30-centymetrowej d\u0142ugo\u015bci k\u0142osowatych kwiatostan\u00f3w.Kwiaty py\u0142ko- i nektarodajne, w po\u0142udniowej Europie kasztany s\u0105 znacz\u0105cym pszczelim po\u017cytkiem.&nbsp;<br>&nbsp;&nbsp;&nbsp;Bardzo efektowne s\u0105 bardzo liczne kolczaste okrywy owoc\u00f3w 6-centymetrowej \u015brednicy. Dobrze wykszta\u0142cone, nadaj\u0105ce si\u0119 do jedzenia kasztany rodz\u0105 si\u0119 regularnie w cieplejszych rejonach Polski. W ch\u0142odniejszych rejonach, w je\u015bli lato jest ch\u0142odne i wilgotne owoce bywaj\u0105 puste (zw\u0142aszcza na m\u0142odych drzewach).&nbsp;<\/p>\n<\/div>\n\n\n\n<div class=\"wp-block-column is-layout-flow wp-block-column-is-layout-flow\">\n<div class=\"wp-block-image\"><figure class=\"aligncenter size-large\"><img loading=\"lazy\" decoding=\"async\" width=\"500\" height=\"651\" src=\"https:\/\/www.ogrodnick.pl\/word\/wp-content\/uploads\/2020\/03\/Castaneasativa_drzewko-1.jpg\" alt=\"\" class=\"wp-image-642\" srcset=\"https:\/\/www.ogrodnick.pl\/word\/wp-content\/uploads\/2020\/03\/Castaneasativa_drzewko-1.jpg 500w, https:\/\/www.ogrodnick.pl\/word\/wp-content\/uploads\/2020\/03\/Castaneasativa_drzewko-1-230x300.jpg 230w\" sizes=\"auto, (max-width: 500px) 100vw, 500px\" \/><\/figure><\/div>\n<\/div>\n<\/div>\n\n\n\n<div class=\"wp-block-columns alignfull is-layout-flex wp-container-core-columns-is-layout-9d6595d7 wp-block-columns-is-layout-flex\">\n<div class=\"wp-block-column is-layout-flow wp-block-column-is-layout-flow\">\n<p><strong>UPRAWA:<\/strong><br>&nbsp;&nbsp;&nbsp;Kasztan jadalny to drzewo wybitnie \u015bwiat\u0142o\u017c\u0105dne. Wsp\u00f3\u0142\u017cyje z grzybami (znawcy twierdz\u0105, \u017ce najsmaczniejsze prawdziwki rosn\u0105 w kasztanowych lasach we W\u0142oszech), dzi\u0119ki temu jest&nbsp;niezwykle&nbsp;odporne na susz\u0119 &#8211; mo\u017ce rosn\u0105\u0107 na najs\u0142abszych, piaszczystych i suchych glebach. Na odpowiednim stanowisku (s\u0142oneczne i suche) doros\u0142e bez szkody znosz\u0105 mrozy poni\u017cej -30C. Podobnie jak spokrewnione buki i d\u0119by nie lubi p\u00f3\u017anych przymrozk\u00f3w, te ostatnie cz\u0119sto uszkadzaj\u0105 rozwijaj\u0105ce si\u0119 p\u0105ki.&nbsp;<br>&nbsp;&nbsp;&nbsp;Kasztany \u017ale rosn\u0105 na glebach wapiennych.&nbsp;<br>&nbsp;&nbsp;&nbsp;Je\u015bli licz\u0105 Pa\u0144stwo na owoce, to lepsze efekty da sadzenie ro\u015blin pochodz\u0105cych z Polskich nasion lub z nasion zebranych w rejonie o podobnym jak nasz klimacie, np w Anglii czy w Niemczech. Kasztany w sklepach pochodz\u0105 z kraj\u00f3w o znacznie cieplejszym klimacie, drzewa z nich wyros\u0142e zwykle potrzebuj\u0105 do dobrego wzrostu d\u0142u\u017cszego lata ni\u017c nasze.&nbsp;<br>Lepiej owocuj\u0105 kasztany zapylane krzy\u017cowo, py\u0142kiem z innego egzemplarza.&nbsp;<\/p>\n<\/div>\n\n\n\n<div class=\"wp-block-column is-layout-flow wp-block-column-is-layout-flow\">\n<div class=\"wp-block-image\"><figure class=\"aligncenter size-large\"><img loading=\"lazy\" decoding=\"async\" width=\"500\" height=\"423\" src=\"https:\/\/www.ogrodnick.pl\/word\/wp-content\/uploads\/2020\/03\/Castanea_sativa_owoczielony-1.jpg\" alt=\"\" class=\"wp-image-646\" srcset=\"https:\/\/www.ogrodnick.pl\/word\/wp-content\/uploads\/2020\/03\/Castanea_sativa_owoczielony-1.jpg 500w, https:\/\/www.ogrodnick.pl\/word\/wp-content\/uploads\/2020\/03\/Castanea_sativa_owoczielony-1-300x254.jpg 300w\" sizes=\"auto, (max-width: 500px) 100vw, 500px\" \/><\/figure><\/div>\n<\/div>\n<\/div>\n\n\n\n<div class=\"wp-block-columns alignfull is-layout-flex wp-container-core-columns-is-layout-9d6595d7 wp-block-columns-is-layout-flex\">\n<div class=\"wp-block-column is-layout-flow wp-block-column-is-layout-flow\">\n<div class=\"wp-block-image\"><figure class=\"aligncenter size-large\"><img loading=\"lazy\" decoding=\"async\" width=\"500\" height=\"524\" src=\"https:\/\/www.ogrodnick.pl\/word\/wp-content\/uploads\/2020\/03\/Castaneasativa_owoce-2010-1.jpg\" alt=\"\" class=\"wp-image-645\" srcset=\"https:\/\/www.ogrodnick.pl\/word\/wp-content\/uploads\/2020\/03\/Castaneasativa_owoce-2010-1.jpg 500w, https:\/\/www.ogrodnick.pl\/word\/wp-content\/uploads\/2020\/03\/Castaneasativa_owoce-2010-1-286x300.jpg 286w\" sizes=\"auto, (max-width: 500px) 100vw, 500px\" \/><\/figure><\/div>\n\n\n\n<div class=\"wp-block-image\"><figure class=\"aligncenter size-large\"><img loading=\"lazy\" decoding=\"async\" width=\"500\" height=\"527\" src=\"https:\/\/www.ogrodnick.pl\/word\/wp-content\/uploads\/2020\/03\/Castanea_sativa_zowocami-1.jpg\" alt=\"\" class=\"wp-image-648\" srcset=\"https:\/\/www.ogrodnick.pl\/word\/wp-content\/uploads\/2020\/03\/Castanea_sativa_zowocami-1.jpg 500w, https:\/\/www.ogrodnick.pl\/word\/wp-content\/uploads\/2020\/03\/Castanea_sativa_zowocami-1-285x300.jpg 285w\" sizes=\"auto, (max-width: 500px) 100vw, 500px\" \/><\/figure><\/div>\n<\/div>\n\n\n\n<div class=\"wp-block-column is-layout-flow wp-block-column-is-layout-flow\">\n<div class=\"wp-block-image\"><figure class=\"aligncenter size-large\"><img loading=\"lazy\" decoding=\"async\" width=\"500\" height=\"375\" src=\"https:\/\/www.ogrodnick.pl\/word\/wp-content\/uploads\/2020\/03\/Castaneasativa_kwitnacy-1.jpg\" alt=\"\" class=\"wp-image-644\" srcset=\"https:\/\/www.ogrodnick.pl\/word\/wp-content\/uploads\/2020\/03\/Castaneasativa_kwitnacy-1.jpg 500w, https:\/\/www.ogrodnick.pl\/word\/wp-content\/uploads\/2020\/03\/Castaneasativa_kwitnacy-1-300x225.jpg 300w\" sizes=\"auto, (max-width: 500px) 100vw, 500px\" \/><\/figure><\/div>\n\n\n\n<div class=\"wp-block-image\"><figure class=\"aligncenter size-large\"><img loading=\"lazy\" decoding=\"async\" width=\"500\" height=\"417\" src=\"https:\/\/www.ogrodnick.pl\/word\/wp-content\/uploads\/2020\/03\/Castanea_sativa_kwiatki-1.jpg\" alt=\"\" class=\"wp-image-643\" srcset=\"https:\/\/www.ogrodnick.pl\/word\/wp-content\/uploads\/2020\/03\/Castanea_sativa_kwiatki-1.jpg 500w, https:\/\/www.ogrodnick.pl\/word\/wp-content\/uploads\/2020\/03\/Castanea_sativa_kwiatki-1-300x250.jpg 300w\" sizes=\"auto, (max-width: 500px) 100vw, 500px\" \/><\/figure><\/div>\n<\/div>\n<\/div>\n\n\n","protected":false},"excerpt":{"rendered":"<p>Kasztan jadalny&nbsp;(Castanea sativa)&nbsp; jest od tysi\u0119cy lat uprawiany w rejonie Morza \u015ar\u00f3dziemnego jako drzewo owocowe. Trudno okre\u015bli\u0107 obszar jego naturalnego wyst\u0119powania, prawdopodobnie by\u0142a to Azja Mniejsza sk\u0105d sprowadzili go do Europy Grecy, p\u00f3\u017aniej Rzymianie rozpowszechnili kasztany w podbitych krajach \u015brodkowej i zachodniej Europy. OPIS:&nbsp;&nbsp;&nbsp;D\u0142ugowieczne drzewo, w sprzyjaj\u0105cych warunkach mo\u017ce osi\u0105ga\u0107 ogromne rozmiary: wysoko\u015b\u0107 do 40 [&hellip;]<\/p>\n","protected":false},"author":1,"featured_media":0,"parent":0,"menu_order":0,"comment_status":"closed","ping_status":"closed","template":"","meta":{"footnotes":""},"class_list":["post-376","page","type-page","status-publish","hentry"],"_links":{"self":[{"href":"https:\/\/www.ogrodnick.pl\/word\/wp-json\/wp\/v2\/pages\/376","targetHints":{"allow":["GET"]}}],"collection":[{"href":"https:\/\/www.ogrodnick.pl\/word\/wp-json\/wp\/v2\/pages"}],"about":[{"href":"https:\/\/www.ogrodnick.pl\/word\/wp-json\/wp\/v2\/types\/page"}],"author":[{"embeddable":true,"href":"https:\/\/www.ogrodnick.pl\/word\/wp-json\/wp\/v2\/users\/1"}],"replies":[{"embeddable":true,"href":"https:\/\/www.ogrodnick.pl\/word\/wp-json\/wp\/v2\/comments?post=376"}],"version-history":[{"count":2,"href":"https:\/\/www.ogrodnick.pl\/word\/wp-json\/wp\/v2\/pages\/376\/revisions"}],"predecessor-version":[{"id":1048,"href":"https:\/\/www.ogrodnick.pl\/word\/wp-json\/wp\/v2\/pages\/376\/revisions\/1048"}],"wp:attachment":[{"href":"https:\/\/www.ogrodnick.pl\/word\/wp-json\/wp\/v2\/media?parent=376"}],"curies":[{"name":"wp","href":"https:\/\/api.w.org\/{rel}","templated":true}]}}

<div class="wp-block-group alignfull"><div class="wp-block-group__inner-container is-layout-flow wp-block-group-is-layout-flow">
<p>Kasztan jadalny&nbsp;<em>(Castanea sativa)</em>&nbsp; jest od tysięcy lat uprawiany w rejonie Morza Śródziemnego jako drzewo owocowe. Trudno określić obszar jego naturalnego występowania, prawdopodobnie była to Azja Mniejsza skąd sprowadzili go do Europy Grecy, później Rzymianie rozpowszechnili kasztany w podbitych krajach środkowej i zachodniej Europy.</p>
</div></div>



<div class="wp-block-columns alignfull is-layout-flex wp-container-core-columns-is-layout-9d6595d7 wp-block-columns-is-layout-flex">
<div class="wp-block-column is-layout-flow wp-block-column-is-layout-flow">
<p><strong>OPIS:<br></strong>&nbsp;&nbsp;&nbsp;Długowieczne drzewo, w sprzyjających warunkach może osiągać ogromne rozmiary: wysokość do 40 metrów, obwód rosnącego na Sycylii drzewa &#8222;Castagno di cento cavalli&#8221; wynosił 56 (pięćdziesiąt sześć) metrów! W Polsce największe kasztany jadalne mają blisko 30 metrów wysokości.&nbsp;<br>&nbsp;&nbsp;&nbsp;Piękne za sprawą sztywnych, lśniących liści (nigdy nie więdną), w czerwcu korony drzew stają się żółte od wielkiej liczby nawet blisko 30-centymetrowej długości kłosowatych kwiatostanów.Kwiaty pyłko- i nektarodajne, w południowej Europie kasztany są znaczącym pszczelim pożytkiem.&nbsp;<br>&nbsp;&nbsp;&nbsp;Bardzo efektowne są bardzo liczne kolczaste okrywy owoców 6-centymetrowej średnicy. Dobrze wykształcone, nadające się do jedzenia kasztany rodzą się regularnie w cieplejszych rejonach Polski. W chłodniejszych rejonach, w jeśli lato jest chłodne i wilgotne owoce bywają puste (zwłaszcza na młodych drzewach).&nbsp;</p>
</div>



<div class="wp-block-column is-layout-flow wp-block-column-is-layout-flow">
<div class="wp-block-image"><figure class="aligncenter size-large"><img loading="lazy" decoding="async" width="500" height="651" src="https://www.ogrodnick.pl/word/wp-content/uploads/2020/03/Castaneasativa_drzewko-1.jpg" alt="" class="wp-image-642" srcset="https://www.ogrodnick.pl/word/wp-content/uploads/2020/03/Castaneasativa_drzewko-1.jpg 500w, https://www.ogrodnick.pl/word/wp-content/uploads/2020/03/Castaneasativa_drzewko-1-230x300.jpg 230w" sizes="auto, (max-width: 500px) 100vw, 500px" /></figure></div>
</div>
</div>



<div class="wp-block-columns alignfull is-layout-flex wp-container-core-columns-is-layout-9d6595d7 wp-block-columns-is-layout-flex">
<div class="wp-block-column is-layout-flow wp-block-column-is-layout-flow">
<p><strong>UPRAWA:</strong><br>&nbsp;&nbsp;&nbsp;Kasztan jadalny to drzewo wybitnie światłożądne. Współżyje z grzybami (znawcy twierdzą, że najsmaczniejsze prawdziwki rosną w kasztanowych lasach we Włoszech), dzięki temu jest&nbsp;niezwykle&nbsp;odporne na suszę &#8211; może rosnąć na najsłabszych, piaszczystych i suchych glebach. Na odpowiednim stanowisku (słoneczne i suche) dorosłe bez szkody znoszą mrozy poniżej -30C. Podobnie jak spokrewnione buki i dęby nie lubi późnych przymrozków, te ostatnie często uszkadzają rozwijające się pąki.&nbsp;<br>&nbsp;&nbsp;&nbsp;Kasztany źle rosną na glebach wapiennych.&nbsp;<br>&nbsp;&nbsp;&nbsp;Jeśli liczą Państwo na owoce, to lepsze efekty da sadzenie roślin pochodzących z Polskich nasion lub z nasion zebranych w rejonie o podobnym jak nasz klimacie, np w Anglii czy w Niemczech. Kasztany w sklepach pochodzą z krajów o znacznie cieplejszym klimacie, drzewa z nich wyrosłe zwykle potrzebują do dobrego wzrostu dłuższego lata niż nasze.&nbsp;<br>Lepiej owocują kasztany zapylane krzyżowo, pyłkiem z innego egzemplarza.&nbsp;</p>
</div>



<div class="wp-block-column is-layout-flow wp-block-column-is-layout-flow">
<div class="wp-block-image"><figure class="aligncenter size-large"><img loading="lazy" decoding="async" width="500" height="423" src="https://www.ogrodnick.pl/word/wp-content/uploads/2020/03/Castanea_sativa_owoczielony-1.jpg" alt="" class="wp-image-646" srcset="https://www.ogrodnick.pl/word/wp-content/uploads/2020/03/Castanea_sativa_owoczielony-1.jpg 500w, https://www.ogrodnick.pl/word/wp-content/uploads/2020/03/Castanea_sativa_owoczielony-1-300x254.jpg 300w" sizes="auto, (max-width: 500px) 100vw, 500px" /></figure></div>
</div>
</div>



<div class="wp-block-columns alignfull is-layout-flex wp-container-core-columns-is-layout-9d6595d7 wp-block-columns-is-layout-flex">
<div class="wp-block-column is-layout-flow wp-block-column-is-layout-flow">
<div class="wp-block-image"><figure class="aligncenter size-large"><img loading="lazy" decoding="async" width="500" height="524" src="https://www.ogrodnick.pl/word/wp-content/uploads/2020/03/Castaneasativa_owoce-2010-1.jpg" alt="" class="wp-image-645" srcset="https://www.ogrodnick.pl/word/wp-content/uploads/2020/03/Castaneasativa_owoce-2010-1.jpg 500w, https://www.ogrodnick.pl/word/wp-content/uploads/2020/03/Castaneasativa_owoce-2010-1-286x300.jpg 286w" sizes="auto, (max-width: 500px) 100vw, 500px" /></figure></div>



<div class="wp-block-image"><figure class="aligncenter size-large"><img loading="lazy" decoding="async" width="500" height="527" src="https://www.ogrodnick.pl/word/wp-content/uploads/2020/03/Castanea_sativa_zowocami-1.jpg" alt="" class="wp-image-648" srcset="https://www.ogrodnick.pl/word/wp-content/uploads/2020/03/Castanea_sativa_zowocami-1.jpg 500w, https://www.ogrodnick.pl/word/wp-content/uploads/2020/03/Castanea_sativa_zowocami-1-285x300.jpg 285w" sizes="auto, (max-width: 500px) 100vw, 500px" /></figure></div>
</div>



<div class="wp-block-column is-layout-flow wp-block-column-is-layout-flow">
<div class="wp-block-image"><figure class="aligncenter size-large"><img loading="lazy" decoding="async" width="500" height="375" src="https://www.ogrodnick.pl/word/wp-content/uploads/2020/03/Castaneasativa_kwitnacy-1.jpg" alt="" class="wp-image-644" srcset="https://www.ogrodnick.pl/word/wp-content/uploads/2020/03/Castaneasativa_kwitnacy-1.jpg 500w, https://www.ogrodnick.pl/word/wp-content/uploads/2020/03/Castaneasativa_kwitnacy-1-300x225.jpg 300w" sizes="auto, (max-width: 500px) 100vw, 500px" /></figure></div>



<div class="wp-block-image"><figure class="aligncenter size-large"><img loading="lazy" decoding="async" width="500" height="417" src="https://www.ogrodnick.pl/word/wp-content/uploads/2020/03/Castanea_sativa_kwiatki-1.jpg" alt="" class="wp-image-643" srcset="https://www.ogrodnick.pl/word/wp-content/uploads/2020/03/Castanea_sativa_kwiatki-1.jpg 500w, https://www.ogrodnick.pl/word/wp-content/uploads/2020/03/Castanea_sativa_kwiatki-1-300x250.jpg 300w" sizes="auto, (max-width: 500px) 100vw, 500px" /></figure></div>
</div>
</div>

<p>Kasztan jadalny&nbsp;(Castanea sativa)&nbsp; jest od tysięcy lat uprawiany w rejonie Morza Śródziemnego jako drzewo owocowe. Trudno określić obszar jego naturalnego występowania, prawdopodobnie była to Azja Mniejsza skąd sprowadzili go do Europy Grecy, później Rzymianie rozpowszechnili kasztany w podbitych krajach środkowej i zachodniej Europy. OPIS:&nbsp;&nbsp;&nbsp;Długowieczne drzewo, w sprzyjających warunkach może osiągać ogromne rozmiary: wysokość do 40 [&hellip;]</p>
