{"id":375,"date":"2020-03-05T12:37:20","date_gmt":"2020-03-05T12:37:20","guid":{"rendered":"http:\/\/www.ogrodnick.pl\/word\/?page_id=375"},"modified":"2020-03-19T12:17:58","modified_gmt":"2020-03-19T12:17:58","slug":"barbula-szara-caryopteris-incana","status":"publish","type":"page","link":"https:\/\/www.ogrodnick.pl\/word\/barbula-szara-caryopteris-incana\/","title":{"rendered":"Barbula szara (Caryopteris incana)"},"content":{"rendered":"\n<div class=\"wp-block-group alignfull\"><div class=\"wp-block-group__inner-container is-layout-flow wp-block-group-is-layout-flow\">\n<p>Barbula szara&nbsp;<em>(Caryopteris incana )<\/em>&nbsp; ro\u015bnie w Japonii i wschodniej Azji.<\/p>\n<\/div><\/div>\n\n\n\n<div class=\"wp-block-columns alignfull is-layout-flex wp-container-core-columns-is-layout-9d6595d7 wp-block-columns-is-layout-flex\">\n<div class=\"wp-block-column is-layout-flow wp-block-column-is-layout-flow\">\n<p><strong>OPIS:<br><\/strong>&nbsp;&nbsp;&nbsp; Barbula szara jest podobna do bardziej znanej, nazywanej zwykle &#8222;kariopteris&#8221; barbuli klando\u0144skiej. Naj\u0142atwiej odr\u00f3\u017cni\u0107 je po kszta\u0142cie li\u015bci: szara ma wszystkie z\u0105bkowane, podczas gdy u klando\u0144skiej zdarzaj\u0105 si\u0119 ca\u0142obrzegie. Wbrew nazwie, barbula szara jest mniej szara ni\u017c klando\u0144ska.&nbsp;<br>&nbsp;&nbsp;&nbsp;Barbule s\u0105 p\u00f3\u0142krzewami (tzn. drewniej\u0105 im tylko nasady p\u0119d\u00f3w) o wysoko\u015bci i szeroko\u015bci do 70 cm. Kwiatki w r\u00f3\u017cnych odcieniach niebieskiego zaczynaj\u0105 rozkwita\u0107 w po\u0142owie sierpnia, zwykle krzewy kwitn\u0105 bardzo obficie do pa\u017adziernika.&nbsp;<\/p>\n<\/div>\n\n\n\n<div class=\"wp-block-column is-layout-flow wp-block-column-is-layout-flow\">\n<div class=\"wp-block-image\"><figure class=\"aligncenter size-large\"><img loading=\"lazy\" decoding=\"async\" width=\"500\" height=\"327\" src=\"https:\/\/www.ogrodnick.pl\/word\/wp-content\/uploads\/2020\/03\/caryopteris_incana_krzew1-1.jpg\" alt=\"\" class=\"wp-image-639\" srcset=\"https:\/\/www.ogrodnick.pl\/word\/wp-content\/uploads\/2020\/03\/caryopteris_incana_krzew1-1.jpg 500w, https:\/\/www.ogrodnick.pl\/word\/wp-content\/uploads\/2020\/03\/caryopteris_incana_krzew1-1-300x196.jpg 300w\" sizes=\"auto, (max-width: 500px) 100vw, 500px\" \/><\/figure><\/div>\n<\/div>\n<\/div>\n\n\n\n<div class=\"wp-block-columns alignfull is-layout-flex wp-container-core-columns-is-layout-9d6595d7 wp-block-columns-is-layout-flex\">\n<div class=\"wp-block-column is-layout-flow wp-block-column-is-layout-flow\">\n<p><strong>UPRAWA:<\/strong>&nbsp;<br>&nbsp;&nbsp;&nbsp;Barbula szara &#8211; podobnie jak jak inne barbule &#8211; wymaga s\u0142o\u0144ca i suchej, przepuszczalnej gleby. Je\u015bli poziom w\u00f3d gruntowych jest wysoki, barbule \u017ale znosz\u0105 zimy &#8211; w takich warunkach mog\u0105 zamiera\u0107 nawet stare krzewy.&nbsp;<br>&nbsp;&nbsp;&nbsp;W ch\u0142odniejszych rejonach wskazane jest okrywanie nasady krzewu. Wiosn\u0105 dobrze jest barbul\u0119 kr\u00f3tko przyci\u0105\u0107 &#8211; silnie przyci\u0119ta zacznie kwitnienie nieco p\u00f3\u017aniej, ale b\u0119dzie kwitn\u0105\u0107 d\u0142u\u017cej i obficiej.&nbsp;<\/p>\n<\/div>\n\n\n\n<div class=\"wp-block-column is-layout-flow wp-block-column-is-layout-flow\">\n<div class=\"wp-block-image\"><figure class=\"aligncenter size-large\"><img loading=\"lazy\" decoding=\"async\" width=\"500\" height=\"802\" src=\"https:\/\/www.ogrodnick.pl\/word\/wp-content\/uploads\/2020\/03\/caryopteris_incana_kwiatki_duze-1.jpg\" alt=\"\" class=\"wp-image-640\" srcset=\"https:\/\/www.ogrodnick.pl\/word\/wp-content\/uploads\/2020\/03\/caryopteris_incana_kwiatki_duze-1.jpg 500w, https:\/\/www.ogrodnick.pl\/word\/wp-content\/uploads\/2020\/03\/caryopteris_incana_kwiatki_duze-1-187x300.jpg 187w\" sizes=\"auto, (max-width: 500px) 100vw, 500px\" \/><\/figure><\/div>\n<\/div>\n<\/div>\n\n\n","protected":false},"excerpt":{"rendered":"<p>Barbula szara&nbsp;(Caryopteris incana )&nbsp; ro\u015bnie w Japonii i wschodniej Azji. OPIS:&nbsp;&nbsp;&nbsp; Barbula szara jest podobna do bardziej znanej, nazywanej zwykle &#8222;kariopteris&#8221; barbuli klando\u0144skiej. Naj\u0142atwiej odr\u00f3\u017cni\u0107 je po kszta\u0142cie li\u015bci: szara ma wszystkie z\u0105bkowane, podczas gdy u klando\u0144skiej zdarzaj\u0105 si\u0119 ca\u0142obrzegie. Wbrew nazwie, barbula szara jest mniej szara ni\u017c klando\u0144ska.&nbsp;&nbsp;&nbsp;&nbsp;Barbule s\u0105 p\u00f3\u0142krzewami (tzn. drewniej\u0105 im tylko [&hellip;]<\/p>\n","protected":false},"author":1,"featured_media":0,"parent":0,"menu_order":0,"comment_status":"closed","ping_status":"closed","template":"","meta":{"footnotes":""},"class_list":["post-375","page","type-page","status-publish","hentry"],"_links":{"self":[{"href":"https:\/\/www.ogrodnick.pl\/word\/wp-json\/wp\/v2\/pages\/375","targetHints":{"allow":["GET"]}}],"collection":[{"href":"https:\/\/www.ogrodnick.pl\/word\/wp-json\/wp\/v2\/pages"}],"about":[{"href":"https:\/\/www.ogrodnick.pl\/word\/wp-json\/wp\/v2\/types\/page"}],"author":[{"embeddable":true,"href":"https:\/\/www.ogrodnick.pl\/word\/wp-json\/wp\/v2\/users\/1"}],"replies":[{"embeddable":true,"href":"https:\/\/www.ogrodnick.pl\/word\/wp-json\/wp\/v2\/comments?post=375"}],"version-history":[{"count":3,"href":"https:\/\/www.ogrodnick.pl\/word\/wp-json\/wp\/v2\/pages\/375\/revisions"}],"predecessor-version":[{"id":1015,"href":"https:\/\/www.ogrodnick.pl\/word\/wp-json\/wp\/v2\/pages\/375\/revisions\/1015"}],"wp:attachment":[{"href":"https:\/\/www.ogrodnick.pl\/word\/wp-json\/wp\/v2\/media?parent=375"}],"curies":[{"name":"wp","href":"https:\/\/api.w.org\/{rel}","templated":true}]}}

<div class="wp-block-group alignfull"><div class="wp-block-group__inner-container is-layout-flow wp-block-group-is-layout-flow">
<p>Barbula szara&nbsp;<em>(Caryopteris incana )</em>&nbsp; rośnie w Japonii i wschodniej Azji.</p>
</div></div>



<div class="wp-block-columns alignfull is-layout-flex wp-container-core-columns-is-layout-9d6595d7 wp-block-columns-is-layout-flex">
<div class="wp-block-column is-layout-flow wp-block-column-is-layout-flow">
<p><strong>OPIS:<br></strong>&nbsp;&nbsp;&nbsp; Barbula szara jest podobna do bardziej znanej, nazywanej zwykle &#8222;kariopteris&#8221; barbuli klandońskiej. Najłatwiej odróżnić je po kształcie liści: szara ma wszystkie ząbkowane, podczas gdy u klandońskiej zdarzają się całobrzegie. Wbrew nazwie, barbula szara jest mniej szara niż klandońska.&nbsp;<br>&nbsp;&nbsp;&nbsp;Barbule są półkrzewami (tzn. drewnieją im tylko nasady pędów) o wysokości i szerokości do 70 cm. Kwiatki w różnych odcieniach niebieskiego zaczynają rozkwitać w połowie sierpnia, zwykle krzewy kwitną bardzo obficie do października.&nbsp;</p>
</div>



<div class="wp-block-column is-layout-flow wp-block-column-is-layout-flow">
<div class="wp-block-image"><figure class="aligncenter size-large"><img loading="lazy" decoding="async" width="500" height="327" src="https://www.ogrodnick.pl/word/wp-content/uploads/2020/03/caryopteris_incana_krzew1-1.jpg" alt="" class="wp-image-639" srcset="https://www.ogrodnick.pl/word/wp-content/uploads/2020/03/caryopteris_incana_krzew1-1.jpg 500w, https://www.ogrodnick.pl/word/wp-content/uploads/2020/03/caryopteris_incana_krzew1-1-300x196.jpg 300w" sizes="auto, (max-width: 500px) 100vw, 500px" /></figure></div>
</div>
</div>



<div class="wp-block-columns alignfull is-layout-flex wp-container-core-columns-is-layout-9d6595d7 wp-block-columns-is-layout-flex">
<div class="wp-block-column is-layout-flow wp-block-column-is-layout-flow">
<p><strong>UPRAWA:</strong>&nbsp;<br>&nbsp;&nbsp;&nbsp;Barbula szara &#8211; podobnie jak jak inne barbule &#8211; wymaga słońca i suchej, przepuszczalnej gleby. Jeśli poziom wód gruntowych jest wysoki, barbule źle znoszą zimy &#8211; w takich warunkach mogą zamierać nawet stare krzewy.&nbsp;<br>&nbsp;&nbsp;&nbsp;W chłodniejszych rejonach wskazane jest okrywanie nasady krzewu. Wiosną dobrze jest barbulę krótko przyciąć &#8211; silnie przycięta zacznie kwitnienie nieco później, ale będzie kwitnąć dłużej i obficiej.&nbsp;</p>
</div>



<div class="wp-block-column is-layout-flow wp-block-column-is-layout-flow">
<div class="wp-block-image"><figure class="aligncenter size-large"><img loading="lazy" decoding="async" width="500" height="802" src="https://www.ogrodnick.pl/word/wp-content/uploads/2020/03/caryopteris_incana_kwiatki_duze-1.jpg" alt="" class="wp-image-640" srcset="https://www.ogrodnick.pl/word/wp-content/uploads/2020/03/caryopteris_incana_kwiatki_duze-1.jpg 500w, https://www.ogrodnick.pl/word/wp-content/uploads/2020/03/caryopteris_incana_kwiatki_duze-1-187x300.jpg 187w" sizes="auto, (max-width: 500px) 100vw, 500px" /></figure></div>
</div>
</div>

<p>Barbula szara&nbsp;(Caryopteris incana )&nbsp; rośnie w Japonii i wschodniej Azji. OPIS:&nbsp;&nbsp;&nbsp; Barbula szara jest podobna do bardziej znanej, nazywanej zwykle &#8222;kariopteris&#8221; barbuli klandońskiej. Najłatwiej odróżnić je po kształcie liści: szara ma wszystkie ząbkowane, podczas gdy u klandońskiej zdarzają się całobrzegie. Wbrew nazwie, barbula szara jest mniej szara niż klandońska.&nbsp;&nbsp;&nbsp;&nbsp;Barbule są półkrzewami (tzn. drewnieją im tylko [&hellip;]</p>
