{"id":372,"date":"2020-03-05T12:43:29","date_gmt":"2020-03-05T12:43:29","guid":{"rendered":"http:\/\/www.ogrodnick.pl\/word\/?page_id=372"},"modified":"2020-03-20T12:56:32","modified_gmt":"2020-03-20T12:56:32","slug":"guzikowiec-zachodni-cephalanthus-occidentalis","status":"publish","type":"page","link":"https:\/\/www.ogrodnick.pl\/word\/guzikowiec-zachodni-cephalanthus-occidentalis\/","title":{"rendered":"Guzikowiec zachodni (Cephalanthus occidentalis)"},"content":{"rendered":"\n<div class=\"wp-block-group alignfull\"><div class=\"wp-block-group__inner-container is-layout-flow wp-block-group-is-layout-flow\">\n<p>Guzikowiec zachodni&nbsp;<em>(Cephalanthus occidentalis)<\/em>&nbsp;wyst\u0119puje na wilgotnych i podmok\u0142ych glebach we wschodniej po\u0142owie Ameryki P\u00f3\u0142nocnej, od Teksasu po Quebec.<\/p>\n<\/div><\/div>\n\n\n\n<div class=\"wp-block-columns alignfull is-layout-flex wp-container-core-columns-is-layout-9d6595d7 wp-block-columns-is-layout-flex\">\n<div class=\"wp-block-column is-layout-flow wp-block-column-is-layout-flow\">\n<p><strong>OPIS:<br><\/strong>&nbsp;&nbsp;&nbsp; W swojej ojczy\u017anie guzikowce bywaj\u0105 kilkumetrowymi krzewami, czasem wyrastaj\u0105 w nieco wy\u017csze drzewka.<br>&nbsp;&nbsp;&nbsp; W wi\u0119kszo\u015bci j\u0119zyk\u00f3w w nazwie tego krzewu s\u0105 s\u0142owa&nbsp;<em>g\u0142owa<\/em>&nbsp;lub&nbsp;<em>guzik<\/em>&nbsp;&#8211; takie skojarzenia wywo\u0142uj\u0105 blisko 3-centymetrowej \u015brednicy kuliste kwiatostany z\u0142o\u017cone z g\u0119sto upakowanych kremowobia\u0142ych kwiatk\u00f3w. Nektarodajne kwiatki (cenna ro\u015blina pszczelarska!) bardzo \u0142adnie pachn\u0105, podobny zapach wydzielaj\u0105 suszone li\u015bcie guzikowca.&nbsp;<br>&nbsp;&nbsp;&nbsp; W Ameryce guzikowce kwitn\u0105 w \u015brodku lata, u nas w jego drugiej po\u0142owie &#8211; od lipca do wrze\u015bnia. Warto\u015b\u0107 dekoracyjn\u0105 maj\u0105 r\u00f3wnie\u017c pojawiaj\u0105ce si\u0119 jesieni\u0105 dojrzewaj\u0105ce owocostany.<br><\/p>\n<\/div>\n\n\n\n<div class=\"wp-block-column is-layout-flow wp-block-column-is-layout-flow\">\n<div class=\"wp-block-image\"><figure class=\"aligncenter size-large\"><img loading=\"lazy\" decoding=\"async\" width=\"500\" height=\"412\" src=\"https:\/\/www.ogrodnick.pl\/word\/wp-content\/uploads\/2020\/03\/cephalanthus_500_krzew-1.jpg\" alt=\"\" class=\"wp-image-660\" srcset=\"https:\/\/www.ogrodnick.pl\/word\/wp-content\/uploads\/2020\/03\/cephalanthus_500_krzew-1.jpg 500w, https:\/\/www.ogrodnick.pl\/word\/wp-content\/uploads\/2020\/03\/cephalanthus_500_krzew-1-300x247.jpg 300w\" sizes=\"auto, (max-width: 500px) 100vw, 500px\" \/><\/figure><\/div>\n<\/div>\n<\/div>\n\n\n\n<div class=\"wp-block-columns alignfull is-layout-flex wp-container-core-columns-is-layout-9d6595d7 wp-block-columns-is-layout-flex\">\n<div class=\"wp-block-column is-layout-flow wp-block-column-is-layout-flow\">\n<p><strong>UPRAWA:<\/strong><br>&nbsp;&nbsp;&nbsp;Guzikowce zachodnie na glebach wilgotnych lub bagnach radz\u0105 sobie lepiej ni\u017c inne ro\u015bliny, w uprawie znakomicie rosn\u0105 r\u00f3wnie\u017c na zwyczajnej glebie ogrodowej &#8211; byle nie by\u0142a bardzo sucha.Wtedy osi\u0105gaj\u0105 najwy\u017cej 1,5-2 metry wysoko\u015bci.<br>Na mrozy zupe\u0142nie odporne.&nbsp;<br>&nbsp;&nbsp;&nbsp; Jak prawie wszystko, guzikowce najlepiej kwitn\u0105 na stanowiskach s\u0142onecznych.<\/p>\n<\/div>\n\n\n\n<div class=\"wp-block-column is-layout-flow wp-block-column-is-layout-flow\">\n<div class=\"wp-block-image\"><figure class=\"aligncenter size-large\"><img loading=\"lazy\" decoding=\"async\" width=\"493\" height=\"411\" src=\"https:\/\/www.ogrodnick.pl\/word\/wp-content\/uploads\/2020\/03\/cephalanthus_500_owoce-1.jpg\" alt=\"\" class=\"wp-image-664\" srcset=\"https:\/\/www.ogrodnick.pl\/word\/wp-content\/uploads\/2020\/03\/cephalanthus_500_owoce-1.jpg 493w, https:\/\/www.ogrodnick.pl\/word\/wp-content\/uploads\/2020\/03\/cephalanthus_500_owoce-1-300x250.jpg 300w\" sizes=\"auto, (max-width: 493px) 100vw, 493px\" \/><\/figure><\/div>\n<\/div>\n<\/div>\n\n\n\n<div class=\"wp-block-image\"><figure class=\"aligncenter size-large\"><img loading=\"lazy\" decoding=\"async\" width=\"500\" height=\"500\" src=\"https:\/\/www.ogrodnick.pl\/word\/wp-content\/uploads\/2020\/03\/cephalanthus_500_kula-1.jpg\" alt=\"\" class=\"wp-image-661\" srcset=\"https:\/\/www.ogrodnick.pl\/word\/wp-content\/uploads\/2020\/03\/cephalanthus_500_kula-1.jpg 500w, https:\/\/www.ogrodnick.pl\/word\/wp-content\/uploads\/2020\/03\/cephalanthus_500_kula-1-300x300.jpg 300w, https:\/\/www.ogrodnick.pl\/word\/wp-content\/uploads\/2020\/03\/cephalanthus_500_kula-1-150x150.jpg 150w\" sizes=\"auto, (max-width: 500px) 100vw, 500px\" \/><\/figure><\/div>\n","protected":false},"excerpt":{"rendered":"<p>Guzikowiec zachodni&nbsp;(Cephalanthus occidentalis)&nbsp;wyst\u0119puje na wilgotnych i podmok\u0142ych glebach we wschodniej po\u0142owie Ameryki P\u00f3\u0142nocnej, od Teksasu po Quebec. OPIS:&nbsp;&nbsp;&nbsp; W swojej ojczy\u017anie guzikowce bywaj\u0105 kilkumetrowymi krzewami, czasem wyrastaj\u0105 w nieco wy\u017csze drzewka.&nbsp;&nbsp;&nbsp; W wi\u0119kszo\u015bci j\u0119zyk\u00f3w w nazwie tego krzewu s\u0105 s\u0142owa&nbsp;g\u0142owa&nbsp;lub&nbsp;guzik&nbsp;&#8211; takie skojarzenia wywo\u0142uj\u0105 blisko 3-centymetrowej \u015brednicy kuliste kwiatostany z\u0142o\u017cone z g\u0119sto upakowanych kremowobia\u0142ych kwiatk\u00f3w. Nektarodajne [&hellip;]<\/p>\n","protected":false},"author":1,"featured_media":0,"parent":0,"menu_order":0,"comment_status":"closed","ping_status":"closed","template":"","meta":{"footnotes":""},"class_list":["post-372","page","type-page","status-publish","hentry"],"_links":{"self":[{"href":"https:\/\/www.ogrodnick.pl\/word\/wp-json\/wp\/v2\/pages\/372","targetHints":{"allow":["GET"]}}],"collection":[{"href":"https:\/\/www.ogrodnick.pl\/word\/wp-json\/wp\/v2\/pages"}],"about":[{"href":"https:\/\/www.ogrodnick.pl\/word\/wp-json\/wp\/v2\/types\/page"}],"author":[{"embeddable":true,"href":"https:\/\/www.ogrodnick.pl\/word\/wp-json\/wp\/v2\/users\/1"}],"replies":[{"embeddable":true,"href":"https:\/\/www.ogrodnick.pl\/word\/wp-json\/wp\/v2\/comments?post=372"}],"version-history":[{"count":2,"href":"https:\/\/www.ogrodnick.pl\/word\/wp-json\/wp\/v2\/pages\/372\/revisions"}],"predecessor-version":[{"id":1041,"href":"https:\/\/www.ogrodnick.pl\/word\/wp-json\/wp\/v2\/pages\/372\/revisions\/1041"}],"wp:attachment":[{"href":"https:\/\/www.ogrodnick.pl\/word\/wp-json\/wp\/v2\/media?parent=372"}],"curies":[{"name":"wp","href":"https:\/\/api.w.org\/{rel}","templated":true}]}}

<div class="wp-block-group alignfull"><div class="wp-block-group__inner-container is-layout-flow wp-block-group-is-layout-flow">
<p>Guzikowiec zachodni&nbsp;<em>(Cephalanthus occidentalis)</em>&nbsp;występuje na wilgotnych i podmokłych glebach we wschodniej połowie Ameryki Północnej, od Teksasu po Quebec.</p>
</div></div>



<div class="wp-block-columns alignfull is-layout-flex wp-container-core-columns-is-layout-9d6595d7 wp-block-columns-is-layout-flex">
<div class="wp-block-column is-layout-flow wp-block-column-is-layout-flow">
<p><strong>OPIS:<br></strong>&nbsp;&nbsp;&nbsp; W swojej ojczyźnie guzikowce bywają kilkumetrowymi krzewami, czasem wyrastają w nieco wyższe drzewka.<br>&nbsp;&nbsp;&nbsp; W większości języków w nazwie tego krzewu są słowa&nbsp;<em>głowa</em>&nbsp;lub&nbsp;<em>guzik</em>&nbsp;&#8211; takie skojarzenia wywołują blisko 3-centymetrowej średnicy kuliste kwiatostany złożone z gęsto upakowanych kremowobiałych kwiatków. Nektarodajne kwiatki (cenna roślina pszczelarska!) bardzo ładnie pachną, podobny zapach wydzielają suszone liście guzikowca.&nbsp;<br>&nbsp;&nbsp;&nbsp; W Ameryce guzikowce kwitną w środku lata, u nas w jego drugiej połowie &#8211; od lipca do września. Wartość dekoracyjną mają również pojawiające się jesienią dojrzewające owocostany.<br></p>
</div>



<div class="wp-block-column is-layout-flow wp-block-column-is-layout-flow">
<div class="wp-block-image"><figure class="aligncenter size-large"><img loading="lazy" decoding="async" width="500" height="412" src="https://www.ogrodnick.pl/word/wp-content/uploads/2020/03/cephalanthus_500_krzew-1.jpg" alt="" class="wp-image-660" srcset="https://www.ogrodnick.pl/word/wp-content/uploads/2020/03/cephalanthus_500_krzew-1.jpg 500w, https://www.ogrodnick.pl/word/wp-content/uploads/2020/03/cephalanthus_500_krzew-1-300x247.jpg 300w" sizes="auto, (max-width: 500px) 100vw, 500px" /></figure></div>
</div>
</div>



<div class="wp-block-columns alignfull is-layout-flex wp-container-core-columns-is-layout-9d6595d7 wp-block-columns-is-layout-flex">
<div class="wp-block-column is-layout-flow wp-block-column-is-layout-flow">
<p><strong>UPRAWA:</strong><br>&nbsp;&nbsp;&nbsp;Guzikowce zachodnie na glebach wilgotnych lub bagnach radzą sobie lepiej niż inne rośliny, w uprawie znakomicie rosną również na zwyczajnej glebie ogrodowej &#8211; byle nie była bardzo sucha.Wtedy osiągają najwyżej 1,5-2 metry wysokości.<br>Na mrozy zupełnie odporne.&nbsp;<br>&nbsp;&nbsp;&nbsp; Jak prawie wszystko, guzikowce najlepiej kwitną na stanowiskach słonecznych.</p>
</div>



<div class="wp-block-column is-layout-flow wp-block-column-is-layout-flow">
<div class="wp-block-image"><figure class="aligncenter size-large"><img loading="lazy" decoding="async" width="493" height="411" src="https://www.ogrodnick.pl/word/wp-content/uploads/2020/03/cephalanthus_500_owoce-1.jpg" alt="" class="wp-image-664" srcset="https://www.ogrodnick.pl/word/wp-content/uploads/2020/03/cephalanthus_500_owoce-1.jpg 493w, https://www.ogrodnick.pl/word/wp-content/uploads/2020/03/cephalanthus_500_owoce-1-300x250.jpg 300w" sizes="auto, (max-width: 493px) 100vw, 493px" /></figure></div>
</div>
</div>



<div class="wp-block-image"><figure class="aligncenter size-large"><img loading="lazy" decoding="async" width="500" height="500" src="https://www.ogrodnick.pl/word/wp-content/uploads/2020/03/cephalanthus_500_kula-1.jpg" alt="" class="wp-image-661" srcset="https://www.ogrodnick.pl/word/wp-content/uploads/2020/03/cephalanthus_500_kula-1.jpg 500w, https://www.ogrodnick.pl/word/wp-content/uploads/2020/03/cephalanthus_500_kula-1-300x300.jpg 300w, https://www.ogrodnick.pl/word/wp-content/uploads/2020/03/cephalanthus_500_kula-1-150x150.jpg 150w" sizes="auto, (max-width: 500px) 100vw, 500px" /></figure></div>

<p>Guzikowiec zachodni&nbsp;(Cephalanthus occidentalis)&nbsp;występuje na wilgotnych i podmokłych glebach we wschodniej połowie Ameryki Północnej, od Teksasu po Quebec. OPIS:&nbsp;&nbsp;&nbsp; W swojej ojczyźnie guzikowce bywają kilkumetrowymi krzewami, czasem wyrastają w nieco wyższe drzewka.&nbsp;&nbsp;&nbsp; W większości języków w nazwie tego krzewu są słowa&nbsp;głowa&nbsp;lub&nbsp;guzik&nbsp;&#8211; takie skojarzenia wywołują blisko 3-centymetrowej średnicy kuliste kwiatostany złożone z gęsto upakowanych kremowobiałych kwiatków. Nektarodajne [&hellip;]</p>
