{"id":366,"date":"2020-03-05T12:31:43","date_gmt":"2020-03-05T12:31:43","guid":{"rendered":"http:\/\/www.ogrodnick.pl\/word\/?page_id=366"},"modified":"2020-03-19T12:16:04","modified_gmt":"2020-03-19T12:16:04","slug":"barbula-klandonska-caryopteris-x-clandonensis","status":"publish","type":"page","link":"https:\/\/www.ogrodnick.pl\/word\/barbula-klandonska-caryopteris-x-clandonensis\/","title":{"rendered":"Barbula klando\u0144ska (Caryopteris x clandonensis)"},"content":{"rendered":"\n<div class=\"wp-block-group alignfull\"><div class=\"wp-block-group__inner-container is-layout-flow wp-block-group-is-layout-flow\">\n<p>Barbula klando\u0144ska (<em>Caryopteris x clandonensis<\/em>)&nbsp;powsta\u0142a ze skrzy\u017cowania barbuli mongolskiej (<em>Caryopteris mongholica<\/em>) z rosn\u0105c\u0105 w Japonii i wschodniej Azji barbul\u0105 szar\u0105(<em>Caryopteris incana Syn. C. mastacanthus, C. sinerisis&nbsp;<\/em>).<\/p>\n<\/div><\/div>\n\n\n\n<div class=\"wp-block-columns alignfull is-layout-flex wp-container-core-columns-is-layout-9d6595d7 wp-block-columns-is-layout-flex\">\n<div class=\"wp-block-column is-layout-flow wp-block-column-is-layout-flow\">\n<p><strong>OPIS:<\/strong><br>\u00a0\u00a0\u00a0Znana jako &#8222;kariopteris&#8221;, barbula jest p\u00f3\u0142krzewem (drewniej\u0105 jej tylko nasady p\u0119d\u00f3w) w polskich warunkach o wysoko\u015bci do 70 cm.<br>\u00a0\u00a0\u00a0 Pierwsze kwiaty o pi\u0119knym, niebieskim kolorze rozwijaj\u0105 si\u0119 w sierpniu, zwykle barbula kwitnie a\u017c do pa\u017adziernika.S\u0105 bardzo nektarodajne &#8211; ze wzgl\u0119du na niezwyk\u0142\u0105 por\u0119 kwitnienia barbula jest bardzo ceniona przez pszczelarzy, pszczo\u0142y i motyle.\u00a0<br>\u00a0\u00a0\u00a0R\u00f3\u017cne barbule klando\u0144skie w r\u00f3\u017cny spos\u00f3b dziel\u0105 si\u0119 cechami swoich przodk\u00f3w. U niekt\u00f3rych wida\u0107 przewag\u0119 cech barbuli mongolskiej &#8211; d\u0142ugie, s\u0142abo z\u0105bkowane lub ca\u0142obrzegie li\u015bcie o szarej barwie, kwiatki jasnoniebieskie nieco wi\u0119ksze od przeci\u0119tnych. Te z dominuj\u0105cymi genami barbuli szarej maj\u0105 li\u015bcie kr\u00f3tsze i z\u0105bkowane, ich kwiatki s\u0105 ciemniejsze.\u00a0<br>Na zdj\u0119ciu ni\u017cej widz\u0105 Pa\u0144stwo li\u015bcie gatunk\u00f3w rodzicielskich &#8211; barbule klando\u0144skie mog\u0105 mie\u0107 li\u015bcie r\u00f3\u017cnej barwy, wielko\u015bci i kszta\u0142tu, s\u0105 takie &#8222;po \u015brodku&#8221;. Podobnie kwiatki &#8211; st\u0105d tyle zarejestrowanych odmian dost\u0119pnych w handlu\u00a0<br>\u00a0\u00a0\u00a0Li\u015bcie wszystkich barbul bardzo silnie pachn\u0105 (lawend\u0105?).\u00a0<\/p>\n<\/div>\n\n\n\n<div class=\"wp-block-column is-layout-flow wp-block-column-is-layout-flow\">\n<div class=\"wp-block-image\"><figure class=\"aligncenter size-large\"><img loading=\"lazy\" decoding=\"async\" width=\"500\" height=\"440\" src=\"https:\/\/www.ogrodnick.pl\/word\/wp-content\/uploads\/2020\/03\/caryopteris_clandonensis_krzew2_500-1.jpg\" alt=\"\" class=\"wp-image-637\" srcset=\"https:\/\/www.ogrodnick.pl\/word\/wp-content\/uploads\/2020\/03\/caryopteris_clandonensis_krzew2_500-1.jpg 500w, https:\/\/www.ogrodnick.pl\/word\/wp-content\/uploads\/2020\/03\/caryopteris_clandonensis_krzew2_500-1-300x264.jpg 300w\" sizes=\"auto, (max-width: 500px) 100vw, 500px\" \/><\/figure><\/div>\n<\/div>\n<\/div>\n\n\n\n<div class=\"wp-block-columns alignfull is-layout-flex wp-container-core-columns-is-layout-9d6595d7 wp-block-columns-is-layout-flex\">\n<div class=\"wp-block-column is-layout-flow wp-block-column-is-layout-flow\">\n<p><strong>UPRAWA:<\/strong><br>&nbsp;&nbsp;&nbsp; Barbule wymagj\u0105 s\u0142o\u0144ca i suchej, przepuszczalnej gleby. \u0179le znosz\u0105 zimy je\u015bli poziom w\u00f3d gruntowych jest wysoki &#8211; mog\u0105 zamiera\u0107 nawet stare krzewy. W ch\u0142odniejszych rejonach wskazane jest okrywanie nasady krzewu.<br>&nbsp;&nbsp;&nbsp; Wiosn\u0105 dobrze jest barbul\u0119 kr\u00f3tko przyci\u0105\u0107 &#8211; na silnie odrastaj\u0105cych p\u0119dach b\u0119dzie mn\u00f3stwo kwiat\u00f3w do samej jesieni.&nbsp;<\/p>\n<\/div>\n\n\n\n<div class=\"wp-block-column is-layout-flow wp-block-column-is-layout-flow\">\n<div class=\"wp-block-image\"><figure class=\"aligncenter size-large\"><img loading=\"lazy\" decoding=\"async\" width=\"501\" height=\"408\" src=\"https:\/\/www.ogrodnick.pl\/word\/wp-content\/uploads\/2020\/03\/caryopteris_clandonensis_trzmiel-1.jpg\" alt=\"\" class=\"wp-image-638\" srcset=\"https:\/\/www.ogrodnick.pl\/word\/wp-content\/uploads\/2020\/03\/caryopteris_clandonensis_trzmiel-1.jpg 501w, https:\/\/www.ogrodnick.pl\/word\/wp-content\/uploads\/2020\/03\/caryopteris_clandonensis_trzmiel-1-300x244.jpg 300w\" sizes=\"auto, (max-width: 501px) 100vw, 501px\" \/><\/figure><\/div>\n<\/div>\n<\/div>\n\n\n\n<div class=\"wp-block-columns alignfull is-layout-flex wp-container-core-columns-is-layout-9d6595d7 wp-block-columns-is-layout-flex\">\n<div class=\"wp-block-column is-layout-flow wp-block-column-is-layout-flow\">\n<div class=\"wp-block-image\"><figure class=\"aligncenter size-large\"><img loading=\"lazy\" decoding=\"async\" width=\"500\" height=\"337\" src=\"https:\/\/www.ogrodnick.pl\/word\/wp-content\/uploads\/2020\/03\/caryopteris_clandonensis_krzew-1.jpg\" alt=\"\" class=\"wp-image-636\" srcset=\"https:\/\/www.ogrodnick.pl\/word\/wp-content\/uploads\/2020\/03\/caryopteris_clandonensis_krzew-1.jpg 500w, https:\/\/www.ogrodnick.pl\/word\/wp-content\/uploads\/2020\/03\/caryopteris_clandonensis_krzew-1-300x202.jpg 300w\" sizes=\"auto, (max-width: 500px) 100vw, 500px\" \/><\/figure><\/div>\n<\/div>\n\n\n\n<div class=\"wp-block-column is-layout-flow wp-block-column-is-layout-flow\">\n<div class=\"wp-block-image\"><figure class=\"aligncenter size-large\"><img loading=\"lazy\" decoding=\"async\" width=\"500\" height=\"385\" src=\"https:\/\/www.ogrodnick.pl\/word\/wp-content\/uploads\/2020\/03\/caryopteris_clandonensis_formy-1.jpg\" alt=\"\" class=\"wp-image-634\" srcset=\"https:\/\/www.ogrodnick.pl\/word\/wp-content\/uploads\/2020\/03\/caryopteris_clandonensis_formy-1.jpg 500w, https:\/\/www.ogrodnick.pl\/word\/wp-content\/uploads\/2020\/03\/caryopteris_clandonensis_formy-1-300x231.jpg 300w\" sizes=\"auto, (max-width: 500px) 100vw, 500px\" \/><\/figure><\/div>\n<\/div>\n<\/div>\n","protected":false},"excerpt":{"rendered":"<p>Barbula klando\u0144ska (Caryopteris x clandonensis)&nbsp;powsta\u0142a ze skrzy\u017cowania barbuli mongolskiej (Caryopteris mongholica) z rosn\u0105c\u0105 w Japonii i wschodniej Azji barbul\u0105 szar\u0105(Caryopteris incana Syn. C. mastacanthus, C. sinerisis&nbsp;). OPIS:\u00a0\u00a0\u00a0Znana jako &#8222;kariopteris&#8221;, barbula jest p\u00f3\u0142krzewem (drewniej\u0105 jej tylko nasady p\u0119d\u00f3w) w polskich warunkach o wysoko\u015bci do 70 cm.\u00a0\u00a0\u00a0 Pierwsze kwiaty o pi\u0119knym, niebieskim kolorze rozwijaj\u0105 si\u0119 w sierpniu, [&hellip;]<\/p>\n","protected":false},"author":1,"featured_media":0,"parent":0,"menu_order":0,"comment_status":"closed","ping_status":"closed","template":"","meta":{"footnotes":""},"class_list":["post-366","page","type-page","status-publish","hentry"],"_links":{"self":[{"href":"https:\/\/www.ogrodnick.pl\/word\/wp-json\/wp\/v2\/pages\/366","targetHints":{"allow":["GET"]}}],"collection":[{"href":"https:\/\/www.ogrodnick.pl\/word\/wp-json\/wp\/v2\/pages"}],"about":[{"href":"https:\/\/www.ogrodnick.pl\/word\/wp-json\/wp\/v2\/types\/page"}],"author":[{"embeddable":true,"href":"https:\/\/www.ogrodnick.pl\/word\/wp-json\/wp\/v2\/users\/1"}],"replies":[{"embeddable":true,"href":"https:\/\/www.ogrodnick.pl\/word\/wp-json\/wp\/v2\/comments?post=366"}],"version-history":[{"count":3,"href":"https:\/\/www.ogrodnick.pl\/word\/wp-json\/wp\/v2\/pages\/366\/revisions"}],"predecessor-version":[{"id":1013,"href":"https:\/\/www.ogrodnick.pl\/word\/wp-json\/wp\/v2\/pages\/366\/revisions\/1013"}],"wp:attachment":[{"href":"https:\/\/www.ogrodnick.pl\/word\/wp-json\/wp\/v2\/media?parent=366"}],"curies":[{"name":"wp","href":"https:\/\/api.w.org\/{rel}","templated":true}]}}

Barbula klandońska (Caryopteris x clandonensis)

<div class="wp-block-group alignfull"><div class="wp-block-group__inner-container is-layout-flow wp-block-group-is-layout-flow">
<p>Barbula klandońska (<em>Caryopteris x clandonensis</em>)&nbsp;powstała ze skrzyżowania barbuli mongolskiej (<em>Caryopteris mongholica</em>) z rosnącą w Japonii i wschodniej Azji barbulą szarą(<em>Caryopteris incana Syn. C. mastacanthus, C. sinerisis&nbsp;</em>).</p>
</div></div>



<div class="wp-block-columns alignfull is-layout-flex wp-container-core-columns-is-layout-9d6595d7 wp-block-columns-is-layout-flex">
<div class="wp-block-column is-layout-flow wp-block-column-is-layout-flow">
<p><strong>OPIS:</strong><br>   Znana jako &#8222;kariopteris&#8221;, barbula jest półkrzewem (drewnieją jej tylko nasady pędów) w polskich warunkach o wysokości do 70 cm.<br>    Pierwsze kwiaty o pięknym, niebieskim kolorze rozwijają się w sierpniu, zwykle barbula kwitnie aż do października.Są bardzo nektarodajne &#8211; ze względu na niezwykłą porę kwitnienia barbula jest bardzo ceniona przez pszczelarzy, pszczoły i motyle. <br>   Różne barbule klandońskie w różny sposób dzielą się cechami swoich przodków. U niektórych widać przewagę cech barbuli mongolskiej &#8211; długie, słabo ząbkowane lub całobrzegie liście o szarej barwie, kwiatki jasnoniebieskie nieco większe od przeciętnych. Te z dominującymi genami barbuli szarej mają liście krótsze i ząbkowane, ich kwiatki są ciemniejsze. <br>Na zdjęciu niżej widzą Państwo liście gatunków rodzicielskich &#8211; barbule klandońskie mogą mieć liście różnej barwy, wielkości i kształtu, są takie &#8222;po środku&#8221;. Podobnie kwiatki &#8211; stąd tyle zarejestrowanych odmian dostępnych w handlu <br>   Liście wszystkich barbul bardzo silnie pachną (lawendą?). </p>
</div>



<div class="wp-block-column is-layout-flow wp-block-column-is-layout-flow">
<div class="wp-block-image"><figure class="aligncenter size-large"><img loading="lazy" decoding="async" width="500" height="440" src="https://www.ogrodnick.pl/word/wp-content/uploads/2020/03/caryopteris_clandonensis_krzew2_500-1.jpg" alt="" class="wp-image-637" srcset="https://www.ogrodnick.pl/word/wp-content/uploads/2020/03/caryopteris_clandonensis_krzew2_500-1.jpg 500w, https://www.ogrodnick.pl/word/wp-content/uploads/2020/03/caryopteris_clandonensis_krzew2_500-1-300x264.jpg 300w" sizes="auto, (max-width: 500px) 100vw, 500px" /></figure></div>
</div>
</div>



<div class="wp-block-columns alignfull is-layout-flex wp-container-core-columns-is-layout-9d6595d7 wp-block-columns-is-layout-flex">
<div class="wp-block-column is-layout-flow wp-block-column-is-layout-flow">
<p><strong>UPRAWA:</strong><br>&nbsp;&nbsp;&nbsp; Barbule wymagją słońca i suchej, przepuszczalnej gleby. Źle znoszą zimy jeśli poziom wód gruntowych jest wysoki &#8211; mogą zamierać nawet stare krzewy. W chłodniejszych rejonach wskazane jest okrywanie nasady krzewu.<br>&nbsp;&nbsp;&nbsp; Wiosną dobrze jest barbulę krótko przyciąć &#8211; na silnie odrastających pędach będzie mnóstwo kwiatów do samej jesieni.&nbsp;</p>
</div>



<div class="wp-block-column is-layout-flow wp-block-column-is-layout-flow">
<div class="wp-block-image"><figure class="aligncenter size-large"><img loading="lazy" decoding="async" width="501" height="408" src="https://www.ogrodnick.pl/word/wp-content/uploads/2020/03/caryopteris_clandonensis_trzmiel-1.jpg" alt="" class="wp-image-638" srcset="https://www.ogrodnick.pl/word/wp-content/uploads/2020/03/caryopteris_clandonensis_trzmiel-1.jpg 501w, https://www.ogrodnick.pl/word/wp-content/uploads/2020/03/caryopteris_clandonensis_trzmiel-1-300x244.jpg 300w" sizes="auto, (max-width: 501px) 100vw, 501px" /></figure></div>
</div>
</div>



<div class="wp-block-columns alignfull is-layout-flex wp-container-core-columns-is-layout-9d6595d7 wp-block-columns-is-layout-flex">
<div class="wp-block-column is-layout-flow wp-block-column-is-layout-flow">
<div class="wp-block-image"><figure class="aligncenter size-large"><img loading="lazy" decoding="async" width="500" height="337" src="https://www.ogrodnick.pl/word/wp-content/uploads/2020/03/caryopteris_clandonensis_krzew-1.jpg" alt="" class="wp-image-636" srcset="https://www.ogrodnick.pl/word/wp-content/uploads/2020/03/caryopteris_clandonensis_krzew-1.jpg 500w, https://www.ogrodnick.pl/word/wp-content/uploads/2020/03/caryopteris_clandonensis_krzew-1-300x202.jpg 300w" sizes="auto, (max-width: 500px) 100vw, 500px" /></figure></div>
</div>



<div class="wp-block-column is-layout-flow wp-block-column-is-layout-flow">
<div class="wp-block-image"><figure class="aligncenter size-large"><img loading="lazy" decoding="async" width="500" height="385" src="https://www.ogrodnick.pl/word/wp-content/uploads/2020/03/caryopteris_clandonensis_formy-1.jpg" alt="" class="wp-image-634" srcset="https://www.ogrodnick.pl/word/wp-content/uploads/2020/03/caryopteris_clandonensis_formy-1.jpg 500w, https://www.ogrodnick.pl/word/wp-content/uploads/2020/03/caryopteris_clandonensis_formy-1-300x231.jpg 300w" sizes="auto, (max-width: 500px) 100vw, 500px" /></figure></div>
</div>
</div>

<p>Barbula klandońska (Caryopteris x clandonensis)&nbsp;powstała ze skrzyżowania barbuli mongolskiej (Caryopteris mongholica) z rosnącą w Japonii i wschodniej Azji barbulą szarą(Caryopteris incana Syn. C. mastacanthus, C. sinerisis&nbsp;). OPIS:   Znana jako &#8222;kariopteris&#8221;, barbula jest półkrzewem (drewnieją jej tylko nasady pędów) w polskich warunkach o wysokości do 70 cm.    Pierwsze kwiaty o pięknym, niebieskim kolorze rozwijają się w sierpniu, [&hellip;]</p>
