{"id":365,"date":"2020-03-05T12:30:06","date_gmt":"2020-03-05T12:30:06","guid":{"rendered":"http:\/\/www.ogrodnick.pl\/word\/?page_id=365"},"modified":"2020-03-21T15:02:45","modified_gmt":"2020-03-21T15:02:45","slug":"orzesznik-pieciolistkowy-hikora-przeorzech-carya-ovata","status":"publish","type":"page","link":"https:\/\/www.ogrodnick.pl\/word\/orzesznik-pieciolistkowy-hikora-przeorzech-carya-ovata\/","title":{"rendered":"Orzesznik pi\u0119ciolistkowy, hikora, przeorzech, ( Carya ovata)"},"content":{"rendered":"\n<div class=\"wp-block-group alignfull\"><div class=\"wp-block-group__inner-container is-layout-flow wp-block-group-is-layout-flow\">\n<p>Orzesznik pi\u0119ciolistkowy, hikora, przeorzech,&nbsp;(&nbsp;<em>Carya ovata )<\/em>&nbsp; ro\u015bnie we wschodniej cz\u0119\u015bci Ameryki P\u00f3\u0142nocnej, od Texasu po kanadyjski Quebec.<\/p>\n<\/div><\/div>\n\n\n\n<div class=\"wp-block-columns alignfull is-layout-flex wp-container-core-columns-is-layout-9d6595d7 wp-block-columns-is-layout-flex\">\n<div class=\"wp-block-column is-layout-flow wp-block-column-is-layout-flow\">\n<p><strong>OPIS:<\/strong><br>&nbsp;&nbsp;&nbsp;Orzesznik pi\u0119ciolistkowy to drzewo osi\u0105gaj\u0105ce 30 metr\u00f3w wysoko\u015bci, zawsze z prostym pniem i w\u0105sk\u0105, w m\u0142odo\u015bci sto\u017ckowat\u0105, p\u00f3\u017aniej cylindryczn\u0105 koron\u0105.&nbsp;<br>&nbsp;&nbsp;&nbsp;L\u015bni\u0105ce li\u015bcie 25-35-centymetrowej d\u0142ugo\u015bci sk\u0142adaj\u0105 si\u0119 z 5, czasem 7 listk\u00f3w, jesieni\u0105&nbsp;przepi\u0119knie&nbsp;przebarwiaj\u0105 si\u0119 na z\u0142ocisty kolor.&nbsp;<br>&nbsp;&nbsp;&nbsp;Niezwyk\u0142e wra\u017cenie robi kora na pniach i grubych konarach orzesznika pi\u0119ciolistkowego -szarobr\u0105zowa, do\u015b\u0107 jasna z\u0142uszcza si\u0119 w\u0105skimi pasami, lu\u017ano wisz\u0105ce ponad metr d\u0142ugie skutecznie utrudniaj\u0105 wspinaczk\u0119 amatorom niedojrza\u0142ych owoc\u00f3w.&nbsp;<br>&nbsp;&nbsp;&nbsp;Owoce orzesznika maj\u0105 5 cm \u015brednicy, po dojrzeniu ich okrywy p\u0119kaj\u0105 i wypadaj\u0105 z nich 2,5-centymetrowe orzechy z czterema wyra\u017anymi \u017cebrami. Mi\u0105\u017csz s\u0142odki, bardzo smaczny (pod tym wzgl\u0119dem ceniony wy\u017cej ni\u017c pekany) ale trudny do wydostania z twardej skorupy, dlatego u\u017cywany jest w Ameryce do wyrobu &#8222;bardzo delikatesowych&#8221; ciast. Owoce orzesznika s\u0105 wa\u017cnym sk\u0142adnikiem diety wielu gatunk\u00f3w dzikich zwierz\u0105t.&nbsp;<br>&nbsp;&nbsp;&nbsp;Drewno orzesznik\u00f3w pi\u0119ciolistkowych, bardzo twarde, spr\u0119\u017cyste, mocne i trudno \u0142upliwe u\u017cywane u\u017cywane jest do wyrobu mebli, trzonk\u00f3w i sprz\u0119tu sportowego. Jest tak\u017ce uznawane za najlepsze do w\u0119dzenia i grillowania.&nbsp;<\/p>\n<\/div>\n\n\n\n<div class=\"wp-block-column is-layout-flow wp-block-column-is-layout-flow\">\n<div class=\"wp-block-image\"><figure class=\"aligncenter size-large\"><img loading=\"lazy\" decoding=\"async\" width=\"500\" height=\"694\" src=\"https:\/\/www.ogrodnick.pl\/word\/wp-content\/uploads\/2020\/03\/Carya_ovata_koramoj500-1.jpg\" alt=\"\" class=\"wp-image-630\" srcset=\"https:\/\/www.ogrodnick.pl\/word\/wp-content\/uploads\/2020\/03\/Carya_ovata_koramoj500-1.jpg 500w, https:\/\/www.ogrodnick.pl\/word\/wp-content\/uploads\/2020\/03\/Carya_ovata_koramoj500-1-216x300.jpg 216w\" sizes=\"auto, (max-width: 500px) 100vw, 500px\" \/><\/figure><\/div>\n<\/div>\n<\/div>\n\n\n\n<div class=\"wp-block-columns alignfull is-layout-flex wp-container-core-columns-is-layout-9d6595d7 wp-block-columns-is-layout-flex\">\n<div class=\"wp-block-column is-layout-flow wp-block-column-is-layout-flow\">\n<p><strong>UPRAWA:<\/strong><br>&nbsp;&nbsp;&nbsp;Zacz\u0105\u0107 trzeba od tego, \u017ce orzeszniki pi\u0119ciolistkowe w m\u0142odo\u015bci rosn\u0105&nbsp;<strong>niezwykle<\/strong>&nbsp;wolno &#8211; to w\u0142a\u015bnie jest przyczyn\u0105 ich znikomej popularno\u015bci. W optymalnych warunkach, w swojej ojczy\u017anie, roczne maj\u0105 7 cm wysoko\u015bci, trzyletnie osi\u0105gaj\u0105 18 centymetr\u00f3w, 10-letnie przekraczaj\u0105 metr. Natomiast ich korzenie palowe w pierwszym roku osi\u0105gaj\u0105 30 centymetr\u00f3w, u orzesznik\u00f3w trzyletnich maj\u0105 ju\u017c blisko metr d\u0142ugo\u015bci &#8211; uprawa pojemnikowa takich ro\u015blin jest praktycznie niemo\u017cliwa, nie da si\u0119 r\u00f3wnie\u017c przesadzi\u0107 kilkuletnich orzesznik\u00f3w rosn\u0105cych w gruncie (ze znacznie uszkodzonym korzeniem zamieraj\u0105). Sadzi\u0107 wi\u0119c trzeba ma\u0142e orzeszniki i przez pierwsze lata chroni\u0107 przed rozdeptaniem.&nbsp;<br>&nbsp;&nbsp;&nbsp;Na szcz\u0119\u015bcie orzeszniki w m\u0142odo\u015bci dobrze znosz\u0105 ocienienie, mo\u017cna je sadzi\u0107 w\u015br\u00f3d starszych drzew kt\u00f3re zamierzaj\u0105 Pa\u0144stwo wyci\u0105\u0107 w ci\u0105gu 20 lat (orzesznik pi\u0119ciolistkowy osi\u0105gnie wtedy 2-3 metry wysoko\u015bci).&nbsp;<br>&nbsp;&nbsp;&nbsp;Orzeszniki pi\u0119ciolistkowe s\u0105 zupe\u0142nie mrozoodporne, bez problemu znosz\u0105 mrozy 40-stopniowe.&nbsp;<br>&nbsp;&nbsp;&nbsp;Dzi\u0119ki bardzo g\u0142\u0119bokiemu systemowi korzeniowemu mog\u0105 rosn\u0105\u0107 na glebach suchych &#8211; oczywi\u015bcie najszybciej rosn\u0105 na glebach \u017cyznych i nieco wilgotnych.&nbsp;<\/p>\n<\/div>\n\n\n\n<div class=\"wp-block-column is-layout-flow wp-block-column-is-layout-flow\">\n<div class=\"wp-block-image\"><figure class=\"aligncenter size-large\"><img loading=\"lazy\" decoding=\"async\" width=\"500\" height=\"401\" src=\"https:\/\/www.ogrodnick.pl\/word\/wp-content\/uploads\/2020\/03\/Carya_ovata_owoce500-1.jpg\" alt=\"\" class=\"wp-image-632\" srcset=\"https:\/\/www.ogrodnick.pl\/word\/wp-content\/uploads\/2020\/03\/Carya_ovata_owoce500-1.jpg 500w, https:\/\/www.ogrodnick.pl\/word\/wp-content\/uploads\/2020\/03\/Carya_ovata_owoce500-1-300x241.jpg 300w\" sizes=\"auto, (max-width: 500px) 100vw, 500px\" \/><\/figure><\/div>\n<\/div>\n<\/div>\n\n\n\n<div class=\"wp-block-image\"><figure class=\"aligncenter size-large\"><img loading=\"lazy\" decoding=\"async\" width=\"500\" height=\"684\" src=\"https:\/\/www.ogrodnick.pl\/word\/wp-content\/uploads\/2020\/03\/Carya_ovata_lisc500-1.jpg\" alt=\"\" class=\"wp-image-631\" srcset=\"https:\/\/www.ogrodnick.pl\/word\/wp-content\/uploads\/2020\/03\/Carya_ovata_lisc500-1.jpg 500w, https:\/\/www.ogrodnick.pl\/word\/wp-content\/uploads\/2020\/03\/Carya_ovata_lisc500-1-219x300.jpg 219w\" sizes=\"auto, (max-width: 500px) 100vw, 500px\" \/><\/figure><\/div>\n","protected":false},"excerpt":{"rendered":"<p>Orzesznik pi\u0119ciolistkowy, hikora, przeorzech,&nbsp;(&nbsp;Carya ovata )&nbsp; ro\u015bnie we wschodniej cz\u0119\u015bci Ameryki P\u00f3\u0142nocnej, od Texasu po kanadyjski Quebec. OPIS:&nbsp;&nbsp;&nbsp;Orzesznik pi\u0119ciolistkowy to drzewo osi\u0105gaj\u0105ce 30 metr\u00f3w wysoko\u015bci, zawsze z prostym pniem i w\u0105sk\u0105, w m\u0142odo\u015bci sto\u017ckowat\u0105, p\u00f3\u017aniej cylindryczn\u0105 koron\u0105.&nbsp;&nbsp;&nbsp;&nbsp;L\u015bni\u0105ce li\u015bcie 25-35-centymetrowej d\u0142ugo\u015bci sk\u0142adaj\u0105 si\u0119 z 5, czasem 7 listk\u00f3w, jesieni\u0105&nbsp;przepi\u0119knie&nbsp;przebarwiaj\u0105 si\u0119 na z\u0142ocisty kolor.&nbsp;&nbsp;&nbsp;&nbsp;Niezwyk\u0142e wra\u017cenie robi kora [&hellip;]<\/p>\n","protected":false},"author":1,"featured_media":0,"parent":0,"menu_order":0,"comment_status":"closed","ping_status":"closed","template":"","meta":{"footnotes":""},"class_list":["post-365","page","type-page","status-publish","hentry"],"_links":{"self":[{"href":"https:\/\/www.ogrodnick.pl\/word\/wp-json\/wp\/v2\/pages\/365","targetHints":{"allow":["GET"]}}],"collection":[{"href":"https:\/\/www.ogrodnick.pl\/word\/wp-json\/wp\/v2\/pages"}],"about":[{"href":"https:\/\/www.ogrodnick.pl\/word\/wp-json\/wp\/v2\/types\/page"}],"author":[{"embeddable":true,"href":"https:\/\/www.ogrodnick.pl\/word\/wp-json\/wp\/v2\/users\/1"}],"replies":[{"embeddable":true,"href":"https:\/\/www.ogrodnick.pl\/word\/wp-json\/wp\/v2\/comments?post=365"}],"version-history":[{"count":2,"href":"https:\/\/www.ogrodnick.pl\/word\/wp-json\/wp\/v2\/pages\/365\/revisions"}],"predecessor-version":[{"id":1080,"href":"https:\/\/www.ogrodnick.pl\/word\/wp-json\/wp\/v2\/pages\/365\/revisions\/1080"}],"wp:attachment":[{"href":"https:\/\/www.ogrodnick.pl\/word\/wp-json\/wp\/v2\/media?parent=365"}],"curies":[{"name":"wp","href":"https:\/\/api.w.org\/{rel}","templated":true}]}}

Orzesznik pięciolistkowy, hikora, przeorzech, ( Carya ovata)

<div class="wp-block-group alignfull"><div class="wp-block-group__inner-container is-layout-flow wp-block-group-is-layout-flow">
<p>Orzesznik pięciolistkowy, hikora, przeorzech,&nbsp;(&nbsp;<em>Carya ovata )</em>&nbsp; rośnie we wschodniej części Ameryki Północnej, od Texasu po kanadyjski Quebec.</p>
</div></div>



<div class="wp-block-columns alignfull is-layout-flex wp-container-core-columns-is-layout-9d6595d7 wp-block-columns-is-layout-flex">
<div class="wp-block-column is-layout-flow wp-block-column-is-layout-flow">
<p><strong>OPIS:</strong><br>&nbsp;&nbsp;&nbsp;Orzesznik pięciolistkowy to drzewo osiągające 30 metrów wysokości, zawsze z prostym pniem i wąską, w młodości stożkowatą, później cylindryczną koroną.&nbsp;<br>&nbsp;&nbsp;&nbsp;Lśniące liście 25-35-centymetrowej długości składają się z 5, czasem 7 listków, jesienią&nbsp;przepięknie&nbsp;przebarwiają się na złocisty kolor.&nbsp;<br>&nbsp;&nbsp;&nbsp;Niezwykłe wrażenie robi kora na pniach i grubych konarach orzesznika pięciolistkowego -szarobrązowa, dość jasna złuszcza się wąskimi pasami, luźno wiszące ponad metr długie skutecznie utrudniają wspinaczkę amatorom niedojrzałych owoców.&nbsp;<br>&nbsp;&nbsp;&nbsp;Owoce orzesznika mają 5 cm średnicy, po dojrzeniu ich okrywy pękają i wypadają z nich 2,5-centymetrowe orzechy z czterema wyraźnymi żebrami. Miąższ słodki, bardzo smaczny (pod tym względem ceniony wyżej niż pekany) ale trudny do wydostania z twardej skorupy, dlatego używany jest w Ameryce do wyrobu &#8222;bardzo delikatesowych&#8221; ciast. Owoce orzesznika są ważnym składnikiem diety wielu gatunków dzikich zwierząt.&nbsp;<br>&nbsp;&nbsp;&nbsp;Drewno orzeszników pięciolistkowych, bardzo twarde, sprężyste, mocne i trudno łupliwe używane używane jest do wyrobu mebli, trzonków i sprzętu sportowego. Jest także uznawane za najlepsze do wędzenia i grillowania.&nbsp;</p>
</div>



<div class="wp-block-column is-layout-flow wp-block-column-is-layout-flow">
<div class="wp-block-image"><figure class="aligncenter size-large"><img loading="lazy" decoding="async" width="500" height="694" src="https://www.ogrodnick.pl/word/wp-content/uploads/2020/03/Carya_ovata_koramoj500-1.jpg" alt="" class="wp-image-630" srcset="https://www.ogrodnick.pl/word/wp-content/uploads/2020/03/Carya_ovata_koramoj500-1.jpg 500w, https://www.ogrodnick.pl/word/wp-content/uploads/2020/03/Carya_ovata_koramoj500-1-216x300.jpg 216w" sizes="auto, (max-width: 500px) 100vw, 500px" /></figure></div>
</div>
</div>



<div class="wp-block-columns alignfull is-layout-flex wp-container-core-columns-is-layout-9d6595d7 wp-block-columns-is-layout-flex">
<div class="wp-block-column is-layout-flow wp-block-column-is-layout-flow">
<p><strong>UPRAWA:</strong><br>&nbsp;&nbsp;&nbsp;Zacząć trzeba od tego, że orzeszniki pięciolistkowe w młodości rosną&nbsp;<strong>niezwykle</strong>&nbsp;wolno &#8211; to właśnie jest przyczyną ich znikomej popularności. W optymalnych warunkach, w swojej ojczyźnie, roczne mają 7 cm wysokości, trzyletnie osiągają 18 centymetrów, 10-letnie przekraczają metr. Natomiast ich korzenie palowe w pierwszym roku osiągają 30 centymetrów, u orzeszników trzyletnich mają już blisko metr długości &#8211; uprawa pojemnikowa takich roślin jest praktycznie niemożliwa, nie da się również przesadzić kilkuletnich orzeszników rosnących w gruncie (ze znacznie uszkodzonym korzeniem zamierają). Sadzić więc trzeba małe orzeszniki i przez pierwsze lata chronić przed rozdeptaniem.&nbsp;<br>&nbsp;&nbsp;&nbsp;Na szczęście orzeszniki w młodości dobrze znoszą ocienienie, można je sadzić wśród starszych drzew które zamierzają Państwo wyciąć w ciągu 20 lat (orzesznik pięciolistkowy osiągnie wtedy 2-3 metry wysokości).&nbsp;<br>&nbsp;&nbsp;&nbsp;Orzeszniki pięciolistkowe są zupełnie mrozoodporne, bez problemu znoszą mrozy 40-stopniowe.&nbsp;<br>&nbsp;&nbsp;&nbsp;Dzięki bardzo głębokiemu systemowi korzeniowemu mogą rosnąć na glebach suchych &#8211; oczywiście najszybciej rosną na glebach żyznych i nieco wilgotnych.&nbsp;</p>
</div>



<div class="wp-block-column is-layout-flow wp-block-column-is-layout-flow">
<div class="wp-block-image"><figure class="aligncenter size-large"><img loading="lazy" decoding="async" width="500" height="401" src="https://www.ogrodnick.pl/word/wp-content/uploads/2020/03/Carya_ovata_owoce500-1.jpg" alt="" class="wp-image-632" srcset="https://www.ogrodnick.pl/word/wp-content/uploads/2020/03/Carya_ovata_owoce500-1.jpg 500w, https://www.ogrodnick.pl/word/wp-content/uploads/2020/03/Carya_ovata_owoce500-1-300x241.jpg 300w" sizes="auto, (max-width: 500px) 100vw, 500px" /></figure></div>
</div>
</div>



<div class="wp-block-image"><figure class="aligncenter size-large"><img loading="lazy" decoding="async" width="500" height="684" src="https://www.ogrodnick.pl/word/wp-content/uploads/2020/03/Carya_ovata_lisc500-1.jpg" alt="" class="wp-image-631" srcset="https://www.ogrodnick.pl/word/wp-content/uploads/2020/03/Carya_ovata_lisc500-1.jpg 500w, https://www.ogrodnick.pl/word/wp-content/uploads/2020/03/Carya_ovata_lisc500-1-219x300.jpg 219w" sizes="auto, (max-width: 500px) 100vw, 500px" /></figure></div>

<p>Orzesznik pięciolistkowy, hikora, przeorzech,&nbsp;(&nbsp;Carya ovata )&nbsp; rośnie we wschodniej części Ameryki Północnej, od Texasu po kanadyjski Quebec. OPIS:&nbsp;&nbsp;&nbsp;Orzesznik pięciolistkowy to drzewo osiągające 30 metrów wysokości, zawsze z prostym pniem i wąską, w młodości stożkowatą, później cylindryczną koroną.&nbsp;&nbsp;&nbsp;&nbsp;Lśniące liście 25-35-centymetrowej długości składają się z 5, czasem 7 listków, jesienią&nbsp;przepięknie&nbsp;przebarwiają się na złocisty kolor.&nbsp;&nbsp;&nbsp;&nbsp;Niezwykłe wrażenie robi kora [&hellip;]</p>
