{"id":364,"date":"2020-03-05T12:28:27","date_gmt":"2020-03-05T12:28:27","guid":{"rendered":"http:\/\/www.ogrodnick.pl\/word\/?page_id=364"},"modified":"2020-03-21T15:01:48","modified_gmt":"2020-03-21T15:01:48","slug":"orzesznik-jadalny-pekan-carya-illinoensis-c-illinoinensis","status":"publish","type":"page","link":"https:\/\/www.ogrodnick.pl\/word\/orzesznik-jadalny-pekan-carya-illinoensis-c-illinoinensis\/","title":{"rendered":"Orzesznik jadalny, pekan ( Carya illinoensis, C. illinoinensis)"},"content":{"rendered":"\n<div class=\"wp-block-group alignfull\"><div class=\"wp-block-group__inner-container is-layout-flow wp-block-group-is-layout-flow\">\n<p>Orzesznik jadalny, pekan&nbsp;(&nbsp;<em>Carya illinoensis, C. illinoinensis )<\/em>&nbsp; w naturze wyst\u0119puje w Ameryce P\u00f3\u0142nocnej &#8211; od Illinois na p\u00f3\u0142nocy po Floryd\u0119, Teksas (drzewo herbowe tego stanu) i Meksyk na po\u0142udniu.<\/p>\n<\/div><\/div>\n\n\n\n<div class=\"wp-block-columns alignfull is-layout-flex wp-container-core-columns-is-layout-9d6595d7 wp-block-columns-is-layout-flex\">\n<div class=\"wp-block-column is-layout-flow wp-block-column-is-layout-flow\">\n<p><strong>OPIS:<\/strong><br>&nbsp;&nbsp;&nbsp;Pekany rosn\u0105 najszybciej z orzesznik\u00f3w (w m\u0142odo\u015bci 40-90 cm rocznie), osi\u0105gaj\u0105 najwi\u0119ksze rozmiary. Nisko rozga\u0142\u0119zione drzewa z prostymi pniami mog\u0105 mie\u0107 30, a czasem nawet 50 metr\u00f3w wysoko\u015bci. \u0141atwo odr\u00f3\u017cni\u0107 je od innych orzesznik\u00f3w po li\u015bciach &#8211; z\u0142o\u017cone s\u0105 z najwi\u0119kszej liczby listk\u00f3w, zwykle 9-17. Jesieni\u0105 li\u015bcie orzesznika jadalnego przybieraj\u0105 barw\u0119 \u017c\u00f3\u0142tozielon\u0105 i pomara\u0144czow\u0105.&nbsp;<br>&nbsp;&nbsp;&nbsp;Orzeszniki jadalne od wiek\u00f3w uprawiane s\u0105 jako drzewa owocowe, znane s\u0105 setki odmian uprawnych. W sprzyjaj\u0105cych warunkach mog\u0105 zacz\u0105\u0107 owocowa\u0107 jako 5-letnie drzewka, owocuj\u0105 nawet przez 300 lat. Z drzewa w pe\u0142ni owocowania (40-100 lat) uzyskuje si\u0119 100-250 kilogram\u00f3w pekan\u00f3w, drzewa rekordzi\u015bci rodz\u0105 blisko p\u00f3\u0142 tony! Bardzo smaczny mi\u0105\u017csz okryty cienk\u0105 skorup\u0105 (jedna z ameryka\u0144skich nazw to&nbsp;<em>Papershell Pecan<\/em>) zawiera 70% t\u0142uszczu, mn\u00f3stwo nienasyconych kwas\u00f3w t\u0142uszczowych i przeciwutleniaczy &#8211; po prostu samo zdrowie!&nbsp;<br>&nbsp;&nbsp;&nbsp;Bardzo cenione ze wzgl\u0119du na urod\u0119 i twardo\u015b\u0107 jest drewno orzesznik\u00f3w jadalnych &#8211; wyrabia si\u0119 z niego meble, trzonki i sprz\u0119t sportowy, u\u017cywane jest do w\u0119dzenia (aromatyczny dym).&nbsp;<\/p>\n<\/div>\n\n\n\n<div class=\"wp-block-column is-layout-flow wp-block-column-is-layout-flow\">\n<div class=\"wp-block-image\"><figure class=\"aligncenter size-large\"><img loading=\"lazy\" decoding=\"async\" width=\"500\" height=\"792\" src=\"https:\/\/www.ogrodnick.pl\/word\/wp-content\/uploads\/2020\/03\/carya_illinoensis_duzy500-1.jpg\" alt=\"\" class=\"wp-image-624\" srcset=\"https:\/\/www.ogrodnick.pl\/word\/wp-content\/uploads\/2020\/03\/carya_illinoensis_duzy500-1.jpg 500w, https:\/\/www.ogrodnick.pl\/word\/wp-content\/uploads\/2020\/03\/carya_illinoensis_duzy500-1-189x300.jpg 189w\" sizes=\"auto, (max-width: 500px) 100vw, 500px\" \/><figcaption>\u00a9 Red Planet Inc.    All Rights Reserved\nCredit: Bruce J. Marlin\nOriginal Author: Bruce J. Marlin\nContact: redplanetinc@comcast.net\nhttp:\/\/www.greenertrees.com<\/figcaption><\/figure><\/div>\n<\/div>\n<\/div>\n\n\n\n<div class=\"wp-block-columns alignfull is-layout-flex wp-container-core-columns-is-layout-9d6595d7 wp-block-columns-is-layout-flex\">\n<div class=\"wp-block-column is-layout-flow wp-block-column-is-layout-flow\">\n<p><strong>UPRAWA:<\/strong><br>&nbsp;&nbsp;&nbsp;Powszechny jest fa\u0142szywy pogl\u0105d, \u017ce pekany s\u0105 zbyt wra\u017cliwe aby rosn\u0105\u0107 w Polsce. Bierze si\u0119 to st\u0105d, \u017ce zdecydowana wi\u0119kszo\u015b\u0107 ro\u015blin pochodzi z przywiezionych zza Oceanu lub kupionych w europejskich supermarketach &#8222;spo\u017cywczych&#8221; nasion. Niemal ka\u017cdy kto sieje pekany chce mie\u0107 z nich jak najwi\u0119ksze, naj\u0142adniejsze owoce (prawie kuliste mog\u0105 mie\u0107 nawet blisko 6 cm d\u0142ugo\u015bci) &#8211; takie rosn\u0105 oczywi\u015bcie w najcieplejszych rejonach USA. Odmiany uprawiane w Georgii (blisko po\u0142owa produkcji USA) znakomicie przystosowane s\u0105 do 290-dniowego okresu bez mrozu i minimalnych temperatur oko\u0142o -10 C, u nas oczywi\u015bcie nie maj\u0105 szans.&nbsp;<br>&nbsp;&nbsp;&nbsp;Zupe\u0142nie inn\u0105 opini\u0119 o odporno\u015bci pekan\u00f3w maj\u0105 Amerykanie: we wszystkich \u017ar\u00f3d\u0142ach podaj\u0105, \u017ce pekany (<em>Carya illinoensis<\/em>) mog\u0105 rosn\u0105\u0107 w 5. strefie klimatycznej USDA, gdzie zwykle zim\u0105 temperatury spadaj\u0105 do -29 stopni Celsjusza (-20 F). Tak odporne s\u0105 pekany rosn\u0105ce na p\u00f3\u0142nocy Stan\u00f3w Zjednoczonych i w Quebec w Kanadzie (uprawianych jest tam wiele odmian owocowych np.&#8217;Devore&#8217;, 'Gibson&#8217;, Mullahy&#8217;, 'Carlson 3&#8242;), wy\u0142\u0105cznie pochodz\u0105ce z tych rejon\u00f3w nale\u017cy sadzi\u0107 w Polsce. Pochodz\u0105ce z po\u0142udnia&nbsp;zupe\u0142nie si\u0119 nie nadaj\u0105&nbsp;&#8211; Texas, Georgia i Meksyk le\u017c\u0105 na tej samej szeroko\u015bci geograficznej co Algieria, Egipt czy Arabia Saudyjska.&nbsp;<br>&nbsp;&nbsp;&nbsp;W ojczy\u017anie m\u0142ode zim\u0119 sp\u0119dzaj\u0105 okryte metrow\u0105 warstw\u0105 \u015bniegu, w Polsce na \u015bnieg liczy\u0107 nie mo\u017cna i dlatego warto je w pierwszych latach troch\u0119 zabezpiecza\u0107.&nbsp;<br>&nbsp;&nbsp;&nbsp;Szybciej rosn\u0105 na glebach \u017cyznych i wilgotnych, jednak w ch\u0142odniejszych rejonach lepiej je sadzi\u0107 na glebach raczej suchych &#8211; jesieni\u0105 szybciej sko\u0144cz\u0105 wegetacj\u0119 i lepiej przygotuj\u0105 si\u0119 do zimy.&nbsp;<\/p>\n<\/div>\n\n\n\n<div class=\"wp-block-column is-layout-flow wp-block-column-is-layout-flow\">\n<div class=\"wp-block-image\"><figure class=\"aligncenter size-large\"><img loading=\"lazy\" decoding=\"async\" width=\"500\" height=\"388\" src=\"https:\/\/www.ogrodnick.pl\/word\/wp-content\/uploads\/2020\/03\/carya_illinoensis_luskane500-1.jpg\" alt=\"\" class=\"wp-image-625\" srcset=\"https:\/\/www.ogrodnick.pl\/word\/wp-content\/uploads\/2020\/03\/carya_illinoensis_luskane500-1.jpg 500w, https:\/\/www.ogrodnick.pl\/word\/wp-content\/uploads\/2020\/03\/carya_illinoensis_luskane500-1-300x233.jpg 300w\" sizes=\"auto, (max-width: 500px) 100vw, 500px\" \/><\/figure><\/div>\n<\/div>\n<\/div>\n\n\n\n<div class=\"wp-block-image\"><figure class=\"aligncenter size-large\"><img loading=\"lazy\" decoding=\"async\" width=\"500\" height=\"347\" src=\"https:\/\/www.ogrodnick.pl\/word\/wp-content\/uploads\/2020\/03\/carya_illinoensis_owoce500-1.jpg\" alt=\"\" class=\"wp-image-626\" srcset=\"https:\/\/www.ogrodnick.pl\/word\/wp-content\/uploads\/2020\/03\/carya_illinoensis_owoce500-1.jpg 500w, https:\/\/www.ogrodnick.pl\/word\/wp-content\/uploads\/2020\/03\/carya_illinoensis_owoce500-1-300x208.jpg 300w\" sizes=\"auto, (max-width: 500px) 100vw, 500px\" \/><\/figure><\/div>\n","protected":false},"excerpt":{"rendered":"<p>Orzesznik jadalny, pekan&nbsp;(&nbsp;Carya illinoensis, C. illinoinensis )&nbsp; w naturze wyst\u0119puje w Ameryce P\u00f3\u0142nocnej &#8211; od Illinois na p\u00f3\u0142nocy po Floryd\u0119, Teksas (drzewo herbowe tego stanu) i Meksyk na po\u0142udniu. OPIS:&nbsp;&nbsp;&nbsp;Pekany rosn\u0105 najszybciej z orzesznik\u00f3w (w m\u0142odo\u015bci 40-90 cm rocznie), osi\u0105gaj\u0105 najwi\u0119ksze rozmiary. Nisko rozga\u0142\u0119zione drzewa z prostymi pniami mog\u0105 mie\u0107 30, a czasem nawet 50 [&hellip;]<\/p>\n","protected":false},"author":1,"featured_media":0,"parent":0,"menu_order":0,"comment_status":"closed","ping_status":"closed","template":"","meta":{"footnotes":""},"class_list":["post-364","page","type-page","status-publish","hentry"],"_links":{"self":[{"href":"https:\/\/www.ogrodnick.pl\/word\/wp-json\/wp\/v2\/pages\/364","targetHints":{"allow":["GET"]}}],"collection":[{"href":"https:\/\/www.ogrodnick.pl\/word\/wp-json\/wp\/v2\/pages"}],"about":[{"href":"https:\/\/www.ogrodnick.pl\/word\/wp-json\/wp\/v2\/types\/page"}],"author":[{"embeddable":true,"href":"https:\/\/www.ogrodnick.pl\/word\/wp-json\/wp\/v2\/users\/1"}],"replies":[{"embeddable":true,"href":"https:\/\/www.ogrodnick.pl\/word\/wp-json\/wp\/v2\/comments?post=364"}],"version-history":[{"count":3,"href":"https:\/\/www.ogrodnick.pl\/word\/wp-json\/wp\/v2\/pages\/364\/revisions"}],"predecessor-version":[{"id":1079,"href":"https:\/\/www.ogrodnick.pl\/word\/wp-json\/wp\/v2\/pages\/364\/revisions\/1079"}],"wp:attachment":[{"href":"https:\/\/www.ogrodnick.pl\/word\/wp-json\/wp\/v2\/media?parent=364"}],"curies":[{"name":"wp","href":"https:\/\/api.w.org\/{rel}","templated":true}]}}

<div class="wp-block-group alignfull"><div class="wp-block-group__inner-container is-layout-flow wp-block-group-is-layout-flow">
<p>Orzesznik jadalny, pekan&nbsp;(&nbsp;<em>Carya illinoensis, C. illinoinensis )</em>&nbsp; w naturze występuje w Ameryce Północnej &#8211; od Illinois na północy po Florydę, Teksas (drzewo herbowe tego stanu) i Meksyk na południu.</p>
</div></div>



<div class="wp-block-columns alignfull is-layout-flex wp-container-core-columns-is-layout-9d6595d7 wp-block-columns-is-layout-flex">
<div class="wp-block-column is-layout-flow wp-block-column-is-layout-flow">
<p><strong>OPIS:</strong><br>&nbsp;&nbsp;&nbsp;Pekany rosną najszybciej z orzeszników (w młodości 40-90 cm rocznie), osiągają największe rozmiary. Nisko rozgałęzione drzewa z prostymi pniami mogą mieć 30, a czasem nawet 50 metrów wysokości. Łatwo odróżnić je od innych orzeszników po liściach &#8211; złożone są z największej liczby listków, zwykle 9-17. Jesienią liście orzesznika jadalnego przybierają barwę żółtozieloną i pomarańczową.&nbsp;<br>&nbsp;&nbsp;&nbsp;Orzeszniki jadalne od wieków uprawiane są jako drzewa owocowe, znane są setki odmian uprawnych. W sprzyjających warunkach mogą zacząć owocować jako 5-letnie drzewka, owocują nawet przez 300 lat. Z drzewa w pełni owocowania (40-100 lat) uzyskuje się 100-250 kilogramów pekanów, drzewa rekordziści rodzą blisko pół tony! Bardzo smaczny miąższ okryty cienką skorupą (jedna z amerykańskich nazw to&nbsp;<em>Papershell Pecan</em>) zawiera 70% tłuszczu, mnóstwo nienasyconych kwasów tłuszczowych i przeciwutleniaczy &#8211; po prostu samo zdrowie!&nbsp;<br>&nbsp;&nbsp;&nbsp;Bardzo cenione ze względu na urodę i twardość jest drewno orzeszników jadalnych &#8211; wyrabia się z niego meble, trzonki i sprzęt sportowy, używane jest do wędzenia (aromatyczny dym).&nbsp;</p>
</div>



<div class="wp-block-column is-layout-flow wp-block-column-is-layout-flow">
<div class="wp-block-image"><figure class="aligncenter size-large"><img loading="lazy" decoding="async" width="500" height="792" src="https://www.ogrodnick.pl/word/wp-content/uploads/2020/03/carya_illinoensis_duzy500-1.jpg" alt="" class="wp-image-624" srcset="https://www.ogrodnick.pl/word/wp-content/uploads/2020/03/carya_illinoensis_duzy500-1.jpg 500w, https://www.ogrodnick.pl/word/wp-content/uploads/2020/03/carya_illinoensis_duzy500-1-189x300.jpg 189w" sizes="auto, (max-width: 500px) 100vw, 500px" /><figcaption>© Red Planet Inc.    All Rights Reserved
Credit: Bruce J. Marlin
Original Author: Bruce J. Marlin
Contact: redplanetinc@comcast.net
http://www.greenertrees.com</figcaption></figure></div>
</div>
</div>



<div class="wp-block-columns alignfull is-layout-flex wp-container-core-columns-is-layout-9d6595d7 wp-block-columns-is-layout-flex">
<div class="wp-block-column is-layout-flow wp-block-column-is-layout-flow">
<p><strong>UPRAWA:</strong><br>&nbsp;&nbsp;&nbsp;Powszechny jest fałszywy pogląd, że pekany są zbyt wrażliwe aby rosnąć w Polsce. Bierze się to stąd, że zdecydowana większość roślin pochodzi z przywiezionych zza Oceanu lub kupionych w europejskich supermarketach &#8222;spożywczych&#8221; nasion. Niemal każdy kto sieje pekany chce mieć z nich jak największe, najładniejsze owoce (prawie kuliste mogą mieć nawet blisko 6 cm długości) &#8211; takie rosną oczywiście w najcieplejszych rejonach USA. Odmiany uprawiane w Georgii (blisko połowa produkcji USA) znakomicie przystosowane są do 290-dniowego okresu bez mrozu i minimalnych temperatur około -10 C, u nas oczywiście nie mają szans.&nbsp;<br>&nbsp;&nbsp;&nbsp;Zupełnie inną opinię o odporności pekanów mają Amerykanie: we wszystkich źródłach podają, że pekany (<em>Carya illinoensis</em>) mogą rosnąć w 5. strefie klimatycznej USDA, gdzie zwykle zimą temperatury spadają do -29 stopni Celsjusza (-20 F). Tak odporne są pekany rosnące na północy Stanów Zjednoczonych i w Quebec w Kanadzie (uprawianych jest tam wiele odmian owocowych np.&#8217;Devore&#8217;, 'Gibson&#8217;, Mullahy&#8217;, 'Carlson 3&#8242;), wyłącznie pochodzące z tych rejonów należy sadzić w Polsce. Pochodzące z południa&nbsp;zupełnie się nie nadają&nbsp;&#8211; Texas, Georgia i Meksyk leżą na tej samej szerokości geograficznej co Algieria, Egipt czy Arabia Saudyjska.&nbsp;<br>&nbsp;&nbsp;&nbsp;W ojczyźnie młode zimę spędzają okryte metrową warstwą śniegu, w Polsce na śnieg liczyć nie można i dlatego warto je w pierwszych latach trochę zabezpieczać.&nbsp;<br>&nbsp;&nbsp;&nbsp;Szybciej rosną na glebach żyznych i wilgotnych, jednak w chłodniejszych rejonach lepiej je sadzić na glebach raczej suchych &#8211; jesienią szybciej skończą wegetację i lepiej przygotują się do zimy.&nbsp;</p>
</div>



<div class="wp-block-column is-layout-flow wp-block-column-is-layout-flow">
<div class="wp-block-image"><figure class="aligncenter size-large"><img loading="lazy" decoding="async" width="500" height="388" src="https://www.ogrodnick.pl/word/wp-content/uploads/2020/03/carya_illinoensis_luskane500-1.jpg" alt="" class="wp-image-625" srcset="https://www.ogrodnick.pl/word/wp-content/uploads/2020/03/carya_illinoensis_luskane500-1.jpg 500w, https://www.ogrodnick.pl/word/wp-content/uploads/2020/03/carya_illinoensis_luskane500-1-300x233.jpg 300w" sizes="auto, (max-width: 500px) 100vw, 500px" /></figure></div>
</div>
</div>



<div class="wp-block-image"><figure class="aligncenter size-large"><img loading="lazy" decoding="async" width="500" height="347" src="https://www.ogrodnick.pl/word/wp-content/uploads/2020/03/carya_illinoensis_owoce500-1.jpg" alt="" class="wp-image-626" srcset="https://www.ogrodnick.pl/word/wp-content/uploads/2020/03/carya_illinoensis_owoce500-1.jpg 500w, https://www.ogrodnick.pl/word/wp-content/uploads/2020/03/carya_illinoensis_owoce500-1-300x208.jpg 300w" sizes="auto, (max-width: 500px) 100vw, 500px" /></figure></div>

<p>Orzesznik jadalny, pekan&nbsp;(&nbsp;Carya illinoensis, C. illinoinensis )&nbsp; w naturze występuje w Ameryce Północnej &#8211; od Illinois na północy po Florydę, Teksas (drzewo herbowe tego stanu) i Meksyk na południu. OPIS:&nbsp;&nbsp;&nbsp;Pekany rosną najszybciej z orzeszników (w młodości 40-90 cm rocznie), osiągają największe rozmiary. Nisko rozgałęzione drzewa z prostymi pniami mogą mieć 30, a czasem nawet 50 [&hellip;]</p>
