{"id":356,"date":"2020-03-05T12:19:54","date_gmt":"2020-03-05T12:19:54","guid":{"rendered":"http:\/\/www.ogrodnick.pl\/word\/?page_id=356"},"modified":"2020-03-19T12:08:22","modified_gmt":"2020-03-19T12:08:22","slug":"aralia-chinska-aralia-chinensis-aralia-stipulata","status":"publish","type":"page","link":"https:\/\/www.ogrodnick.pl\/word\/aralia-chinska-aralia-chinensis-aralia-stipulata\/","title":{"rendered":"Aralia chi\u0144ska (Aralia chinensis, Aralia stipulata)"},"content":{"rendered":"\n<div class=\"wp-block-group alignfull\"><div class=\"wp-block-group__inner-container is-layout-flow wp-block-group-is-layout-flow\">\n<p>Aralia chi\u0144ska\u00a0<em>(Aralia chinensis<\/em>,\u00a0<em>Aralia stipulata<\/em>)\u00a0z Chin pochodzi.<\/p>\n<\/div><\/div>\n\n\n\n<div class=\"wp-block-columns alignfull is-layout-flex wp-container-core-columns-is-layout-9d6595d7 wp-block-columns-is-layout-flex\">\n<div class=\"wp-block-column is-layout-flow wp-block-column-is-layout-flow\">\n<p><strong>OPIS:<br><\/strong>&nbsp;&nbsp;&nbsp;W Polsce prawie nieznana.&nbsp;<br>&nbsp;&nbsp;&nbsp; Ro\u015bnie mniejsza ni\u017c stosunkowo cz\u0119sto spotykana aralia wysoka, u nas zwykle jest najwy\u017cej trzymetrowym krzewem.&nbsp;<br>&nbsp;&nbsp;&nbsp;Aralie s\u0105 ca\u0142e kolczaste. Kolce maj\u0105 nie tylko na ga\u0142\u0105zkach &#8211; pokryte kolcami s\u0105 ogonki li\u015bciowe, u m\u0142odych ro\u015blin znajdujemy je nawet na blaszkach li\u015bciowych. U starszych krzew\u00f3w kolce z\u0142uszczaj\u0105 si\u0119 z grubiej\u0105cych ga\u0142\u0119zi (jak u r\u00f3\u017cy), mniej te\u017c pojawia si\u0119 ich na li\u015bciach.&nbsp;<br>&nbsp;&nbsp;&nbsp;Aralia chi\u0144ska ma nieliczne, bardzo grube p\u0119dy (jednoroczne nawet do 2,5 cm \u015brednicy), na ko\u0144cach p\u0119d\u00f3w znajduj\u0105 si\u0119 parasole z podw\u00f3jnie pierzastych li\u015bci blisko metrowej d\u0142ugo\u015bci. Za spraw\u0105 wygl\u0105du, tam sk\u0105d pochodzi jest nazywana &#8222;palm\u0105 arali\u0105&#8221;.&nbsp;<br>&nbsp;&nbsp;&nbsp; W sierpniu aralia chi\u0144ska zakwita i wtedy nie mo\u017cna jej pomyli\u0107 z \u017cadn\u0105 inn\u0105. Wyrastaj\u0105ce na ko\u0144cach p\u0119d\u00f3w kwiatostany, z\u0142o\u017cone z pi\u0119knie pachn\u0105cych, \u017c\u00f3\u0142tych kwiatk\u00f3w to regularne sto\u017cki o wysoko\u015bci i szeroko\u015bci osi\u0105gaj\u0105cej nawet 50 cm.&nbsp;<br>&nbsp;&nbsp;&nbsp;Po przekwitnieniu w miejscu kwiatk\u00f3w pojawiaj\u0105 si\u0119 3-4 milimetrowej \u015brednicy owoce &#8211; najpierw zielone, potem czerwone i wreszcie w pa\u017adzierniku wszystkie robi\u0105 si\u0119 granatowoczarne.&nbsp;<\/p>\n<\/div>\n\n\n\n<div class=\"wp-block-column is-layout-flow wp-block-column-is-layout-flow\">\n<div class=\"wp-block-image\"><figure class=\"aligncenter size-large\"><img loading=\"lazy\" decoding=\"async\" width=\"500\" height=\"474\" src=\"https:\/\/www.ogrodnick.pl\/word\/wp-content\/uploads\/2020\/03\/aralia_chinensis_liscie-1.jpg\" alt=\"\" class=\"wp-image-594\" srcset=\"https:\/\/www.ogrodnick.pl\/word\/wp-content\/uploads\/2020\/03\/aralia_chinensis_liscie-1.jpg 500w, https:\/\/www.ogrodnick.pl\/word\/wp-content\/uploads\/2020\/03\/aralia_chinensis_liscie-1-300x284.jpg 300w\" sizes=\"auto, (max-width: 500px) 100vw, 500px\" \/><\/figure><\/div>\n<\/div>\n<\/div>\n\n\n\n<div class=\"wp-block-columns alignfull is-layout-flex wp-container-core-columns-is-layout-9d6595d7 wp-block-columns-is-layout-flex\">\n<div class=\"wp-block-column is-layout-flow wp-block-column-is-layout-flow\">\n<p><strong>UPRAWA:<\/strong>&nbsp;<br>&nbsp;&nbsp;&nbsp; Aralia chi\u0144ska jest niezupe\u0142nie odporna na mrozy. W ch\u0142odniejszych rejonach kraju podczas &#8222;zim stulecia&#8221; mo\u017ce podmarza\u0107, ale znakomicie regeneruje &#8211; tyle, \u017ce w takim roku nie zakwitnie. W ca\u0142ym kraju mo\u017ce cierpie\u0107 od majowych przymrozk\u00f3w (marzn\u0105 m\u0142ode listki).&nbsp;<br>&nbsp;&nbsp;&nbsp;Nim wejdzie w wiek owocowania ( 4-5 lat) ro\u015bnie szybko.&nbsp;<br>&nbsp;&nbsp;&nbsp;Dobrze znosi ocienienie, nie lubi gleb suchych i wapiennych.&nbsp;<\/p>\n<\/div>\n\n\n\n<div class=\"wp-block-column is-layout-flow wp-block-column-is-layout-flow\">\n<div class=\"wp-block-image\"><figure class=\"aligncenter size-large\"><img loading=\"lazy\" decoding=\"async\" width=\"500\" height=\"578\" src=\"https:\/\/www.ogrodnick.pl\/word\/wp-content\/uploads\/2020\/03\/aralia_chinensis_owocostan-1.jpg\" alt=\"\" class=\"wp-image-597\" srcset=\"https:\/\/www.ogrodnick.pl\/word\/wp-content\/uploads\/2020\/03\/aralia_chinensis_owocostan-1.jpg 500w, https:\/\/www.ogrodnick.pl\/word\/wp-content\/uploads\/2020\/03\/aralia_chinensis_owocostan-1-260x300.jpg 260w\" sizes=\"auto, (max-width: 500px) 100vw, 500px\" \/><\/figure><\/div>\n<\/div>\n<\/div>\n\n\n\n<figure class=\"wp-block-image size-large\"><img loading=\"lazy\" decoding=\"async\" width=\"499\" height=\"585\" src=\"https:\/\/www.ogrodnick.pl\/word\/wp-content\/uploads\/2020\/03\/aralia_chinensis_kwiatostan3-1.jpg\" alt=\"\" class=\"wp-image-592\" srcset=\"https:\/\/www.ogrodnick.pl\/word\/wp-content\/uploads\/2020\/03\/aralia_chinensis_kwiatostan3-1.jpg 499w, https:\/\/www.ogrodnick.pl\/word\/wp-content\/uploads\/2020\/03\/aralia_chinensis_kwiatostan3-1-256x300.jpg 256w\" sizes=\"auto, (max-width: 499px) 100vw, 499px\" \/><\/figure>\n","protected":false},"excerpt":{"rendered":"<p>Aralia chi\u0144ska\u00a0(Aralia chinensis,\u00a0Aralia stipulata)\u00a0z Chin pochodzi. OPIS:&nbsp;&nbsp;&nbsp;W Polsce prawie nieznana.&nbsp;&nbsp;&nbsp;&nbsp; Ro\u015bnie mniejsza ni\u017c stosunkowo cz\u0119sto spotykana aralia wysoka, u nas zwykle jest najwy\u017cej trzymetrowym krzewem.&nbsp;&nbsp;&nbsp;&nbsp;Aralie s\u0105 ca\u0142e kolczaste. Kolce maj\u0105 nie tylko na ga\u0142\u0105zkach &#8211; pokryte kolcami s\u0105 ogonki li\u015bciowe, u m\u0142odych ro\u015blin znajdujemy je nawet na blaszkach li\u015bciowych. U starszych krzew\u00f3w kolce z\u0142uszczaj\u0105 si\u0119 [&hellip;]<\/p>\n","protected":false},"author":1,"featured_media":0,"parent":0,"menu_order":0,"comment_status":"closed","ping_status":"closed","template":"","meta":{"footnotes":""},"class_list":["post-356","page","type-page","status-publish","hentry"],"_links":{"self":[{"href":"https:\/\/www.ogrodnick.pl\/word\/wp-json\/wp\/v2\/pages\/356","targetHints":{"allow":["GET"]}}],"collection":[{"href":"https:\/\/www.ogrodnick.pl\/word\/wp-json\/wp\/v2\/pages"}],"about":[{"href":"https:\/\/www.ogrodnick.pl\/word\/wp-json\/wp\/v2\/types\/page"}],"author":[{"embeddable":true,"href":"https:\/\/www.ogrodnick.pl\/word\/wp-json\/wp\/v2\/users\/1"}],"replies":[{"embeddable":true,"href":"https:\/\/www.ogrodnick.pl\/word\/wp-json\/wp\/v2\/comments?post=356"}],"version-history":[{"count":2,"href":"https:\/\/www.ogrodnick.pl\/word\/wp-json\/wp\/v2\/pages\/356\/revisions"}],"predecessor-version":[{"id":1009,"href":"https:\/\/www.ogrodnick.pl\/word\/wp-json\/wp\/v2\/pages\/356\/revisions\/1009"}],"wp:attachment":[{"href":"https:\/\/www.ogrodnick.pl\/word\/wp-json\/wp\/v2\/media?parent=356"}],"curies":[{"name":"wp","href":"https:\/\/api.w.org\/{rel}","templated":true}]}}