{"id":355,"date":"2020-03-05T12:18:09","date_gmt":"2020-03-05T12:18:09","guid":{"rendered":"http:\/\/www.ogrodnick.pl\/word\/?page_id=355"},"modified":"2020-03-23T10:51:31","modified_gmt":"2020-03-23T10:51:31","slug":"winnik-zmienny-ampelopsis-brevipedunculata","status":"publish","type":"page","link":"https:\/\/www.ogrodnick.pl\/word\/winnik-zmienny-ampelopsis-brevipedunculata\/","title":{"rendered":"Winnik zmienny (Ampelopsis brevipedunculata)"},"content":{"rendered":"\n<div class=\"wp-block-group alignfull\"><div class=\"wp-block-group__inner-container is-layout-flow wp-block-group-is-layout-flow\">\n<p>Winnik zmienny&nbsp;<em>(Ampelopsis brevipedunculata)<\/em>&nbsp;ro\u015bnie w zaro\u015blach wschodniej Azji (Rosja, Chiny, Korea i Japonia).<\/p>\n<\/div><\/div>\n\n\n\n<div class=\"wp-block-columns alignfull is-layout-flex wp-container-core-columns-is-layout-9d6595d7 wp-block-columns-is-layout-flex\">\n<div class=\"wp-block-column is-layout-flow wp-block-column-is-layout-flow\">\n<p><strong>OPIS:<br><\/strong>&nbsp;&nbsp;&nbsp;Winnik jest bujnie rosn\u0105cym pn\u0105czem osi\u0105gaj\u0105cym 4 metry wysoko\u015bci, wspinaj\u0105cym si\u0119 przy pomocy w\u0105s\u00f3w.&nbsp;<br>&nbsp;&nbsp;&nbsp;Tym, co przynosi winnikowi zmiennemu najwi\u0119ksz\u0105 s\u0142aw\u0119, s\u0105 niezwyk\u0142e nakrapiane owoce o r\u00f3\u017cnych barwach &#8211; bia\u0142e, \u017c\u00f3\u0142te, zielonkawe, niebieskie i fioletowe &#8211; zwykle r\u00f3\u017cne kolory w jednym gronie. Ta w\u0142a\u015bnie zmienno\u015b\u0107 da\u0142a pocz\u0105tek polskiej nazwie. Po angielsku ten winnik nazywa si\u0119 jeszcze \u0142adniej &#8211;&nbsp;<em>porcelainberry<\/em>&nbsp;czyli porcelanowa jagoda.<br>Owoce dojrzewaj\u0105 od sierpnia do pa\u017adziernika. Zielone li\u015bcie zdobi\u0105 krzewy do p\u00f3\u017anej jesieni.&nbsp;<br>&nbsp;&nbsp;&nbsp;Li\u015bcie winnika zmiennego r\u00f3wnie\u017c s\u0105 zmienne &#8211; mog\u0105 by\u0107 klapowane, podobne do li\u015bci winoro\u015bli albo g\u0142\u0119boko powcinane, pierzaste, u odmiany kolokwintowej (<em>Ampelopsis brevipedunculata<\/em>&nbsp;'Citrulloides&#8217;).&nbsp;<\/p>\n<\/div>\n\n\n\n<div class=\"wp-block-column is-layout-flow wp-block-column-is-layout-flow\">\n<div class=\"wp-block-image\"><figure class=\"aligncenter size-large\"><img loading=\"lazy\" decoding=\"async\" width=\"500\" height=\"616\" src=\"https:\/\/www.ogrodnick.pl\/word\/wp-content\/uploads\/2020\/03\/ampelopsis_brevipedunculata_kratka-1.jpg\" alt=\"\" class=\"wp-image-588\" srcset=\"https:\/\/www.ogrodnick.pl\/word\/wp-content\/uploads\/2020\/03\/ampelopsis_brevipedunculata_kratka-1.jpg 500w, https:\/\/www.ogrodnick.pl\/word\/wp-content\/uploads\/2020\/03\/ampelopsis_brevipedunculata_kratka-1-244x300.jpg 244w\" sizes=\"auto, (max-width: 500px) 100vw, 500px\" \/><\/figure><\/div>\n<\/div>\n<\/div>\n\n\n\n<div class=\"wp-block-columns alignfull is-layout-flex wp-container-core-columns-is-layout-9d6595d7 wp-block-columns-is-layout-flex\">\n<div class=\"wp-block-column is-layout-flow wp-block-column-is-layout-flow\">\n<p><strong>UPRAWA:<\/strong>&nbsp;<br>&nbsp;&nbsp;&nbsp; Odporny na mr\u00f3z, nawet je\u015bli podczas &#8222;zimy stulecia&#8221; zmarznie do \u015bniegu, bujnie odro\u015bnie i zaowocuje w ko\u0144cu lata.&nbsp;<br>&nbsp;&nbsp;&nbsp;Dobrze ro\u015bnie w cieniu. Najlepiej &#8211; jak prawie wszystko &#8211; na glebach \u017cyznych i wilgotnych.<\/p>\n<\/div>\n\n\n\n<div class=\"wp-block-column is-layout-flow wp-block-column-is-layout-flow\">\n<div class=\"wp-block-image\"><figure class=\"aligncenter size-large\"><img loading=\"lazy\" decoding=\"async\" width=\"500\" height=\"381\" src=\"https:\/\/www.ogrodnick.pl\/word\/wp-content\/uploads\/2020\/03\/ampelopsis_brevipedunculata_owoce-1.jpg\" alt=\"\" class=\"wp-image-590\" srcset=\"https:\/\/www.ogrodnick.pl\/word\/wp-content\/uploads\/2020\/03\/ampelopsis_brevipedunculata_owoce-1.jpg 500w, https:\/\/www.ogrodnick.pl\/word\/wp-content\/uploads\/2020\/03\/ampelopsis_brevipedunculata_owoce-1-300x229.jpg 300w\" sizes=\"auto, (max-width: 500px) 100vw, 500px\" \/><\/figure><\/div>\n<\/div>\n<\/div>\n\n\n\n<div class=\"wp-block-image\"><figure class=\"aligncenter size-large\"><img loading=\"lazy\" decoding=\"async\" width=\"500\" height=\"653\" src=\"https:\/\/www.ogrodnick.pl\/word\/wp-content\/uploads\/2020\/03\/ampelopsis_brevipedunculata_kwiatki-1.jpg\" alt=\"\" class=\"wp-image-589\" srcset=\"https:\/\/www.ogrodnick.pl\/word\/wp-content\/uploads\/2020\/03\/ampelopsis_brevipedunculata_kwiatki-1.jpg 500w, https:\/\/www.ogrodnick.pl\/word\/wp-content\/uploads\/2020\/03\/ampelopsis_brevipedunculata_kwiatki-1-230x300.jpg 230w\" sizes=\"auto, (max-width: 500px) 100vw, 500px\" \/><\/figure><\/div>\n","protected":false},"excerpt":{"rendered":"<p>Winnik zmienny&nbsp;(Ampelopsis brevipedunculata)&nbsp;ro\u015bnie w zaro\u015blach wschodniej Azji (Rosja, Chiny, Korea i Japonia). OPIS:&nbsp;&nbsp;&nbsp;Winnik jest bujnie rosn\u0105cym pn\u0105czem osi\u0105gaj\u0105cym 4 metry wysoko\u015bci, wspinaj\u0105cym si\u0119 przy pomocy w\u0105s\u00f3w.&nbsp;&nbsp;&nbsp;&nbsp;Tym, co przynosi winnikowi zmiennemu najwi\u0119ksz\u0105 s\u0142aw\u0119, s\u0105 niezwyk\u0142e nakrapiane owoce o r\u00f3\u017cnych barwach &#8211; bia\u0142e, \u017c\u00f3\u0142te, zielonkawe, niebieskie i fioletowe &#8211; zwykle r\u00f3\u017cne kolory w jednym gronie. Ta w\u0142a\u015bnie [&hellip;]<\/p>\n","protected":false},"author":1,"featured_media":0,"parent":0,"menu_order":0,"comment_status":"closed","ping_status":"closed","template":"","meta":{"footnotes":""},"class_list":["post-355","page","type-page","status-publish","hentry"],"_links":{"self":[{"href":"https:\/\/www.ogrodnick.pl\/word\/wp-json\/wp\/v2\/pages\/355","targetHints":{"allow":["GET"]}}],"collection":[{"href":"https:\/\/www.ogrodnick.pl\/word\/wp-json\/wp\/v2\/pages"}],"about":[{"href":"https:\/\/www.ogrodnick.pl\/word\/wp-json\/wp\/v2\/types\/page"}],"author":[{"embeddable":true,"href":"https:\/\/www.ogrodnick.pl\/word\/wp-json\/wp\/v2\/users\/1"}],"replies":[{"embeddable":true,"href":"https:\/\/www.ogrodnick.pl\/word\/wp-json\/wp\/v2\/comments?post=355"}],"version-history":[{"count":2,"href":"https:\/\/www.ogrodnick.pl\/word\/wp-json\/wp\/v2\/pages\/355\/revisions"}],"predecessor-version":[{"id":1113,"href":"https:\/\/www.ogrodnick.pl\/word\/wp-json\/wp\/v2\/pages\/355\/revisions\/1113"}],"wp:attachment":[{"href":"https:\/\/www.ogrodnick.pl\/word\/wp-json\/wp\/v2\/media?parent=355"}],"curies":[{"name":"wp","href":"https:\/\/api.w.org\/{rel}","templated":true}]}}

<div class="wp-block-group alignfull"><div class="wp-block-group__inner-container is-layout-flow wp-block-group-is-layout-flow">
<p>Winnik zmienny&nbsp;<em>(Ampelopsis brevipedunculata)</em>&nbsp;rośnie w zaroślach wschodniej Azji (Rosja, Chiny, Korea i Japonia).</p>
</div></div>



<div class="wp-block-columns alignfull is-layout-flex wp-container-core-columns-is-layout-9d6595d7 wp-block-columns-is-layout-flex">
<div class="wp-block-column is-layout-flow wp-block-column-is-layout-flow">
<p><strong>OPIS:<br></strong>&nbsp;&nbsp;&nbsp;Winnik jest bujnie rosnącym pnączem osiągającym 4 metry wysokości, wspinającym się przy pomocy wąsów.&nbsp;<br>&nbsp;&nbsp;&nbsp;Tym, co przynosi winnikowi zmiennemu największą sławę, są niezwykłe nakrapiane owoce o różnych barwach &#8211; białe, żółte, zielonkawe, niebieskie i fioletowe &#8211; zwykle różne kolory w jednym gronie. Ta właśnie zmienność dała początek polskiej nazwie. Po angielsku ten winnik nazywa się jeszcze ładniej &#8211;&nbsp;<em>porcelainberry</em>&nbsp;czyli porcelanowa jagoda.<br>Owoce dojrzewają od sierpnia do października. Zielone liście zdobią krzewy do późnej jesieni.&nbsp;<br>&nbsp;&nbsp;&nbsp;Liście winnika zmiennego również są zmienne &#8211; mogą być klapowane, podobne do liści winorośli albo głęboko powcinane, pierzaste, u odmiany kolokwintowej (<em>Ampelopsis brevipedunculata</em>&nbsp;'Citrulloides&#8217;).&nbsp;</p>
</div>



<div class="wp-block-column is-layout-flow wp-block-column-is-layout-flow">
<div class="wp-block-image"><figure class="aligncenter size-large"><img loading="lazy" decoding="async" width="500" height="616" src="https://www.ogrodnick.pl/word/wp-content/uploads/2020/03/ampelopsis_brevipedunculata_kratka-1.jpg" alt="" class="wp-image-588" srcset="https://www.ogrodnick.pl/word/wp-content/uploads/2020/03/ampelopsis_brevipedunculata_kratka-1.jpg 500w, https://www.ogrodnick.pl/word/wp-content/uploads/2020/03/ampelopsis_brevipedunculata_kratka-1-244x300.jpg 244w" sizes="auto, (max-width: 500px) 100vw, 500px" /></figure></div>
</div>
</div>



<div class="wp-block-columns alignfull is-layout-flex wp-container-core-columns-is-layout-9d6595d7 wp-block-columns-is-layout-flex">
<div class="wp-block-column is-layout-flow wp-block-column-is-layout-flow">
<p><strong>UPRAWA:</strong>&nbsp;<br>&nbsp;&nbsp;&nbsp; Odporny na mróz, nawet jeśli podczas &#8222;zimy stulecia&#8221; zmarznie do śniegu, bujnie odrośnie i zaowocuje w końcu lata.&nbsp;<br>&nbsp;&nbsp;&nbsp;Dobrze rośnie w cieniu. Najlepiej &#8211; jak prawie wszystko &#8211; na glebach żyznych i wilgotnych.</p>
</div>



<div class="wp-block-column is-layout-flow wp-block-column-is-layout-flow">
<div class="wp-block-image"><figure class="aligncenter size-large"><img loading="lazy" decoding="async" width="500" height="381" src="https://www.ogrodnick.pl/word/wp-content/uploads/2020/03/ampelopsis_brevipedunculata_owoce-1.jpg" alt="" class="wp-image-590" srcset="https://www.ogrodnick.pl/word/wp-content/uploads/2020/03/ampelopsis_brevipedunculata_owoce-1.jpg 500w, https://www.ogrodnick.pl/word/wp-content/uploads/2020/03/ampelopsis_brevipedunculata_owoce-1-300x229.jpg 300w" sizes="auto, (max-width: 500px) 100vw, 500px" /></figure></div>
</div>
</div>



<div class="wp-block-image"><figure class="aligncenter size-large"><img loading="lazy" decoding="async" width="500" height="653" src="https://www.ogrodnick.pl/word/wp-content/uploads/2020/03/ampelopsis_brevipedunculata_kwiatki-1.jpg" alt="" class="wp-image-589" srcset="https://www.ogrodnick.pl/word/wp-content/uploads/2020/03/ampelopsis_brevipedunculata_kwiatki-1.jpg 500w, https://www.ogrodnick.pl/word/wp-content/uploads/2020/03/ampelopsis_brevipedunculata_kwiatki-1-230x300.jpg 230w" sizes="auto, (max-width: 500px) 100vw, 500px" /></figure></div>

<p>Winnik zmienny&nbsp;(Ampelopsis brevipedunculata)&nbsp;rośnie w zaroślach wschodniej Azji (Rosja, Chiny, Korea i Japonia). OPIS:&nbsp;&nbsp;&nbsp;Winnik jest bujnie rosnącym pnączem osiągającym 4 metry wysokości, wspinającym się przy pomocy wąsów.&nbsp;&nbsp;&nbsp;&nbsp;Tym, co przynosi winnikowi zmiennemu największą sławę, są niezwykłe nakrapiane owoce o różnych barwach &#8211; białe, żółte, zielonkawe, niebieskie i fioletowe &#8211; zwykle różne kolory w jednym gronie. Ta właśnie [&hellip;]</p>
