{"id":354,"date":"2020-03-05T12:15:48","date_gmt":"2020-03-05T12:15:48","guid":{"rendered":"http:\/\/www.ogrodnick.pl\/word\/?page_id=354"},"modified":"2020-03-19T12:05:23","modified_gmt":"2020-03-19T12:05:23","slug":"amorfa-siwa-amorpha-canescens","status":"publish","type":"page","link":"https:\/\/www.ogrodnick.pl\/word\/amorfa-siwa-amorpha-canescens\/","title":{"rendered":"Amorfa siwa (Amorpha canescens)"},"content":{"rendered":"\n<div class=\"wp-block-group alignfull\"><div class=\"wp-block-group__inner-container is-layout-flow wp-block-group-is-layout-flow\">\n<p>Amorfa siwa&nbsp;(<em>Amorpha canescens<\/em>)&nbsp;ro\u015bnie w centrum Ameryki P\u00f3\u0142nocnej, w USA i w Kanadzie.<\/p>\n<\/div><\/div>\n\n\n\n<div class=\"wp-block-columns alignfull is-layout-flex wp-container-core-columns-is-layout-9d6595d7 wp-block-columns-is-layout-flex\">\n<div class=\"wp-block-column is-layout-flow wp-block-column-is-layout-flow\">\n<p><strong>OPIS:<br><\/strong>&nbsp;&nbsp;&nbsp; Najpi\u0119kniejsza amorfa, prawie zupe\u0142nie u nas nie znana. Na naturalnych stanowiskach (suche prerie o surowym klimacie) niski, osi\u0105gaj\u0105cy ledwie metr wysoko\u015bci krzew. W uprawie, na \u017cyznej glebie ogrodowej i przy dostatku wody mo\u017ce osi\u0105gn\u0105\u0107 blisko dwa metry wysoko\u015bci.&nbsp;<br>&nbsp;&nbsp;&nbsp;Bardzo efektowna przez ca\u0142y sezon &#8211; g\u0119sty krzew o zaokr\u0105glonym pokroju, pi\u0119kne szarozielone li\u015bcie z\u0142o\u017cone z nawet ponad 40 drobniutkich, oko\u0142o centymetrowych listk\u00f3w.&nbsp;<br>&nbsp;&nbsp;&nbsp;Kwitnie od lipca do wrze\u015bnia, fioletowoniebieskie kwiatki tworz\u0105 15-centymetrowej d\u0142ugo\u015bci k\u0142osy.&nbsp;<\/p>\n<\/div>\n\n\n\n<div class=\"wp-block-column is-layout-flow wp-block-column-is-layout-flow\">\n<div class=\"wp-block-image\"><figure class=\"aligncenter size-large\"><img loading=\"lazy\" decoding=\"async\" width=\"500\" height=\"378\" src=\"https:\/\/www.ogrodnick.pl\/word\/wp-content\/uploads\/2020\/03\/amorpha_canescens_krzew-1.jpg\" alt=\"\" class=\"wp-image-585\" srcset=\"https:\/\/www.ogrodnick.pl\/word\/wp-content\/uploads\/2020\/03\/amorpha_canescens_krzew-1.jpg 500w, https:\/\/www.ogrodnick.pl\/word\/wp-content\/uploads\/2020\/03\/amorpha_canescens_krzew-1-300x227.jpg 300w\" sizes=\"auto, (max-width: 500px) 100vw, 500px\" \/><\/figure><\/div>\n<\/div>\n<\/div>\n\n\n\n<div class=\"wp-block-columns alignfull is-layout-flex wp-container-core-columns-is-layout-9d6595d7 wp-block-columns-is-layout-flex\">\n<div class=\"wp-block-column is-layout-flow wp-block-column-is-layout-flow\">\n<p><strong>UPRAWA:<\/strong><br>&nbsp;&nbsp;&nbsp;Amorfa szara jest zupe\u0142nie odporna na mrozy, mo\u017ce rosn\u0105\u0107 nawet na najubo\u017cszej, suchej glebie. Ma bardzo silny i rozleg\u0142y uk\u0142ad korzeniowy, od d\u0142ugich, sznurkowatych korzeni zyska\u0142a angielsk\u0105 nazw\u0119&nbsp;<em>Prairie Shoestring<\/em>&nbsp;czyli &#8222;preriowe sznurowad\u0142o&#8221;.&nbsp;<br>&nbsp;&nbsp;&nbsp;Stanowisko powinno by\u0107 s\u0142oneczne.<\/p>\n<\/div>\n\n\n\n<div class=\"wp-block-column is-layout-flow wp-block-column-is-layout-flow\">\n<div class=\"wp-block-image\"><figure class=\"aligncenter size-large\"><img loading=\"lazy\" decoding=\"async\" width=\"501\" height=\"367\" src=\"https:\/\/www.ogrodnick.pl\/word\/wp-content\/uploads\/2020\/03\/amorpha_canescens_kwiatostan_motylek.jpg\" alt=\"\" class=\"wp-image-233\" srcset=\"https:\/\/www.ogrodnick.pl\/word\/wp-content\/uploads\/2020\/03\/amorpha_canescens_kwiatostan_motylek.jpg 501w, https:\/\/www.ogrodnick.pl\/word\/wp-content\/uploads\/2020\/03\/amorpha_canescens_kwiatostan_motylek-300x220.jpg 300w\" sizes=\"auto, (max-width: 501px) 100vw, 501px\" \/><\/figure><\/div>\n<\/div>\n<\/div>\n\n\n\n<figure class=\"wp-block-image size-large\"><img loading=\"lazy\" decoding=\"async\" width=\"625\" height=\"461\" src=\"https:\/\/www.ogrodnick.pl\/word\/wp-content\/uploads\/2020\/03\/amorpha_canescens_kwiatostan.jpg\" alt=\"\" class=\"wp-image-232\" srcset=\"https:\/\/www.ogrodnick.pl\/word\/wp-content\/uploads\/2020\/03\/amorpha_canescens_kwiatostan.jpg 625w, https:\/\/www.ogrodnick.pl\/word\/wp-content\/uploads\/2020\/03\/amorpha_canescens_kwiatostan-300x221.jpg 300w\" sizes=\"auto, (max-width: 625px) 100vw, 625px\" \/><\/figure>\n","protected":false},"excerpt":{"rendered":"<p>Amorfa siwa&nbsp;(Amorpha canescens)&nbsp;ro\u015bnie w centrum Ameryki P\u00f3\u0142nocnej, w USA i w Kanadzie. OPIS:&nbsp;&nbsp;&nbsp; Najpi\u0119kniejsza amorfa, prawie zupe\u0142nie u nas nie znana. Na naturalnych stanowiskach (suche prerie o surowym klimacie) niski, osi\u0105gaj\u0105cy ledwie metr wysoko\u015bci krzew. W uprawie, na \u017cyznej glebie ogrodowej i przy dostatku wody mo\u017ce osi\u0105gn\u0105\u0107 blisko dwa metry wysoko\u015bci.&nbsp;&nbsp;&nbsp;&nbsp;Bardzo efektowna przez ca\u0142y sezon [&hellip;]<\/p>\n","protected":false},"author":1,"featured_media":0,"parent":0,"menu_order":0,"comment_status":"closed","ping_status":"closed","template":"","meta":{"footnotes":""},"class_list":["post-354","page","type-page","status-publish","hentry"],"_links":{"self":[{"href":"https:\/\/www.ogrodnick.pl\/word\/wp-json\/wp\/v2\/pages\/354","targetHints":{"allow":["GET"]}}],"collection":[{"href":"https:\/\/www.ogrodnick.pl\/word\/wp-json\/wp\/v2\/pages"}],"about":[{"href":"https:\/\/www.ogrodnick.pl\/word\/wp-json\/wp\/v2\/types\/page"}],"author":[{"embeddable":true,"href":"https:\/\/www.ogrodnick.pl\/word\/wp-json\/wp\/v2\/users\/1"}],"replies":[{"embeddable":true,"href":"https:\/\/www.ogrodnick.pl\/word\/wp-json\/wp\/v2\/comments?post=354"}],"version-history":[{"count":4,"href":"https:\/\/www.ogrodnick.pl\/word\/wp-json\/wp\/v2\/pages\/354\/revisions"}],"predecessor-version":[{"id":1008,"href":"https:\/\/www.ogrodnick.pl\/word\/wp-json\/wp\/v2\/pages\/354\/revisions\/1008"}],"wp:attachment":[{"href":"https:\/\/www.ogrodnick.pl\/word\/wp-json\/wp\/v2\/media?parent=354"}],"curies":[{"name":"wp","href":"https:\/\/api.w.org\/{rel}","templated":true}]}}

<div class="wp-block-group alignfull"><div class="wp-block-group__inner-container is-layout-flow wp-block-group-is-layout-flow">
<p>Amorfa siwa&nbsp;(<em>Amorpha canescens</em>)&nbsp;rośnie w centrum Ameryki Północnej, w USA i w Kanadzie.</p>
</div></div>



<div class="wp-block-columns alignfull is-layout-flex wp-container-core-columns-is-layout-9d6595d7 wp-block-columns-is-layout-flex">
<div class="wp-block-column is-layout-flow wp-block-column-is-layout-flow">
<p><strong>OPIS:<br></strong>&nbsp;&nbsp;&nbsp; Najpiękniejsza amorfa, prawie zupełnie u nas nie znana. Na naturalnych stanowiskach (suche prerie o surowym klimacie) niski, osiągający ledwie metr wysokości krzew. W uprawie, na żyznej glebie ogrodowej i przy dostatku wody może osiągnąć blisko dwa metry wysokości.&nbsp;<br>&nbsp;&nbsp;&nbsp;Bardzo efektowna przez cały sezon &#8211; gęsty krzew o zaokrąglonym pokroju, piękne szarozielone liście złożone z nawet ponad 40 drobniutkich, około centymetrowych listków.&nbsp;<br>&nbsp;&nbsp;&nbsp;Kwitnie od lipca do września, fioletowoniebieskie kwiatki tworzą 15-centymetrowej długości kłosy.&nbsp;</p>
</div>



<div class="wp-block-column is-layout-flow wp-block-column-is-layout-flow">
<div class="wp-block-image"><figure class="aligncenter size-large"><img loading="lazy" decoding="async" width="500" height="378" src="https://www.ogrodnick.pl/word/wp-content/uploads/2020/03/amorpha_canescens_krzew-1.jpg" alt="" class="wp-image-585" srcset="https://www.ogrodnick.pl/word/wp-content/uploads/2020/03/amorpha_canescens_krzew-1.jpg 500w, https://www.ogrodnick.pl/word/wp-content/uploads/2020/03/amorpha_canescens_krzew-1-300x227.jpg 300w" sizes="auto, (max-width: 500px) 100vw, 500px" /></figure></div>
</div>
</div>



<div class="wp-block-columns alignfull is-layout-flex wp-container-core-columns-is-layout-9d6595d7 wp-block-columns-is-layout-flex">
<div class="wp-block-column is-layout-flow wp-block-column-is-layout-flow">
<p><strong>UPRAWA:</strong><br>&nbsp;&nbsp;&nbsp;Amorfa szara jest zupełnie odporna na mrozy, może rosnąć nawet na najuboższej, suchej glebie. Ma bardzo silny i rozległy układ korzeniowy, od długich, sznurkowatych korzeni zyskała angielską nazwę&nbsp;<em>Prairie Shoestring</em>&nbsp;czyli &#8222;preriowe sznurowadło&#8221;.&nbsp;<br>&nbsp;&nbsp;&nbsp;Stanowisko powinno być słoneczne.</p>
</div>



<div class="wp-block-column is-layout-flow wp-block-column-is-layout-flow">
<div class="wp-block-image"><figure class="aligncenter size-large"><img loading="lazy" decoding="async" width="501" height="367" src="https://www.ogrodnick.pl/word/wp-content/uploads/2020/03/amorpha_canescens_kwiatostan_motylek.jpg" alt="" class="wp-image-233" srcset="https://www.ogrodnick.pl/word/wp-content/uploads/2020/03/amorpha_canescens_kwiatostan_motylek.jpg 501w, https://www.ogrodnick.pl/word/wp-content/uploads/2020/03/amorpha_canescens_kwiatostan_motylek-300x220.jpg 300w" sizes="auto, (max-width: 501px) 100vw, 501px" /></figure></div>
</div>
</div>



<figure class="wp-block-image size-large"><img loading="lazy" decoding="async" width="625" height="461" src="https://www.ogrodnick.pl/word/wp-content/uploads/2020/03/amorpha_canescens_kwiatostan.jpg" alt="" class="wp-image-232" srcset="https://www.ogrodnick.pl/word/wp-content/uploads/2020/03/amorpha_canescens_kwiatostan.jpg 625w, https://www.ogrodnick.pl/word/wp-content/uploads/2020/03/amorpha_canescens_kwiatostan-300x221.jpg 300w" sizes="auto, (max-width: 625px) 100vw, 625px" /></figure>

<p>Amorfa siwa&nbsp;(Amorpha canescens)&nbsp;rośnie w centrum Ameryki Północnej, w USA i w Kanadzie. OPIS:&nbsp;&nbsp;&nbsp; Najpiękniejsza amorfa, prawie zupełnie u nas nie znana. Na naturalnych stanowiskach (suche prerie o surowym klimacie) niski, osiągający ledwie metr wysokości krzew. W uprawie, na żyznej glebie ogrodowej i przy dostatku wody może osiągnąć blisko dwa metry wysokości.&nbsp;&nbsp;&nbsp;&nbsp;Bardzo efektowna przez cały sezon [&hellip;]</p>
