{"id":347,"date":"2020-03-05T11:55:57","date_gmt":"2020-03-05T11:55:57","guid":{"rendered":"http:\/\/www.ogrodnick.pl\/word\/?page_id=347"},"modified":"2020-03-20T13:10:20","modified_gmt":"2020-03-20T13:10:20","slug":"kasztanowiec-drobnokwiatowy-aesculus-parviflora","status":"publish","type":"page","link":"https:\/\/www.ogrodnick.pl\/word\/kasztanowiec-drobnokwiatowy-aesculus-parviflora\/","title":{"rendered":"Kasztanowiec drobnokwiatowy (Aesculus parviflora)"},"content":{"rendered":"\n<div class=\"wp-block-group alignfull\"><div class=\"wp-block-group__inner-container is-layout-flow wp-block-group-is-layout-flow\">\n<p>Kasztanowiec drobnokwiatowy&nbsp;<em>(Aesculus parviflora)<\/em>&nbsp;pochodzi z po\u0142udniowo-wschodniej cz\u0119\u015bci Stan\u00f3w Zjednoczonych.<\/p>\n<\/div><\/div>\n\n\n\n<div class=\"wp-block-columns alignfull is-layout-flex wp-container-core-columns-is-layout-9d6595d7 wp-block-columns-is-layout-flex\">\n<div class=\"wp-block-column is-layout-flow wp-block-column-is-layout-flow\">\n<p><strong>OPIS:<br><\/strong>&nbsp;&nbsp;&nbsp;Kasztanowiec drobnokwiatowy jest wyj\u0105tkowy pod wieloma wzgl\u0119dami:&nbsp;<br>-wyr\u00f3\u017cnia go pokr\u00f3j. Inne kasztanowce to drzewa, ten jest niskim krzewem. Ro\u015bnie powoli, je\u015bli ma miejsce do swobodnego rozwoju to po dziesi\u0105tkach lat mo\u017ce mie\u0107 np. 2-3 metry wysoko\u015bci i 8 metr\u00f3w \u015brednicy.&nbsp;<br>-bardzo obficie kwitnie w \u015brodku lata, zwykle w lipcu, podczas gdy wszystkie inne kasztanowce kwitn\u0105 wiosn\u0105.&nbsp;<br>-kwiatki kasztanowca drobnokwiatowego, w ojczy\u017anie zapylane przez kolibry, tworz\u0105 nawet 40-centymetrowe wiechy. Takim imponuj\u0105cym kwiatostanem zwykle zako\u0144czona jest ka\u017cda ga\u0142\u0105zka.&nbsp;<br>&nbsp;&nbsp;&nbsp;Zdecydowana wi\u0119kszo\u015b\u0107 kwiatk\u00f3w to kwiatki m\u0119skie z trzycentymetrowymi pr\u0119cikami, tylko z nielicznych kwiatk\u00f3w \u017ce\u0144skich mog\u0105 powsta\u0107 owoce &#8211; u nas zwykle nie wyro\u015bni\u0119te, zdolne do kie\u0142kowania bywaj\u0105 zaledwie raz na kilka lat.&nbsp;<br>&nbsp;&nbsp;&nbsp;Jesieni\u0105 li\u015bcie kasztanowca drobnokwiatowego pi\u0119knie przebarwiaj\u0105 si\u0119 na \u017c\u00f3\u0142to.&nbsp;<\/p>\n<\/div>\n\n\n\n<div class=\"wp-block-column is-layout-flow wp-block-column-is-layout-flow\">\n<div class=\"wp-block-image\"><figure class=\"aligncenter size-large\"><img loading=\"lazy\" decoding=\"async\" width=\"500\" height=\"319\" src=\"https:\/\/www.ogrodnick.pl\/word\/wp-content\/uploads\/2020\/03\/aesculus_parviflora_krzew-1.jpg\" alt=\"\" class=\"wp-image-574\" srcset=\"https:\/\/www.ogrodnick.pl\/word\/wp-content\/uploads\/2020\/03\/aesculus_parviflora_krzew-1.jpg 500w, https:\/\/www.ogrodnick.pl\/word\/wp-content\/uploads\/2020\/03\/aesculus_parviflora_krzew-1-300x191.jpg 300w\" sizes=\"auto, (max-width: 500px) 100vw, 500px\" \/><\/figure><\/div>\n<\/div>\n<\/div>\n\n\n\n<div class=\"wp-block-columns alignfull is-layout-flex wp-container-core-columns-is-layout-9d6595d7 wp-block-columns-is-layout-flex\">\n<div class=\"wp-block-column is-layout-flow wp-block-column-is-layout-flow\">\n<p><strong>UPRAWA:<\/strong>&nbsp;<br>&nbsp;&nbsp;&nbsp; W naturze najcz\u0119\u015bciej ro\u015bnie w poszyciu wilgotnych las\u00f3w, uprawiany mo\u017ce by\u0107 praktycznie wsz\u0119dzie, nawet na glebach suchych i ubogich (wtedy ro\u015bnie baaardzo wolno).&nbsp;<br>&nbsp;&nbsp;&nbsp;Najobficiej kwitnie i ma naj\u0142adniejszy, regularny pokr\u00f3j na stanowiskach s\u0142onecznych. Nie zjada go szrotowek kasztanowcowiaczek ani inne szkodniki.&nbsp;<\/p>\n<\/div>\n\n\n\n<div class=\"wp-block-column is-layout-flow wp-block-column-is-layout-flow\">\n<div class=\"wp-block-image\"><figure class=\"aligncenter size-large\"><img loading=\"lazy\" decoding=\"async\" width=\"500\" height=\"481\" src=\"https:\/\/www.ogrodnick.pl\/word\/wp-content\/uploads\/2020\/03\/aesculus_parviflora_owoce-1.jpg\" alt=\"\" class=\"wp-image-577\" srcset=\"https:\/\/www.ogrodnick.pl\/word\/wp-content\/uploads\/2020\/03\/aesculus_parviflora_owoce-1.jpg 500w, https:\/\/www.ogrodnick.pl\/word\/wp-content\/uploads\/2020\/03\/aesculus_parviflora_owoce-1-300x289.jpg 300w\" sizes=\"auto, (max-width: 500px) 100vw, 500px\" \/><\/figure><\/div>\n<\/div>\n<\/div>\n\n\n\n<div class=\"wp-block-image\"><figure class=\"aligncenter size-large\"><img loading=\"lazy\" decoding=\"async\" width=\"500\" height=\"545\" src=\"https:\/\/www.ogrodnick.pl\/word\/wp-content\/uploads\/2020\/03\/aesculus_parviflora_kwiatostan1-1.jpg\" alt=\"\" class=\"wp-image-575\" srcset=\"https:\/\/www.ogrodnick.pl\/word\/wp-content\/uploads\/2020\/03\/aesculus_parviflora_kwiatostan1-1.jpg 500w, https:\/\/www.ogrodnick.pl\/word\/wp-content\/uploads\/2020\/03\/aesculus_parviflora_kwiatostan1-1-275x300.jpg 275w\" sizes=\"auto, (max-width: 500px) 100vw, 500px\" \/><\/figure><\/div>\n","protected":false},"excerpt":{"rendered":"<p>Kasztanowiec drobnokwiatowy&nbsp;(Aesculus parviflora)&nbsp;pochodzi z po\u0142udniowo-wschodniej cz\u0119\u015bci Stan\u00f3w Zjednoczonych. OPIS:&nbsp;&nbsp;&nbsp;Kasztanowiec drobnokwiatowy jest wyj\u0105tkowy pod wieloma wzgl\u0119dami:&nbsp;-wyr\u00f3\u017cnia go pokr\u00f3j. Inne kasztanowce to drzewa, ten jest niskim krzewem. Ro\u015bnie powoli, je\u015bli ma miejsce do swobodnego rozwoju to po dziesi\u0105tkach lat mo\u017ce mie\u0107 np. 2-3 metry wysoko\u015bci i 8 metr\u00f3w \u015brednicy.&nbsp;-bardzo obficie kwitnie w \u015brodku lata, zwykle w lipcu, [&hellip;]<\/p>\n","protected":false},"author":1,"featured_media":0,"parent":0,"menu_order":0,"comment_status":"closed","ping_status":"closed","template":"","meta":{"footnotes":""},"class_list":["post-347","page","type-page","status-publish","hentry"],"_links":{"self":[{"href":"https:\/\/www.ogrodnick.pl\/word\/wp-json\/wp\/v2\/pages\/347","targetHints":{"allow":["GET"]}}],"collection":[{"href":"https:\/\/www.ogrodnick.pl\/word\/wp-json\/wp\/v2\/pages"}],"about":[{"href":"https:\/\/www.ogrodnick.pl\/word\/wp-json\/wp\/v2\/types\/page"}],"author":[{"embeddable":true,"href":"https:\/\/www.ogrodnick.pl\/word\/wp-json\/wp\/v2\/users\/1"}],"replies":[{"embeddable":true,"href":"https:\/\/www.ogrodnick.pl\/word\/wp-json\/wp\/v2\/comments?post=347"}],"version-history":[{"count":2,"href":"https:\/\/www.ogrodnick.pl\/word\/wp-json\/wp\/v2\/pages\/347\/revisions"}],"predecessor-version":[{"id":1049,"href":"https:\/\/www.ogrodnick.pl\/word\/wp-json\/wp\/v2\/pages\/347\/revisions\/1049"}],"wp:attachment":[{"href":"https:\/\/www.ogrodnick.pl\/word\/wp-json\/wp\/v2\/media?parent=347"}],"curies":[{"name":"wp","href":"https:\/\/api.w.org\/{rel}","templated":true}]}}

<div class="wp-block-group alignfull"><div class="wp-block-group__inner-container is-layout-flow wp-block-group-is-layout-flow">
<p>Kasztanowiec drobnokwiatowy&nbsp;<em>(Aesculus parviflora)</em>&nbsp;pochodzi z południowo-wschodniej części Stanów Zjednoczonych.</p>
</div></div>



<div class="wp-block-columns alignfull is-layout-flex wp-container-core-columns-is-layout-9d6595d7 wp-block-columns-is-layout-flex">
<div class="wp-block-column is-layout-flow wp-block-column-is-layout-flow">
<p><strong>OPIS:<br></strong>&nbsp;&nbsp;&nbsp;Kasztanowiec drobnokwiatowy jest wyjątkowy pod wieloma względami:&nbsp;<br>-wyróżnia go pokrój. Inne kasztanowce to drzewa, ten jest niskim krzewem. Rośnie powoli, jeśli ma miejsce do swobodnego rozwoju to po dziesiątkach lat może mieć np. 2-3 metry wysokości i 8 metrów średnicy.&nbsp;<br>-bardzo obficie kwitnie w środku lata, zwykle w lipcu, podczas gdy wszystkie inne kasztanowce kwitną wiosną.&nbsp;<br>-kwiatki kasztanowca drobnokwiatowego, w ojczyźnie zapylane przez kolibry, tworzą nawet 40-centymetrowe wiechy. Takim imponującym kwiatostanem zwykle zakończona jest każda gałązka.&nbsp;<br>&nbsp;&nbsp;&nbsp;Zdecydowana większość kwiatków to kwiatki męskie z trzycentymetrowymi pręcikami, tylko z nielicznych kwiatków żeńskich mogą powstać owoce &#8211; u nas zwykle nie wyrośnięte, zdolne do kiełkowania bywają zaledwie raz na kilka lat.&nbsp;<br>&nbsp;&nbsp;&nbsp;Jesienią liście kasztanowca drobnokwiatowego pięknie przebarwiają się na żółto.&nbsp;</p>
</div>



<div class="wp-block-column is-layout-flow wp-block-column-is-layout-flow">
<div class="wp-block-image"><figure class="aligncenter size-large"><img loading="lazy" decoding="async" width="500" height="319" src="https://www.ogrodnick.pl/word/wp-content/uploads/2020/03/aesculus_parviflora_krzew-1.jpg" alt="" class="wp-image-574" srcset="https://www.ogrodnick.pl/word/wp-content/uploads/2020/03/aesculus_parviflora_krzew-1.jpg 500w, https://www.ogrodnick.pl/word/wp-content/uploads/2020/03/aesculus_parviflora_krzew-1-300x191.jpg 300w" sizes="auto, (max-width: 500px) 100vw, 500px" /></figure></div>
</div>
</div>



<div class="wp-block-columns alignfull is-layout-flex wp-container-core-columns-is-layout-9d6595d7 wp-block-columns-is-layout-flex">
<div class="wp-block-column is-layout-flow wp-block-column-is-layout-flow">
<p><strong>UPRAWA:</strong>&nbsp;<br>&nbsp;&nbsp;&nbsp; W naturze najczęściej rośnie w poszyciu wilgotnych lasów, uprawiany może być praktycznie wszędzie, nawet na glebach suchych i ubogich (wtedy rośnie baaardzo wolno).&nbsp;<br>&nbsp;&nbsp;&nbsp;Najobficiej kwitnie i ma najładniejszy, regularny pokrój na stanowiskach słonecznych. Nie zjada go szrotowek kasztanowcowiaczek ani inne szkodniki.&nbsp;</p>
</div>



<div class="wp-block-column is-layout-flow wp-block-column-is-layout-flow">
<div class="wp-block-image"><figure class="aligncenter size-large"><img loading="lazy" decoding="async" width="500" height="481" src="https://www.ogrodnick.pl/word/wp-content/uploads/2020/03/aesculus_parviflora_owoce-1.jpg" alt="" class="wp-image-577" srcset="https://www.ogrodnick.pl/word/wp-content/uploads/2020/03/aesculus_parviflora_owoce-1.jpg 500w, https://www.ogrodnick.pl/word/wp-content/uploads/2020/03/aesculus_parviflora_owoce-1-300x289.jpg 300w" sizes="auto, (max-width: 500px) 100vw, 500px" /></figure></div>
</div>
</div>



<div class="wp-block-image"><figure class="aligncenter size-large"><img loading="lazy" decoding="async" width="500" height="545" src="https://www.ogrodnick.pl/word/wp-content/uploads/2020/03/aesculus_parviflora_kwiatostan1-1.jpg" alt="" class="wp-image-575" srcset="https://www.ogrodnick.pl/word/wp-content/uploads/2020/03/aesculus_parviflora_kwiatostan1-1.jpg 500w, https://www.ogrodnick.pl/word/wp-content/uploads/2020/03/aesculus_parviflora_kwiatostan1-1-275x300.jpg 275w" sizes="auto, (max-width: 500px) 100vw, 500px" /></figure></div>

<p>Kasztanowiec drobnokwiatowy&nbsp;(Aesculus parviflora)&nbsp;pochodzi z południowo-wschodniej części Stanów Zjednoczonych. OPIS:&nbsp;&nbsp;&nbsp;Kasztanowiec drobnokwiatowy jest wyjątkowy pod wieloma względami:&nbsp;-wyróżnia go pokrój. Inne kasztanowce to drzewa, ten jest niskim krzewem. Rośnie powoli, jeśli ma miejsce do swobodnego rozwoju to po dziesiątkach lat może mieć np. 2-3 metry wysokości i 8 metrów średnicy.&nbsp;-bardzo obficie kwitnie w środku lata, zwykle w lipcu, [&hellip;]</p>
